{"id":29549,"date":"2024-02-08T16:35:42","date_gmt":"2024-02-08T21:35:42","guid":{"rendered":"https:\/\/www.somatechnology.com\/spanish\/?page_id=29549"},"modified":"2024-02-08T16:36:25","modified_gmt":"2024-02-08T21:36:25","slug":"equipos-medicos-para-quirofanos","status":"publish","type":"page","link":"https:\/\/www.somatechnology.com\/spanish\/equipos-medicos-para-quirofanos\/","title":{"rendered":"Soluciones de equipos m\u00e9dicos para quir\u00f3fanos"},"content":{"rendered":"<h1>Soluciones completas de equipamiento m\u00e9dico para quir\u00f3fanos<\/h1>\n<h3>Equipos populares para quir\u00f3fanos<\/h3>\n<div class=\"woocommerce columns-4\"><div class=\"clearfix\"><\/div>\n<ul class=\"global-product row wow1 custom-fadeInUp1 columns-4\">\n<li class=\"top-category mb-3 mb-md-5 product-category product first\">\n    <div class=\"cmn-category-card\">\n            <h5><a class=\"stretched-link d-block text-20\" href=\"https:\/\/www.somatechnology.com\/spanish\/equipos-medicos\/luces-de-cirugia-lamparas-quirurgicas\/\">L\u00e1mparas Quir\u00fargicas<\/a><\/h5>\n            <div class=\"category-img\">\n\t\t\t                <img decoding=\"async\" class=\"divImg\" style=\"background-image: url(&#039;https:\/\/www.somatechnology.com\/spanish\/wp-content\/uploads\/sites\/2\/2023\/12\/surgical-light.png&#039;);\" src=\"https:\/\/www.somatechnology.com\/spanish\/wp-content\/themes\/somatechnology\/assets\/images\/0.gif\" height=\"209\" width=\"294\" alt=\"L\u00e1mparas Quir\u00fargicas\" title=\"\">\n                \t<\/div>\n\t\n\n\t\n\t<\/a>    <\/div>\n<\/li>\n<li class=\"top-category mb-3 mb-md-5 product-category product\">\n    <div class=\"cmn-category-card\">\n            <h5><a class=\"stretched-link d-block text-20\" href=\"https:\/\/www.somatechnology.com\/spanish\/equipos-medicos\/mesas-de-cirugia\/\">Mesas Quir\u00fargicas<\/a><\/h5>\n            <div class=\"category-img\">\n\t\t\t                <img decoding=\"async\" class=\"divImg\" style=\"background-image: url(&#039;https:\/\/www.somatechnology.com\/spanish\/wp-content\/uploads\/sites\/2\/2023\/12\/surgical-table.png&#039;);\" src=\"https:\/\/www.somatechnology.com\/spanish\/wp-content\/themes\/somatechnology\/assets\/images\/0.gif\" height=\"209\" width=\"294\" alt=\"Mesas Quir\u00fargicas\" title=\"\">\n                \t<\/div>\n\t\n\n\t\n\t<\/a>    <\/div>\n<\/li>\n<\/ul>\n<\/div>\n<h3>M\u00e1s equipos para quir\u00f3fanos<\/h3>\n<div class=\"woocommerce columns-4\"><div class=\"clearfix\"><\/div>\n<ul class=\"global-product row wow1 custom-fadeInUp1 columns-4\">\n<li class=\"top-category mb-3 mb-md-5 product-category product first\">\n    <div class=\"cmn-category-card\">\n            <h5><a class=\"stretched-link d-block text-20\" href=\"https:\/\/www.somatechnology.com\/spanish\/equipos-medicos\/imagenologia-radiologia\/arcos-en-c\/\">Arcos en C<\/a><\/h5>\n            <div class=\"category-img\">\n\t\t\t                <img decoding=\"async\" class=\"divImg\" style=\"background-image: url(&#039;https:\/\/www.somatechnology.com\/spanish\/wp-content\/uploads\/sites\/2\/2023\/12\/arcos-en-c.jpg&#039;);\" src=\"https:\/\/www.somatechnology.com\/spanish\/wp-content\/themes\/somatechnology\/assets\/images\/0.gif\" height=\"209\" width=\"294\" alt=\"Arcos en C\" title=\"\">\n                \t<\/div>\n\t\n\n\t\n\t<\/a>    <\/div>\n<\/li>\n<li class=\"top-category mb-3 mb-md-5 product-category product\">\n    <div class=\"cmn-category-card\">\n            <h5><a class=\"stretched-link d-block text-20\" href=\"https:\/\/www.somatechnology.com\/spanish\/equipos-medicos\/bisturies-armonicos\/\">Bisturies Arm\u00f3nicos<\/a><\/h5>\n            <div class=\"category-img\">\n\t\t\t                <img decoding=\"async\" class=\"divImg\" style=\"background-image: url(&#039;https:\/\/www.somatechnology.com\/spanish\/wp-content\/uploads\/sites\/2\/2023\/12\/esu-generator_.png&#039;);\" src=\"https:\/\/www.somatechnology.com\/spanish\/wp-content\/themes\/somatechnology\/assets\/images\/0.gif\" height=\"209\" width=\"294\" alt=\"Bisturies Arm\u00f3nicos\" title=\"\">\n                \t<\/div>\n\t\n\n\t\n\t<\/a>    <\/div>\n<\/li>\n<li class=\"top-category mb-3 mb-md-5 product-category product\">\n    <div class=\"cmn-category-card\">\n            <h5><a class=\"stretched-link d-block text-20\" href=\"https:\/\/www.somatechnology.com\/spanish\/equipos-medicos\/unidades-electroquirurgicas-electrobisturis\/\">Electrobisturis<\/a><\/h5>\n            <div class=\"category-img\">\n\t\t\t                <img decoding=\"async\" class=\"divImg\" style=\"background-image: url(&#039;https:\/\/www.somatechnology.com\/spanish\/wp-content\/uploads\/sites\/2\/2023\/12\/ESU.png&#039;);\" src=\"https:\/\/www.somatechnology.com\/spanish\/wp-content\/themes\/somatechnology\/assets\/images\/0.gif\" height=\"209\" width=\"294\" alt=\"Electrobisturis\" title=\"\">\n                \t<\/div>\n\t\n\n\t\n\t<\/a>    <\/div>\n<\/li>\n<li class=\"top-category mb-3 mb-md-5 product-category product last\">\n    <div class=\"cmn-category-card\">\n            <h5><a class=\"stretched-link d-block text-20\" href=\"https:\/\/www.somatechnology.com\/spanish\/equipos-medicos\/inyectores-para-campo-magnetico\/\">Inyectores para Campo Magn\u00e9tico<\/a><\/h5>\n            <div class=\"category-img\">\n\t\t\t                <img decoding=\"async\" class=\"divImg\" style=\"background-image: url(&#039;https:\/\/www.somatechnology.com\/spanish\/wp-content\/uploads\/sites\/2\/2023\/12\/Medrad.png&#039;);\" src=\"https:\/\/www.somatechnology.com\/spanish\/wp-content\/themes\/somatechnology\/assets\/images\/0.gif\" height=\"209\" width=\"294\" alt=\"Inyectores para Campo Magn\u00e9tico\" title=\"\">\n                \t<\/div>\n\t\n\n\t\n\t<\/a>    <\/div>\n<\/li>\n<li class=\"top-category mb-3 mb-md-5 product-category product first\">\n    <div class=\"cmn-category-card\">\n            <h5><a class=\"stretched-link d-block text-20\" href=\"https:\/\/www.somatechnology.com\/spanish\/equipos-medicos\/luces-de-cirugia-lamparas-quirurgicas\/\">L\u00e1mparas Quir\u00fargicas<\/a><\/h5>\n            <div class=\"category-img\">\n\t\t\t                <img decoding=\"async\" class=\"divImg\" style=\"background-image: url(&#039;https:\/\/www.somatechnology.com\/spanish\/wp-content\/uploads\/sites\/2\/2023\/12\/surgical-light.png&#039;);\" src=\"https:\/\/www.somatechnology.com\/spanish\/wp-content\/themes\/somatechnology\/assets\/images\/0.gif\" height=\"209\" width=\"294\" alt=\"L\u00e1mparas Quir\u00fargicas\" title=\"\">\n                \t<\/div>\n\t\n\n\t\n\t<\/a>    <\/div>\n<\/li>\n<li class=\"top-category mb-3 mb-md-5 product-category product\">\n    <div class=\"cmn-category-card\">\n            <h5><a class=\"stretched-link d-block text-20\" href=\"https:\/\/www.somatechnology.com\/spanish\/equipos-medicos\/maquinas-de-anestesia\/\">M\u00e1quinas de Anestesia<\/a><\/h5>\n            <div class=\"category-img\">\n\t\t\t                <img decoding=\"async\" class=\"divImg\" style=\"background-image: url(&#039;https:\/\/www.somatechnology.com\/spanish\/wp-content\/uploads\/sites\/2\/2023\/12\/anesthesia-machine.png&#039;);\" src=\"https:\/\/www.somatechnology.com\/spanish\/wp-content\/themes\/somatechnology\/assets\/images\/0.gif\" height=\"209\" width=\"294\" alt=\"M\u00e1quinas de Anestesia\" title=\"\">\n                \t<\/div>\n\t\n\n\t\n\t<\/a>    <\/div>\n<\/li>\n<li class=\"top-category mb-3 mb-md-5 product-category product\">\n    <div class=\"cmn-category-card\">\n            <h5><a class=\"stretched-link d-block text-20\" href=\"https:\/\/www.somatechnology.com\/spanish\/equipos-medicos\/mesas-de-cirugia\/\">Mesas Quir\u00fargicas<\/a><\/h5>\n            <div class=\"category-img\">\n\t\t\t                <img decoding=\"async\" class=\"divImg\" style=\"background-image: url(&#039;https:\/\/www.somatechnology.com\/spanish\/wp-content\/uploads\/sites\/2\/2023\/12\/surgical-table.png&#039;);\" src=\"https:\/\/www.somatechnology.com\/spanish\/wp-content\/themes\/somatechnology\/assets\/images\/0.gif\" height=\"209\" width=\"294\" alt=\"Mesas Quir\u00fargicas\" title=\"\">\n                \t<\/div>\n\t\n\n\t\n\t<\/a>    <\/div>\n<\/li>\n<li class=\"top-category mb-3 mb-md-5 product-category product last\">\n    <div class=\"cmn-category-card\">\n            <h5><a class=\"stretched-link d-block text-20\" href=\"https:\/\/www.somatechnology.com\/spanish\/equipos-medicos\/microscopios-de-cirugia\/\">Microscopios de Cirug\u00eda<\/a><\/h5>\n            <div class=\"category-img\">\n\t\t\t                <img decoding=\"async\" class=\"divImg\" style=\"background-image: url(&#039;https:\/\/www.somatechnology.com\/spanish\/wp-content\/uploads\/sites\/2\/2023\/12\/surgical-microscope.png&#039;);\" src=\"https:\/\/www.somatechnology.com\/spanish\/wp-content\/themes\/somatechnology\/assets\/images\/0.gif\" height=\"209\" width=\"294\" alt=\"Microscopios de Cirug\u00eda\" title=\"\">\n                \t<\/div>\n\t\n\n\t\n\t<\/a>    <\/div>\n<\/li>\n<li class=\"top-category mb-3 mb-md-5 product-category product first\">\n    <div class=\"cmn-category-card\">\n            <h5><a class=\"stretched-link d-block text-20\" href=\"https:\/\/www.somatechnology.com\/spanish\/equipos-medicos\/imagenologia-radiologia\/mini-arcos-en-c\/\">Mini Arcos en C<\/a><\/h5>\n            <div class=\"category-img\">\n\t\t\t                <img decoding=\"async\" class=\"divImg\" style=\"background-image: url(&#039;https:\/\/www.somatechnology.com\/spanish\/wp-content\/uploads\/sites\/2\/2023\/12\/mini-C-arm.png&#039;);\" src=\"https:\/\/www.somatechnology.com\/spanish\/wp-content\/themes\/somatechnology\/assets\/images\/0.gif\" height=\"209\" width=\"294\" alt=\"Mini Arcos en C\" title=\"\">\n                \t<\/div>\n\t\n\n\t\n\t<\/a>    <\/div>\n<\/li>\n<li class=\"top-category mb-3 mb-md-5 product-category product\">\n    <div class=\"cmn-category-card\">\n            <h5><a class=\"stretched-link d-block text-20\" href=\"https:\/\/www.somatechnology.com\/spanish\/equipos-medicos\/monitores-de-signos-vitales\/monitores-multiparametros\/\">Monitores Multiparametros<\/a><\/h5>\n            <div class=\"category-img\">\n\t\t\t                <img decoding=\"async\" class=\"divImg\" style=\"background-image: url(&#039;https:\/\/www.somatechnology.com\/spanish\/wp-content\/uploads\/sites\/2\/2023\/12\/patient-monitor.png&#039;);\" src=\"https:\/\/www.somatechnology.com\/spanish\/wp-content\/themes\/somatechnology\/assets\/images\/0.gif\" height=\"209\" width=\"294\" alt=\"Monitores Multiparametros\" title=\"\">\n                \t<\/div>\n\t\n\n\t\n\t<\/a>    <\/div>\n<\/li>\n<li class=\"top-category mb-3 mb-md-5 product-category product\">\n    <div class=\"cmn-category-card\">\n            <h5><a class=\"stretched-link d-block text-20\" href=\"https:\/\/www.somatechnology.com\/spanish\/equipos-medicos\/neurocirugia\/\">Neurocirug\u00eda<\/a><\/h5>\n            <div class=\"category-img\">\n\t\t\t                <img decoding=\"async\" class=\"divImg\" style=\"background-image: url(&#039;https:\/\/www.somatechnology.com\/spanish\/wp-content\/uploads\/sites\/2\/2023\/12\/integra-CUSA-excel-plus.png&#039;);\" src=\"https:\/\/www.somatechnology.com\/spanish\/wp-content\/themes\/somatechnology\/assets\/images\/0.gif\" height=\"209\" width=\"294\" alt=\"Neurocirug\u00eda\" title=\"\">\n                \t<\/div>\n\t\n\n\t\n\t<\/a>    <\/div>\n<\/li>\n<li class=\"top-category mb-3 mb-md-5 product-category product last\">\n    <div class=\"cmn-category-card\">\n            <h5><a class=\"stretched-link d-block text-20\" href=\"https:\/\/www.somatechnology.com\/spanish\/equipos-medicos\/torniquetes\/\">Torniquetes<\/a><\/h5>\n            <div class=\"category-img\">\n\t\t\t                <img decoding=\"async\" class=\"divImg\" style=\"background-image: url(&#039;https:\/\/www.somatechnology.com\/spanish\/wp-content\/uploads\/sites\/2\/2023\/12\/tourniquets.png&#039;);\" src=\"https:\/\/www.somatechnology.com\/spanish\/wp-content\/themes\/somatechnology\/assets\/images\/0.gif\" height=\"209\" width=\"294\" alt=\"Torniquetes\" title=\"\">\n                \t<\/div>\n\t\n\n\t\n\t<\/a>    <\/div>\n<\/li>\n<li class=\"top-category mb-3 mb-md-5 product-category product first\">\n    <div class=\"cmn-category-card\">\n            <h5><a class=\"stretched-link d-block text-20\" href=\"https:\/\/www.somatechnology.com\/spanish\/equipos-medicos\/vaporizadores-de-anestesia\/\">Vaporizadores de Anestesia<\/a><\/h5>\n            <div class=\"category-img\">\n\t\t\t                <img decoding=\"async\" class=\"divImg\" style=\"background-image: url(&#039;https:\/\/www.somatechnology.com\/spanish\/wp-content\/uploads\/sites\/2\/2023\/12\/ge_datex-ohmeda-tec-7.png&#039;);\" src=\"https:\/\/www.somatechnology.com\/spanish\/wp-content\/themes\/somatechnology\/assets\/images\/0.gif\" height=\"209\" width=\"294\" alt=\"Vaporizadores de Anestesia\" title=\"\">\n                \t<\/div>\n\t\n\n\t\n\t<\/a>    <\/div>\n<\/li>\n<li class=\"top-category mb-3 mb-md-5 product-category product\">\n    <div class=\"cmn-category-card\">\n            <h5><a class=\"stretched-link d-block text-20\" href=\"https:\/\/www.somatechnology.com\/spanish\/equipos-medicos\/video-laringoscopios\/\">Video Laringoscopios<\/a><\/h5>\n            <div class=\"category-img\">\n\t\t\t                <img decoding=\"async\" class=\"divImg\" style=\"background-image: url(&#039;https:\/\/www.somatechnology.com\/spanish\/wp-content\/uploads\/sites\/2\/2023\/12\/Axia-HD-R-series-1.png&#039;);\" src=\"https:\/\/www.somatechnology.com\/spanish\/wp-content\/themes\/somatechnology\/assets\/images\/0.gif\" height=\"209\" width=\"294\" alt=\"Video Laringoscopios\" title=\"\">\n                \t<\/div>\n\t\n\n\t\n\t<\/a>    <\/div>\n<\/li>\n<\/ul>\n<\/div>\n","protected":false},"excerpt":{"rendered":"<p>Soluciones completas de equipamiento m\u00e9dico para quir\u00f3fanos Equipos populares para quir\u00f3fanos M\u00e1s equipos para quir\u00f3fanos<\/p>\n","protected":false},"author":4,"featured_media":0,"parent":0,"menu_order":0,"comment_status":"closed","ping_status":"closed","template":"templates\/product-and-product-category.php","meta":{"_acf_changed":false,"_relevanssi_hide_post":"","_relevanssi_hide_content":"","_relevanssi_pin_for_all":"","_relevanssi_pin_keywords":"","_relevanssi_unpin_keywords":"","_relevanssi_related_keywords":"","_relevanssi_related_include_ids":"","_relevanssi_related_exclude_ids":"","_relevanssi_related_no_append":"","_relevanssi_related_not_related":"","_relevanssi_related_posts":"","_relevanssi_noindex_reason":"","inline_featured_image":false,"footnotes":""},"class_list":["post-29549","page","type-page","status-publish","hentry"],"acf":[],"_links":{"self":[{"href":"https:\/\/www.somatechnology.com\/spanish\/wp-json\/wp\/v2\/pages\/29549","targetHints":{"allow":["GET"]}}],"collection":[{"href":"https:\/\/www.somatechnology.com\/spanish\/wp-json\/wp\/v2\/pages"}],"about":[{"href":"https:\/\/www.somatechnology.com\/spanish\/wp-json\/wp\/v2\/types\/page"}],"author":[{"embeddable":true,"href":"https:\/\/www.somatechnology.com\/spanish\/wp-json\/wp\/v2\/users\/4"}],"replies":[{"embeddable":true,"href":"https:\/\/www.somatechnology.com\/spanish\/wp-json\/wp\/v2\/comments?post=29549"}],"version-history":[{"count":0,"href":"https:\/\/www.somatechnology.com\/spanish\/wp-json\/wp\/v2\/pages\/29549\/revisions"}],"wp:attachment":[{"href":"https:\/\/www.somatechnology.com\/spanish\/wp-json\/wp\/v2\/media?parent=29549"}],"curies":[{"name":"wp","href":"https:\/\/api.w.org\/{rel}","templated":true}]}}