{"id":6366,"date":"2016-10-12T20:36:48","date_gmt":"2016-10-12T20:36:48","guid":{"rendered":"http:\/\/equipomedicocentral.com\/wordpress\/?page_id=6366"},"modified":"2025-06-16T14:39:54","modified_gmt":"2025-06-16T18:39:54","slug":"equipo-medico-usado-reacondicionado","status":"publish","type":"page","link":"https:\/\/www.somatechnology.com\/spanish\/equipo-medico-usado-reacondicionado\/","title":{"rendered":"\u00bfQui\u00e9n es Soma Tech?"},"content":{"rendered":"<div class=\"course-content\">\n<h2>Historia<\/h2>\n<p>Soma Tech Intl fue fundada en 1992 por dos j\u00f3venes empresarios biom\u00e9dicos que identificaron una necesidad del mercado de equipos m\u00e9dicos de alta calidad a precios asequibles y suministrados por una empresa local. Al principio, la empresa estaba ubicada en una peque\u00f1a oficina en Rocky Hill, CT, y daba servicio a las instalaciones de la zona central de Connecticut, empleando s\u00f3lo a un pu\u00f1ado de empleados dedicados.<\/p>\n<p>En tan s\u00f3lo 5 a\u00f1os, Soma Tech Intl hab\u00eda ampliado su alcance de mercado para servir a las instalaciones de toda el \u00e1rea de Nueva Inglaterra y desarroll\u00f3 suficientes relaciones con los clientes y el conocimiento de la marca, lo que dio lugar a su traslado a una nueva instalaci\u00f3n m\u00e1s grande en Cheshire, CT en 1996, donde pod\u00eda acomodar un mayor inventario y m\u00e1s miembros del equipo. Este traslado permiti\u00f3 a Soma Tech seguir ampliando su l\u00ednea de productos y, a finales de los a\u00f1os 90, Soma se hab\u00eda convertido en un proveedor mundial de equipos m\u00e9dicos nuevos y reacondicionados que establec\u00eda los est\u00e1ndares de la industria. Con el fin de acomodar su \u00e9xito rotundo, el aumento de la demanda y un equipo cada vez mayor, Soma Tech Intl traslad\u00f3 su sede a unas instalaciones totalmente nuevas y de vanguardia en Bloomfield, CT, en 2008, donde alberga el mayor inventario de equipos m\u00e9dicos de la industria.<\/p>\n<p>[threecol_one]<\/p>\n<p><strong>Nuestra Misi\u00f3n y Objetivos<\/strong><\/p>\n<p>La misi\u00f3n principal de Soma es proporcionar equipos m\u00e9dicos nuevos y renovados de alta calidad a centros sanitarios de todo el mundo a precios asequibles.<\/p>\n<p>&nbsp;<\/p>\n<p><strong>Nuestros objetivos:<\/strong><\/p>\n<p><strong>Facilitar la Adquisici\u00f3n de Equipos M\u00e9dicos<\/strong> manteniendo uno de los mayores inventarios de equipos m\u00e9dicos y proporcionando soluciones llave en mano para nuestros clientes. En otras palabras, Soma Tech Intl proporciona una plataforma de ventanilla \u00fanica donde nuestros clientes pueden comparar y contrastar entre los principales modelos y fabricantes. Y como somos capaces de equipar instalaciones sanitarias enteras, nuestros clientes ya no tienen que comprar a m\u00faltiples fuentes, lo que les permite ahorrar tiempo y dinero.<\/p>\n<p><strong>Mejorar la Calidad<\/strong> asegurando que todos nuestros equipos reacondicionados cumplen y superan las expectativas de los clientes. Para ello, nos aseguramos de contratar \u00fanicamente a los ingenieros biom\u00e9dicos m\u00e1s cualificados y de aplicar el proceso de reacondicionamiento m\u00e1s completo a todos y cada uno de los equipos.<\/p>\n<p><strong>Reducir los Costes<\/strong> ofreciendo hasta un 60% de ahorro en el coste de los equipos m\u00e9dicos<\/p>\n<p>[\/threecol_one] [threecol_one]<\/p>\n<p><strong>Por Qu\u00e9 Soma<\/strong><\/p>\n<p>Dado que los equipos m\u00e9dicos desempe\u00f1an un papel importante en el \u00e9xito de un centro sanitario, es importante evaluar cuidadosamente a los proveedores. Aunque hay varios proveedores en el sector, s\u00f3lo Soma puede ofrecerle<\/p>\n<p><strong>Experiencia y Fiabilidad:<\/strong> Con m\u00e1s de 25 a\u00f1os de experiencia, Soma Tech es el l\u00edder en la industria de equipos m\u00e9dicos reacondicionados y nuestros clientes pueden contar con nosotros para proporcionar una soluci\u00f3n completa de productos \u00abllave en mano\u00bb que est\u00e1 garantizada para satisfacer sus necesidades mientras se mantiene en el presupuesto.<\/p>\n<p><strong>Amplio Inventario y Productos de Calidad:<\/strong> Soma Tech Intl proporciona a sus clientes una plataforma de ventanilla \u00fanica al almacenar con orgullo la mayor cantidad y variedad de equipos m\u00e9dicos de la industria, lo que permite a nuestros clientes comparar entre los principales modelos y fabricantes.<\/p>\n<p><strong>Departamento de Ingenier\u00eda Biom\u00e9dica Propio:<\/strong> Soma Tech Intl cuenta con el mayor equipo de ingenieros biom\u00e9dicos de la industria, y todos ellos est\u00e1n altamente capacitados para reacondicionar cada equipo de acuerdo con las especificaciones del fabricante original.<\/p>\n<p><strong>Servicio de Atenci\u00f3n al Cliente:<\/strong> Soma proporciona a sus clientes una plataforma de ventanilla \u00fanica al tener en stock la mayor cantidad y variedad de equipos m\u00e9dicos del sector, lo que permite a nuestros clientes comparar entre los principales modelos y fabricantes.<\/p>\n<p><strong>Piezas:<\/strong> S\u00f3lo Soma Tech Intl puede garantizar hasta 5 a\u00f1os de disponibilidad de piezas para todos los productos que vendemos. Le animamos a que visite nuestra p\u00e1gina web de piezas en www.somamedicalparts.com<\/p>\n<p><strong>Garant\u00eda:<\/strong> Todos nuestros productos van acompa\u00f1ados de una garant\u00eda est\u00e1ndar del sector y contamos con un seguro de responsabilidad civil a todo riesgo que garantiza la tranquilidad de nuestros clientes.<\/p>\n<p>[\/threecol_one] [threecol_one_last]<\/p>\n<p><strong>El Proceso de Reacondicionamiento<\/strong><\/p>\n<p>Nuestra amplia biblioteca de manuales de servicio, el gran inventario de piezas y los ingenieros biom\u00e9dicos internos altamente capacitados han permitido a Soma Tech Intl establecer el est\u00e1ndar para el reacondicionamiento t\u00e9cnico de equipos m\u00e9dicos<\/p>\n<p><strong>Reacondicionamiento T\u00e9cnico<\/strong><\/p>\n<p>Nuestra amplia biblioteca de manuales de servicio y el gran inventario de piezas permiten a nuestros biom\u00e9dicos reacondicionar cada pieza del equipo de acuerdo con las especificaciones del fabricante original. En primer lugar, se realiza una descontaminaci\u00f3n y limpieza. Se realiza una comprobaci\u00f3n inicial del estado f\u00edsico y, una vez aprobada la unidad, se pasa a la fase de reacondicionamiento t\u00e9cnico. Se sustituyen las bater\u00edas para poder comenzar las pruebas. Todos nuestros biomedios est\u00e1n equipados con los \u00faltimos equipos de prueba y todos los par\u00e1metros y condiciones del equipo se verifican funcionalmente de acuerdo con las especificaciones del fabricante. En esta etapa, todas y cada una de las piezas o componentes que no funcionan correctamente se sustituyen y reparan de acuerdo con las directrices establecidas por el fabricante.<\/p>\n<p>Una vez sustituidas las piezas y componentes que no funcionan correctamente, la unidad se vuelve a montar y est\u00e1 lista para someterse a m\u00e1s pruebas y a la calibraci\u00f3n. En este momento, se introducen todos los accesorios, perif\u00e9ricos y m\u00f3dulos que se utilizan habitualmente con el equipo para poder verificar su funcionamiento y eficacia general.<\/p>\n<p><strong>Reacondicionamiento Cosm\u00e9tico<\/strong><\/p>\n<p>El siguiente paso para garantizar la m\u00e1xima calidad de nuestros productos es nuestro proceso de reacondicionamiento cosm\u00e9tico completo. En este punto, cada pieza del equipo se inspecciona para detectar cualquier desgaste. Las unidades se lijan, se imprimen y se pintan seg\u00fan sea necesario. En este proceso utilizamos productos de la m\u00e1s alta calidad y todos los equipos se pintan en nuestra nueva cabina de pintura AFC por personal formado en la f\u00e1brica. El resultado de este exhaustivo proceso es un equipo completamente funcional y libre de cualquier defecto.<\/p>\n<p>Por \u00faltimo, cada unidad se somete a rigurosas comprobaciones de garant\u00eda de calidad y, s\u00f3lo despu\u00e9s de haber sido certificada satisfactoriamente, pasa al embalaje y al env\u00edo.<\/p>\n<p>[\/threecol_one_last]<\/p>\n<\/div>\n","protected":false},"excerpt":{"rendered":"<p>Historia Soma Tech Intl fue fundada en 1992 por dos j\u00f3venes empresarios biom\u00e9dicos que identificaron una necesidad del mercado de equipos m\u00e9dicos de alta&#8230;<\/p>\n","protected":false},"author":4,"featured_media":0,"parent":0,"menu_order":0,"comment_status":"closed","ping_status":"closed","template":"templates\/about.php","meta":{"_acf_changed":false,"_relevanssi_hide_post":"","_relevanssi_hide_content":"","_relevanssi_pin_for_all":"","_relevanssi_pin_keywords":"","_relevanssi_unpin_keywords":"","_relevanssi_related_keywords":"","_relevanssi_related_include_ids":"","_relevanssi_related_exclude_ids":"","_relevanssi_related_no_append":"","_relevanssi_related_not_related":"","_relevanssi_related_posts":"","_relevanssi_noindex_reason":"","inline_featured_image":false,"footnotes":""},"class_list":["post-6366","page","type-page","status-publish","hentry"],"acf":[],"_links":{"self":[{"href":"https:\/\/www.somatechnology.com\/spanish\/wp-json\/wp\/v2\/pages\/6366","targetHints":{"allow":["GET"]}}],"collection":[{"href":"https:\/\/www.somatechnology.com\/spanish\/wp-json\/wp\/v2\/pages"}],"about":[{"href":"https:\/\/www.somatechnology.com\/spanish\/wp-json\/wp\/v2\/types\/page"}],"author":[{"embeddable":true,"href":"https:\/\/www.somatechnology.com\/spanish\/wp-json\/wp\/v2\/users\/4"}],"replies":[{"embeddable":true,"href":"https:\/\/www.somatechnology.com\/spanish\/wp-json\/wp\/v2\/comments?post=6366"}],"version-history":[{"count":0,"href":"https:\/\/www.somatechnology.com\/spanish\/wp-json\/wp\/v2\/pages\/6366\/revisions"}],"wp:attachment":[{"href":"https:\/\/www.somatechnology.com\/spanish\/wp-json\/wp\/v2\/media?parent=6366"}],"curies":[{"name":"wp","href":"https:\/\/api.w.org\/{rel}","templated":true}]}}