{"id":10091,"date":"2018-04-11T12:33:03","date_gmt":"2018-04-11T12:33:03","guid":{"rendered":"https:\/\/www.somatechnology.com\/spanish\/?post_type=product&#038;p=10091"},"modified":"2023-08-23T06:27:13","modified_gmt":"2023-08-23T10:27:13","slug":"olympus-cf-100s","status":"publish","type":"product","link":"https:\/\/www.somatechnology.com\/spanish\/equipo-medico-usado-remanufacturado\/sistema-de-video-endoscopia\/endoscopios-flexibles\/olympus-cf-100s\/","title":{"rendered":"Olympus CF-100S"},"content":{"rendered":"<h2>Caracter\u00edsticas del\u00a0Olympus CF-100S<\/h2>\n<p>Los <strong>CF-100s de Olympus<\/strong> se han dise\u00f1ado para el diagn\u00f3stico y el tratamiento endosc\u00f3picos dentro del tracto digestivo m\u00e1s bajo (recto y sigmoideo). El tipo 100S Sigmoidoscope de los CF es un instrumento de la precisi\u00f3n. Su dise\u00f1o incorpora muchas caracter\u00edsticas para garantizar la seguridad del paciente. Particularmente, el sistema de la forma angular se construye para proporcionar respuesta lisa y la forma angular m\u00e1xima del extremo distal.<\/p>\n<ul>\n<li>Un tubo de inserci\u00f3n relativamente delgado, una amplia capacidad angular y un sistema de lentes de gran angular facilitan la inserci\u00f3n, orientaci\u00f3n y observaci\u00f3n en el est\u00f3mago.<\/li>\n<li>Canal de trabajo de 3,2 mm para una m\u00e1xima versatilidad y rendimiento.<\/li>\n<li>Los interruptores remotos de pulsador en la secci\u00f3n de control dan al m\u00e9dico o al t\u00e9cnico el control de la punta del equipo de documentaci\u00f3n.<\/li>\n<li>Inmersi\u00f3n completa que permite la limpieza y desinfecci\u00f3n totales siempre que el enchufe el\u00e9ctrico est\u00e9 conectado a una tapa resistente al agua.<\/li>\n<\/ul>\n<h2>Especificaciones del\u00a0Olympus CF-100S<\/h2>\n<h3>Sistema \u00f3ptico<\/h3>\n<ul>\n<li>Campo visual: 140 \u00b0<\/li>\n<li>Direcci\u00f3n de la visi\u00f3n: 0 \u00b0 (visi\u00f3n delantera)<\/li>\n<li>Profundidad del campo: 5-100m m<\/li>\n<\/ul>\n<h3>Extremo distal<\/h3>\n<ul>\n<li>Di\u00e1metro externo: 15.4 mm<\/li>\n<\/ul>\n<h3>Secci\u00f3n de plegado<\/h3>\n<ul>\n<li>Una gama de flexi\u00f3n distal del extremo \u2022 encima de: 180 \u00b0<\/li>\n<li>Abajo: 180 \u00b0<\/li>\n<li>Derecha: 160 \u00b0<\/li>\n<li>Izquierda: 160 \u00b0<\/li>\n<li>Desviaci\u00f3n m\u00e1xima: 230\u00b0<\/li>\n<\/ul>\n<h3>Tubo de inserci\u00f3n<\/h3>\n<ul>\n<li>Di\u00e1metro exterior: 13.3mm<\/li>\n<\/ul>\n<h3>Longitud<\/h3>\n<ul>\n<li>Longitud de trabajo: 620m<\/li>\n<li>Longitud total: 920mm<\/li>\n<\/ul>\n<h3>Canal de instrumentos<\/h3>\n<ul>\n<li>Di\u00e1metro interno: 3.2mm<\/li>\n<\/ul>\n<h3>F\u00f3rceps para biopsia<\/h3>\n<ul>\n<li>Distancia visible m\u00ednima: 4m m del extremo distal<\/li>\n<\/ul>\n<h3>Interruptor alejado<\/h3>\n<ul>\n<li>Switch 1: liberaci\u00f3n\/congelaci\u00f3n<\/li>\n<li>Switch 2: Iris\/Print<\/li>\n<li>Interruptor 3: cierre r\u00e1pido\/VTR<\/li>\n<li>Switch 4: soltar\/congelar<\/li>\n<\/ul>\n<h3>Entorno operativo<\/h3>\n<ul>\n<li>Temperatura ambiente: 10-40 \u2103 (50-104 \u00b0 f)<\/li>\n<li>Higrometr\u00eda: 30-85%<\/li>\n<li>Presi\u00f3n atmosf\u00e9rica: 700-1060 mbars<\/li>\n<\/ul>\n","protected":false},"excerpt":{"rendered":"<p>Sistema de Video Endoscopia<\/p>\n","protected":false},"featured_media":10097,"template":"","meta":{"_acf_changed":false,"_relevanssi_hide_post":"","_relevanssi_hide_content":"","_relevanssi_pin_for_all":"","_relevanssi_pin_keywords":"","_relevanssi_unpin_keywords":"","_relevanssi_related_keywords":"","_relevanssi_related_include_ids":"","_relevanssi_related_exclude_ids":"","_relevanssi_related_no_append":"","_relevanssi_related_not_related":"","_relevanssi_related_posts":"","_relevanssi_noindex_reason":"","inline_featured_image":false},"pwb-brand":[1080],"product_brand":[],"product_cat":[7015,84],"product_tag":[2782,3560,138,2724,2781,3266,3557,3559,3558],"class_list":{"0":"post-10091","1":"product","2":"type-product","3":"status-publish","4":"has-post-thumbnail","6":"pwb-brand-equipo-medico-olympus","7":"product_cat-endoscopios-flexibles","8":"product_cat-sistema-de-video-endoscopia","9":"product_tag-cf-100s","10":"product_tag-endoscopia","11":"product_tag-olympus","12":"product_tag-olympus-cf","13":"product_tag-olympus-cf-100s","14":"product_tag-sistema","15":"product_tag-sistema-de-video-endoscopia","16":"product_tag-video","17":"product_tag-video-endoscopia","19":"first","20":"instock","21":"shipping-taxable","22":"purchasable","23":"product-type-simple"},"acf":[],"brands":[{"id":1080,"name":"Olympus","slug":"equipo-medico-olympus"}],"_links":{"self":[{"href":"https:\/\/www.somatechnology.com\/spanish\/wp-json\/wp\/v2\/product\/10091","targetHints":{"allow":["GET"]}}],"collection":[{"href":"https:\/\/www.somatechnology.com\/spanish\/wp-json\/wp\/v2\/product"}],"about":[{"href":"https:\/\/www.somatechnology.com\/spanish\/wp-json\/wp\/v2\/types\/product"}],"wp:featuredmedia":[{"embeddable":true,"href":"https:\/\/www.somatechnology.com\/spanish\/wp-json\/wp\/v2\/media\/10097"}],"wp:attachment":[{"href":"https:\/\/www.somatechnology.com\/spanish\/wp-json\/wp\/v2\/media?parent=10091"}],"wp:term":[{"taxonomy":"pwb-brand","embeddable":true,"href":"https:\/\/www.somatechnology.com\/spanish\/wp-json\/wp\/v2\/pwb-brand?post=10091"},{"taxonomy":"product_brand","embeddable":true,"href":"https:\/\/www.somatechnology.com\/spanish\/wp-json\/wp\/v2\/product_brand?post=10091"},{"taxonomy":"product_cat","embeddable":true,"href":"https:\/\/www.somatechnology.com\/spanish\/wp-json\/wp\/v2\/product_cat?post=10091"},{"taxonomy":"product_tag","embeddable":true,"href":"https:\/\/www.somatechnology.com\/spanish\/wp-json\/wp\/v2\/product_tag?post=10091"}],"curies":[{"name":"wp","href":"https:\/\/api.w.org\/{rel}","templated":true}]}}