{"id":10124,"date":"2018-04-11T14:56:45","date_gmt":"2018-04-11T14:56:45","guid":{"rendered":"https:\/\/www.somatechnology.com\/spanish\/?post_type=product&#038;p=10124"},"modified":"2023-08-23T06:27:25","modified_gmt":"2023-08-23T10:27:25","slug":"philips-avalon-fm50-m2705a","status":"publish","type":"product","link":"https:\/\/www.somatechnology.com\/spanish\/equipo-medico-usado-remanufacturado\/ucii-nicu-unidades-neonatales-cuidado-intensivo\/monitores-fetales\/philips-avalon-fm50-m2705a\/","title":{"rendered":"Philips Avalon FM50 M2705a"},"content":{"rendered":"<h2>Philips Avalon FM50 M2705a<\/h2>\n<p>Los monitores fetales\/maternales <strong>Philips Avalon FM50<\/strong> ofrecen una soluci\u00f3n para las aplicaciones de monitoreo fetal externa e interna y para los signos vitales maternales no invasivos. El Avalon FM50 puede supervisar las tasas card\u00edacas fetales (FHRs) externamente usando ultrasonido, actividad uterina usando un transductor de toco. El ritmo card\u00edaco maternal (MHR) se mide usando los electrodos de ECG. Este monitor fetal de Philips puede tambi\u00e9n medir la presi\u00f3n arterial no invasor (NIBP) y la saturaci\u00f3n maternal del ox\u00edgeno (SpO2). Adem\u00e1s, el monitor fetal de FM50 puede supervisar un FHR internamente v\u00eda el electrocardiograma fetal directo (DECG), y la actividad uterina internamente usando un cat\u00e9ter intra-uterino de la presi\u00f3n (IUP). Este monitor fetal es capaz de la supervisi\u00f3n intraparto.<\/p>\n<p>Las mediciones se muestran en una pantalla de color de 6,5 pulgadas como n\u00fameros num\u00e9ricos. Usted puede utilizar el FM50 usando la interfaz de la pantalla t\u00e1ctil. Las mediciones se registran y se pueden imprimir a trav\u00e9s de la grabadora a bordo.<\/p>\n<p>Este monitor fetal es compatible con el sistema de transductores fetales inal\u00e1mbricos Avalon CTS. S\u00f3lo se puede conectar a la vez un sistema de transductores fetales inal\u00e1mbricos CTS. El usuario tiene la opci\u00f3n de utilizar transductores fetales al\u00e1mbricos o inal\u00e1mbricos. En esta unidad no se admite el uso de cables e inal\u00e1mbricos juntos. Los transductores inal\u00e1mbricos tienen prioridad sobre los transductores al\u00e1mbricos. Cuando se conecta una estaci\u00f3n base Avalon CTS a trav\u00e9s del cable de interfaz adecuado, y hay transductores conectados, los transductores al\u00e1mbricos est\u00e1n desactivados.<\/p>\n<ul>\n<li>Detecci\u00f3n autom\u00e1tica de coincidencia con Smart pulse.<\/li>\n<li>La pantalla t\u00e1ctil externa opcional permite instalaciones muy flexibles y ergon\u00f3micas.<\/li>\n<li>Los monitores de la serie Avalon FM pueden monitorizar trillizos en un solo monitor.<\/li>\n<li>Pantalla t\u00e1ctil n\u00edtida y clara de color intuitivo con grandes n\u00fameros y gr\u00e1ficos.<\/li>\n<li>Opci\u00f3n de la exhibici\u00f3n alejada, incluyendo capacidad de la pantalla t\u00e1ctil, para la conveniencia y la seguridad agregadas<\/li>\n<li>Memoria de respaldo para un monitoreo sin fisuras.<\/li>\n<li>Interfaz de LAN para la compatibilidad con las redes de ti hospitalarias y el acceso a capacidades adicionales del sistema.<\/li>\n<li>Los transductores inteligentes con reconocimiento autom\u00e1tico simplifican la operaci\u00f3n.<\/li>\n<li>Plug y Play del transductor con la disposici\u00f3n autom\u00e1tica de la pantalla para centrarse en el paciente, no el sistema.<\/li>\n<li>Buffer de datos con manejo de m\u00faltiples pacientes para impresi\u00f3n aleatoria.<\/li>\n<li>Verificaci\u00f3n transversal de las tasas card\u00edacas maternas y fetales.<\/li>\n<\/ul>\n<h3>Dimensiones<\/h3>\n<ul>\n<li>Altura: 6,8 \u2033 (17,2 cm) \u00b1 5%<\/li>\n<li>Anchura: 16,5 \u2033 (42 cm) el \u00b1 5%<\/li>\n<li>Profundidad: 14,6 \u2033 (37 cm) \u00b1 5%<\/li>\n<li>Peso: 19,8 lbs (9 kg)<\/li>\n<\/ul>\n<h3>Consumo de energ\u00eda<\/h3>\n<ul>\n<li>Voltajes de fuente: 100 VAC a 240 VAC \u00b1 10%<\/li>\n<li>Gama de frecuencia de la fuente: 50 Hz\/50 hertzio<\/li>\n<li>Consumo de energ\u00eda (corriente): 1.3-0.7 A<\/li>\n<\/ul>\n<h3>Grado de protecci\u00f3n contra descargas el\u00e9ctricas<\/h3>\n<ul>\n<li>Tipo CF<\/li>\n<\/ul>\n<h3>Clase el\u00e9ctrica<\/h3>\n<ul>\n<li>Equipo de clase I<\/li>\n<\/ul>\n<h3>Modo de operaci\u00f3n<\/h3>\n<ul>\n<li>Funcionamiento continuo<\/li>\n<\/ul>\n<h3>Tiempo de inicio<\/h3>\n<ul>\n<li>Funcionamiento continuo<\/li>\n<\/ul>\n<h3>Gama de temperaturas<\/h3>\n<ul>\n<li><em>Operativo<\/em>\n<ul>\n<li><em>\u00a032 \u00b0 f a 113 \u00b0 f (0 \u00b0 c a 45 \u00b0 c)<\/em><\/li>\n<\/ul>\n<\/li>\n<li><em>Almacenamiento<\/em>\n<ul>\n<li><em>-4 \u00b0 f a 140 \u00b0 f (-20 \u00b0 c a 60 \u00b0 c)<\/em><\/li>\n<\/ul>\n<\/li>\n<\/ul>\n<h3>Rango de humedad<\/h3>\n<ul>\n<li><em>Operativo<\/em>\n<ul>\n<li><em>\u00a0&lt; 95% higrometr\u00eda @ 40 \u00b0 c\/104 \u00b0 f<\/em><\/li>\n<\/ul>\n<\/li>\n<li><em>Almacenamiento<\/em>\n<ul>\n<li><em>\u00a0&lt; 90% humedad relativa @ 60 \u00b0 c\/140 \u00b0 f<\/em><\/li>\n<\/ul>\n<\/li>\n<\/ul>\n<h3>Rango de altitud<\/h3>\n<ul>\n<li><em>Operativo<\/em>\n<ul>\n<li><em>-500 a 3000 m\/-1640 a 9840 ft<\/em><\/li>\n<\/ul>\n<\/li>\n<li><em>Almacenamiento<\/em><\/li>\n<\/ul>\n<ul>\n<li><em>-500 a 13100 m\/-1640 a 43000 ft<\/em>.<\/li>\n<\/ul>\n<h3>Ultrasonido<\/h3>\n<ul>\n<li>M\u00e9todo de la medida: ultrasonido puls\u00f3 Doppler<\/li>\n<li>Gama de la medida (los e.e.u.u.): 50 a 240 BPM<\/li>\n<li>Resoluci\u00f3n \u2022 display: 1 BPM<\/li>\n<li>Impresora: 1\/4 BPM<\/li>\n<li>Jitter @ 200 BPM: \u2264 2 BPM<\/li>\n<li>Pantalla de actualizaci\u00f3n de rabia: 1\/segundo<\/li>\n<li>Intensidad de los e.e.u.u. \u2022 energ\u00eda de salida media: P = (4,3 \u00b1 0,4) MW<\/li>\n<li>Presi\u00f3n ac\u00fastica pico-negativa: p = (33,9 \u00b1 3,6) kPa<\/li>\n<li>Intensidad del haz de salida (IOB) (= promedio espacial \u2013 intensidad media temporal): Isata = (2,38 \u00b1 0,75) mW\/cm2<\/li>\n<li>Intensidad media temporal espacial-m\u00e1xima: Ispta = (10,3 \u00b1 2,2) mW\/cm2<\/li>\n<li>\u00c1rea eficaz de la radiaci\u00f3n @-6 dB: 1,81 cm2<\/li>\n<li>Indicaci\u00f3n de la calidad de la se\u00f1al \u2022 pobre: vac\u00edo<\/li>\n<li>Aceptable: dos tercios llenos<\/li>\n<li>Bueno: lleno<\/li>\n<li>Beat para batir cambio (m\u00e1x.) para ultrasonido: 28 BPM<\/li>\n<li>Frecuencia de los e.e.u.u.: 1 megaciclo \u00b1 100 hertzio<\/li>\n<li>Gama de la se\u00f1al de los e.e.u.u.: 3,5 \u03bcVpp a 350 \u03bcVpp @ 200 hertzio<\/li>\n<li>R\u00e1faga de los e.e.u.u. \u2022 tarifa de la repetici\u00f3n: 3,0 kilociclos<\/li>\n<li>Duraci\u00f3n: \u2264 100 \u03bcs<\/li>\n<li>Frecuencia banda @-3dB del LF de los e.e.u.u.: 100 a 500 hertzios \u00b1 20%<\/li>\n<li>Gama de la se\u00f1al de FMP @ 33 hertzio: 200 \u03bcVpp a 40 mVpp<\/li>\n<li>Frecuencia FMP banda @-3dB: 10 a 100 Hz<\/li>\n<\/ul>\n<h3>Toco<\/h3>\n<ul>\n<li>M\u00e9todo de la medida: elemento del sensor del indicador de tensi\u00f3n<\/li>\n<li>Sensibilidad: 1 unidad = 2,5 g<\/li>\n<li>Resoluci\u00f3n \u2022 display: 1 unidad<\/li>\n<li>Impresora: 1\/4 unidad<\/li>\n<li>Gama de la medida: 400 unidades<\/li>\n<li>Rango de se\u00f1al: 0 a 127 unidades<\/li>\n<li>Gama m\u00e1xima de la compensaci\u00f3n:-300 unidades<\/li>\n<li>Ajuste de l\u00ednea de base: 20 unidades<\/li>\n<li>Tarifa de la actualizaci\u00f3n \u2022 exhibici\u00f3n: 1\/Second<\/li>\n<li>Impresora: ~ 4\/seconds<\/li>\n<li>Correcci\u00f3n de desv\u00edo autom\u00e1tico: 3 segundos despu\u00e9s de conectar el transductor, el valor de toco se ajusta a 20 unidades.<\/li>\n<li>Auto cero ajuste: el valor de toco est\u00e1 ajustado a cero despu\u00e9s de un valor de medici\u00f3n negativo durante 5 segundos.<\/li>\n<\/ul>\n<h3>IUP<\/h3>\n<ul>\n<li>M\u00e9todo de la medida: elementos resistivos pasivos del calibrador<\/li>\n<li>Gama de la medida:-100 a + 300 mmHg<\/li>\n<li>Gama de la se\u00f1al:-99 a 127 mmHg<\/li>\n<li>Resoluci\u00f3n \u2022 display: 1 mmHg<\/li>\n<li>Impresora: 1\/4 mmHg<\/li>\n<li>Sensibilidad: 5 \u03bcV\/V\/mmHg<\/li>\n<li>Compensaci\u00f3n offset: + 100 a-200 mmHg<\/li>\n<li>Ajuste de la l\u00ednea de fondo: 0 mmHg<\/li>\n<li>Exactitud (no incluyendo exactitud del sensor): \u00b1 0,5% por 100 mmHg<\/li>\n<li>Tarifa de la actualizaci\u00f3n \u2022 exhibici\u00f3n: 1\/Second<\/li>\n<li>Impresora: ~ 4\/seconds<\/li>\n<li>Correcci\u00f3n de desv\u00edo autom\u00e1tico: 3 segundos despu\u00e9s de conectar el transductor, el valor IUP se ajusta a 0 mmHg<\/li>\n<\/ul>\n","protected":false},"excerpt":{"rendered":"<p style=\"text-align: left;\">Monitores Fetales<\/p>\n","protected":false},"featured_media":11033,"template":"","meta":{"_acf_changed":false,"_relevanssi_hide_post":"","_relevanssi_hide_content":"","_relevanssi_pin_for_all":"","_relevanssi_pin_keywords":"","_relevanssi_unpin_keywords":"","_relevanssi_related_keywords":"","_relevanssi_related_include_ids":"","_relevanssi_related_exclude_ids":"","_relevanssi_related_no_append":"","_relevanssi_related_not_related":"","_relevanssi_related_posts":"","_relevanssi_noindex_reason":"","inline_featured_image":false},"pwb-brand":[1102],"product_brand":[],"product_cat":[3649],"product_tag":[2822,2821,3542,3576,3532,273,2820,2819,2823],"class_list":{"0":"post-10124","1":"product","2":"type-product","3":"status-publish","4":"has-post-thumbnail","6":"pwb-brand-equipo-medico-philips","7":"product_cat-monitores-fetales","8":"product_tag-avalon","9":"product_tag-avalon-fm50","10":"product_tag-fetales","11":"product_tag-fm50","12":"product_tag-monitores-fetales","13":"product_tag-philips","14":"product_tag-philips-avalon","15":"product_tag-philips-avalon-fm50","16":"product_tag-philips-fm50","18":"first","19":"instock","20":"shipping-taxable","21":"purchasable","22":"product-type-simple"},"acf":[],"brands":[{"id":1102,"name":"Philips","slug":"equipo-medico-philips"}],"_links":{"self":[{"href":"https:\/\/www.somatechnology.com\/spanish\/wp-json\/wp\/v2\/product\/10124","targetHints":{"allow":["GET"]}}],"collection":[{"href":"https:\/\/www.somatechnology.com\/spanish\/wp-json\/wp\/v2\/product"}],"about":[{"href":"https:\/\/www.somatechnology.com\/spanish\/wp-json\/wp\/v2\/types\/product"}],"wp:featuredmedia":[{"embeddable":true,"href":"https:\/\/www.somatechnology.com\/spanish\/wp-json\/wp\/v2\/media\/11033"}],"wp:attachment":[{"href":"https:\/\/www.somatechnology.com\/spanish\/wp-json\/wp\/v2\/media?parent=10124"}],"wp:term":[{"taxonomy":"pwb-brand","embeddable":true,"href":"https:\/\/www.somatechnology.com\/spanish\/wp-json\/wp\/v2\/pwb-brand?post=10124"},{"taxonomy":"product_brand","embeddable":true,"href":"https:\/\/www.somatechnology.com\/spanish\/wp-json\/wp\/v2\/product_brand?post=10124"},{"taxonomy":"product_cat","embeddable":true,"href":"https:\/\/www.somatechnology.com\/spanish\/wp-json\/wp\/v2\/product_cat?post=10124"},{"taxonomy":"product_tag","embeddable":true,"href":"https:\/\/www.somatechnology.com\/spanish\/wp-json\/wp\/v2\/product_tag?post=10124"}],"curies":[{"name":"wp","href":"https:\/\/api.w.org\/{rel}","templated":true}]}}