{"id":10141,"date":"2018-04-11T16:02:12","date_gmt":"2018-04-11T16:02:12","guid":{"rendered":"https:\/\/www.somatechnology.com\/spanish\/?post_type=product&#038;p=10141"},"modified":"2023-08-23T06:27:26","modified_gmt":"2023-08-23T10:27:26","slug":"ge-corometrics-120","status":"publish","type":"product","link":"https:\/\/www.somatechnology.com\/spanish\/equipo-medico-usado-remanufacturado\/ucii-nicu-unidades-neonatales-cuidado-intensivo\/monitores-fetales\/ge-corometrics-120\/","title":{"rendered":"GE Corometrics 120 Monitores Fetales"},"content":{"rendered":"<h2><span lang=\"es\">Caracter\u00edsticas de\u00a0<\/span>GE Corometrics 120<\/h2>\n<p>El CD de entrenamiento interactivo monitor <strong>GE Corometrics 120<\/strong> proporciona una revisi\u00f3n paso a paso del proceso de desmontaje y reensamblaje. Desde la introducci\u00f3n de las piezas hasta la retirada del bisel frontal interruptor de alimentaci\u00f3n, este CD interactivo ofrece un enfoque integral para el mantenimiento de la serie 120.<\/p>\n<ul>\n<li>\u00a0El monitor maternal\/fetal comprensivo proporciona la capacidad de hacer frente a cada necesidad de la supervisi\u00f3n para la madre y el feto<\/li>\n<li>Modelo 126: ultrasonido dual, FECG, y actividad uterina<\/li>\n<li>Modelo 128: NIBP materna y SpO2, adem\u00e1s de las caracter\u00edsticas del modelo 126<\/li>\n<li>Modelo 129: ECG 3-Lead seleccionable, adem\u00e1s de las caracter\u00edsticas del modelo 128<\/li>\n<\/ul>\n<h2>Especificaciones de GE Corometrics 120<\/h2>\n<h3>Dimensiones<\/h3>\n<ul>\n<li>Altura: 6,7 \u00ab, 17 cm<\/li>\n<li>Anchura: 16,4 \u00ab, 41,9 cm<\/li>\n<li>Profundidad: 17,3 \u00ab, 43,9 cm<\/li>\n<li>Peso: 24 lbs (10,9 kg) aproximado<\/li>\n<\/ul>\n<h3>Modo del ultrasonido<\/h3>\n<ul>\n<li>T\u00e9cnica: Doppler del pulso con el proceso de la autocorrelaci\u00f3n<\/li>\n<li>Tipo del transductor: 9-Crystal<\/li>\n<li>Frecuencia de recepci\u00f3n de pulso: 4 kHz solo modo de ultrasonido, 2 kHz modo de ultrasonido dual<\/li>\n<li>Duraci\u00f3n del pulso: 92 \u00b5s<\/li>\n<li>Frecuencia del transmisor: 1,151 MHz<\/li>\n<li>Intensidad: &lt; 5mW\/cm \u00b2<\/li>\n<li>Rango de conteo de ritmo card\u00edaco: 50-210 BPM<\/li>\n<li>Corriente de fuga: &lt; 10 \u00b5A at 120-240 VAC, aislada por un transductor<\/li>\n<\/ul>\n<h3>Modo FECG<\/h3>\n<ul>\n<li>T\u00e9cnica: pico de detecci\u00f3n, Beat-a-Beat cardiotachometer<\/li>\n<li>Rango de conteo de ritmo card\u00edaco: 30-240 BPM<\/li>\n<li>Resoluci\u00f3n del ritmo card\u00edaco: \u00b1 1BPM<\/li>\n<li>Eliminaci\u00f3n de artefactos: Interruptor seleccionable, \u00b1 25 BPM rechazo de artefactos<\/li>\n<li>Rango de se\u00f1al de entrada contable: 15 \u00b5V a 2mV pico a pico<\/li>\n<li>Tolerancia de tensi\u00f3n offset (diferencial): \u00b1 300 cc m\u00e1ximo<\/li>\n<li>Voltaje com\u00fan m\u00e1ximo del modo: 20V pico-a-pico<\/li>\n<li>Ancho de banda preamplificador: 1-100 Hz<\/li>\n<li>Rechazo de modo com\u00fan: balanceado &gt; 120 dB a frecuencia de red, con cable paciente, desbalanceado = 5 k\u03a9 RA o la: &gt; 110 dB a frecuencia de red<\/li>\n<li>Entrada ruido equivalente: &lt; 10 \u00b5v pico a pico \u2022 impedancia de entrada: diferencial &gt; 10 M\u03a9, modo com\u00fan &gt; 20M\u03a9<\/li>\n<li>Rechazo de frecuencia de la red: &gt; 40 dB<\/li>\n<li>Corriente de fuga: &lt; 60 \u00b5a at 254 VAC, aislada el\u00e9ctricamente. aislamiento, de la ca\u00f1er\u00eda al paciente: &gt; 4 kVAC<\/li>\n<li>Gato de la placa del probador de la pierna: r-agite simulado en el BPM 120 \u00b1 1<\/li>\n<\/ul>\n<h3>Alarmas Fetales<\/h3>\n<ul>\n<li>(para modos de ultrasonido o FECG) audio: alternando 1,5-segundos timbres (773 Hz y 523 Hz)<\/li>\n<li>Visual: parpadeo del ritmo card\u00edaco num\u00e9rico<\/li>\n<li>L\u00edmites: pulso fetal alto y bajo seleccionable del usuario<\/li>\n<li>T\u00e9cnica: calidad de la se\u00f1al<\/li>\n<li>Tiempo de respuesta de la taquicardia: 5 minutos a 100% l\u00edmite de infracci\u00f3n<\/li>\n<li>Tiempo de reacci\u00f3n de la bradicardia: 30 segundos en 100% infracci\u00f3n del l\u00edmite<\/li>\n<li>Tiempo de respuesta de calidad de se\u00f1al: 100% de p\u00e9rdida de se\u00f1al \u2013 1,25 minutos, 70% de p\u00e9rdida de se\u00f1al \u2013 5 minutos, 65% de p\u00e9rdida de se\u00f1al \u2013 10 minutos<\/li>\n<\/ul>\n<h3>Modo del ox\u00edmetro del pulso fetal<\/h3>\n<ul>\n<li>T\u00e9cnica: espectrofotometr\u00eda y pletismograf\u00eda<\/li>\n<li>Rango de saturaci\u00f3n: 10-100%<\/li>\n<li>Precisi\u00f3n de saturaci\u00f3n: la reproducibilidad es una desviaci\u00f3n est\u00e1ndar = 4,7%. Nominalmente, 67 de las mediciones a trav\u00e9s de la poblaci\u00f3n estar\u00e1n dentro de una desviaci\u00f3n de \u00b1 est\u00e1ndar<\/li>\n<li>Longitudes de onda: rojo: 735 \u00b5 m, nominal; infrarrojo: 890 \u00b5 m, nominal<\/li>\n<li>Tiempo de respuesta: seleccionable por el usuario: modos de promedio lento y r\u00e1pido<\/li>\n<li>Frecuencia del transmisor: 1,151 MHz<\/li>\n<\/ul>\n<h3>Modo de actividad uterina<\/h3>\n<ul>\n<li>Gama: 0-100 mmHg calibrador de la tensi\u00f3n, 0-100 unidades relativas tocotransducer<\/li>\n<li>Resoluci\u00f3n: 1 mmHg calibrador de la mancha, 1 unidad relativa tocotransducer<\/li>\n<li>Ancho de banda: DC a 0,5 Hz galga de tensi\u00f3n y tocotransducer<\/li>\n<li>Voltaje de la excitaci\u00f3n: galga + 4,0 VDC<\/li>\n<\/ul>\n<h3>Modo materno BP<\/h3>\n<ul>\n<li>T\u00e9cnica: oscilom\u00e9trico. Gama de la presi\u00f3n arterial: 20-255 mmHg (2,7-34 kPa)<\/li>\n<li>Rango de frecuencia de pulso: 40-240 BPM<\/li>\n<li>Exactitud de la presi\u00f3n arterial: \u00b1 5 mmHg con una desviaci\u00f3n est\u00e1ndar no mayor de 8 mmHg<\/li>\n<li>Exactitud del pulso: \u00b1 2 BPM o \u00b1 2%, cualquiera es mayor<\/li>\n<li>Exhibici\u00f3n\/expediente: presi\u00f3n sist\u00f3lica, diast\u00f3lica, y media; Pulso<\/li>\n<\/ul>\n<h3>Modo de ox\u00edmetro de pulso maternal<\/h3>\n<ul>\n<li>Rango de saturaci\u00f3n: 0-100%<\/li>\n<li>Rango de frecuencia de pulso: 30-250 BPM<\/li>\n<li>Exactitud de la saturaci\u00f3n:% SpO2 \u00b1 1 SD: 70-100% \u00b1 2 d\u00edgitos, 50-69% \u00b1 3 d\u00edgitos. 0-49% no especificado<\/li>\n<li>Exactitud del pulso: \u00b1 3BPM<\/li>\n<\/ul>\n<h3>Modo MECG<\/h3>\n<ul>\n<li>Transductores: II, III, y I<\/li>\n<li>Rango de conteo de ritmo card\u00edaco: 30-240 BPM<\/li>\n<li>Resoluci\u00f3n del ritmo card\u00edaco: \u00b1 BPM<\/li>\n<li>Promedio de frecuencia card\u00edaca: 1 seg.<\/li>\n<li>Voltaje com\u00fan m\u00e1ximo del modo: 20 Vp-p<\/li>\n<li>Anchura de banda del preamplificador: 0,6 a 40 hertzios<\/li>\n<li>Rechazo de modo com\u00fan: balanceado &gt; 80 dB a la frecuencia de la red, con cable del paciente; no balanceado 5 k RA o la &gt; 50 dB a la frecuencia de la red<\/li>\n<li>Impedancia de entrada: diferencial &gt; 2,5 M\u03a9; modo com\u00fan &gt; 10 M\u03a9<\/li>\n<li>Rechazo de frecuencia de la red: &gt; 40 dB<\/li>\n<li>Corriente de la salida: &lt; 60 \u00b5A en 254 VAC, con el cable, aislado el\u00e9ctricamente<\/li>\n<li>Alarmas: audio: alternando 1,5 segundos timbres, visual: intermitente frecuencia card\u00edaca num\u00e9rica o mensaje, l\u00edmites: seleccionable por el usuario frecuencia card\u00edaca materna alta y baja, t\u00e9cnica: lleva apagado<\/li>\n<\/ul>\n<h3>Requisitos de energ\u00eda<\/h3>\n<ul>\n<li>Voltaje de l\u00ednea: 100\/120\/220\/230\/240 VAC<\/li>\n<li>Frecuencia de la l\u00ednea: 50\/60 hertzio<\/li>\n<li>Consumo de energ\u00eda: 100W\/0.4 un m\u00e1ximo<\/li>\n<\/ul>\n","protected":false},"excerpt":{"rendered":"<div id=\"product_tag\" class=\"tagsdiv\">\n<p>Monitores Fetales Intrapartum<\/p>\n<\/div>\n","protected":false},"featured_media":11034,"template":"","meta":{"_acf_changed":false,"_relevanssi_hide_post":"","_relevanssi_hide_content":"","_relevanssi_pin_for_all":"","_relevanssi_pin_keywords":"","_relevanssi_unpin_keywords":"","_relevanssi_related_keywords":"","_relevanssi_related_include_ids":"","_relevanssi_related_exclude_ids":"","_relevanssi_related_no_append":"","_relevanssi_related_not_related":"","_relevanssi_related_posts":"","_relevanssi_noindex_reason":"","inline_featured_image":false},"pwb-brand":[1100],"product_brand":[],"product_cat":[3649],"product_tag":[3547,2837,3542,224,3550,4067,4068,3549,4065,2815,2836,4066,4064,3531,3532],"class_list":{"0":"post-10141","1":"product","2":"type-product","3":"status-publish","4":"has-post-thumbnail","6":"pwb-brand-equipo-medico-ge","7":"product_cat-monitores-fetales","8":"product_tag-3547","9":"product_tag-corometrics-120","10":"product_tag-fetales","11":"product_tag-ge","12":"product_tag-ge-120","13":"product_tag-ge-120-serie","14":"product_tag-ge-120-serie-monitores-fetales","15":"product_tag-ge-120-series","16":"product_tag-ge-corometric-monitores-fetales","17":"product_tag-ge-corometrics","18":"product_tag-ge-corometrics-120","19":"product_tag-ge-corometrics-120-monitores-fetales","20":"product_tag-ge-monitores-fetales","21":"product_tag-monitores","22":"product_tag-monitores-fetales","24":"first","25":"instock","26":"shipping-taxable","27":"purchasable","28":"product-type-simple"},"acf":[],"brands":[{"id":1100,"name":"GE","slug":"equipo-medico-ge"}],"_links":{"self":[{"href":"https:\/\/www.somatechnology.com\/spanish\/wp-json\/wp\/v2\/product\/10141","targetHints":{"allow":["GET"]}}],"collection":[{"href":"https:\/\/www.somatechnology.com\/spanish\/wp-json\/wp\/v2\/product"}],"about":[{"href":"https:\/\/www.somatechnology.com\/spanish\/wp-json\/wp\/v2\/types\/product"}],"wp:featuredmedia":[{"embeddable":true,"href":"https:\/\/www.somatechnology.com\/spanish\/wp-json\/wp\/v2\/media\/11034"}],"wp:attachment":[{"href":"https:\/\/www.somatechnology.com\/spanish\/wp-json\/wp\/v2\/media?parent=10141"}],"wp:term":[{"taxonomy":"pwb-brand","embeddable":true,"href":"https:\/\/www.somatechnology.com\/spanish\/wp-json\/wp\/v2\/pwb-brand?post=10141"},{"taxonomy":"product_brand","embeddable":true,"href":"https:\/\/www.somatechnology.com\/spanish\/wp-json\/wp\/v2\/product_brand?post=10141"},{"taxonomy":"product_cat","embeddable":true,"href":"https:\/\/www.somatechnology.com\/spanish\/wp-json\/wp\/v2\/product_cat?post=10141"},{"taxonomy":"product_tag","embeddable":true,"href":"https:\/\/www.somatechnology.com\/spanish\/wp-json\/wp\/v2\/product_tag?post=10141"}],"curies":[{"name":"wp","href":"https:\/\/api.w.org\/{rel}","templated":true}]}}