{"id":10187,"date":"2018-04-12T15:01:28","date_gmt":"2018-04-12T15:01:28","guid":{"rendered":"https:\/\/www.somatechnology.com\/spanish\/?post_type=product&#038;p=10187"},"modified":"2023-08-23T06:27:33","modified_gmt":"2023-08-23T10:27:33","slug":"sunoptics-titan-headlight-system","status":"publish","type":"product","link":"https:\/\/www.somatechnology.com\/spanish\/equipo-medico-usado-remanufacturado\/sistema-de-video-endoscopia\/fuentes-de-luz\/sunoptics-titan-headlight-system\/","title":{"rendered":"Sunoptics TITAN"},"content":{"rendered":"<h2>Caracter\u00edsticas de\u00a0Sunoptics TITAN<\/h2>\n<p>La nueva diadema de apoyo craneal \u00abRCS\u00bb de Tit\u00e1n ofrece una mayor comodidad gracias al material liviano y flexible. El nuevo dise\u00f1o de soporte Front to back Crown permite un mejor ajuste y estabilizaci\u00f3n del m\u00f3dulo. Estas caracter\u00edsticas ayudan a minimizar la fatiga que se establece durante los largos procedimientos quir\u00fargicos.<\/p>\n<h2>Especificaciones de Sunoptics TITAN Headlight System<\/h2>\n<ul>\n<li>Ligero, c\u00f3modo y el nuevo \u00abRCS\u00bb ayuda a minimizar la fatiga.<\/li>\n<li>Iluminaci\u00f3n m\u00e1s brillante disponible.<\/li>\n<li>Cables de la linterna disponibles en la configuraci\u00f3n bifurcada y recta.<\/li>\n<li>Las fibras fundidas en el extremo proximal aumentan la eficiencia de transmisi\u00f3n en un 10%.<\/li>\n<li>La manija de UltraGrip facilita la eliminaci\u00f3n del cable de la fuente de luz y ayuda contra da\u00f1o de la fibra.<\/li>\n<li>Diadema ligera de nuevo dise\u00f1o con soporte craneal trasero para mayor comodidad.<\/li>\n<li>M\u00f3dulo de faros con 20mm-110m m variable Spot @ 16 \u2033 tambi\u00e9n disponible en punto variable 20mm-140 mm.<\/li>\n<li>Cable de 3,5 mm bifurcado fusionado de UltraGrip de 9 &#8216; de largo con Wolf extremo proximal con lente para optimizar la salida de luz tambi\u00e9n disponible en 20 mm-140 mil\u00edmetros de spot variable @ 16 \u2033.<\/li>\n<li>Las nuevas ensambladuras moldeadas agregan flexibilidad y el forro reforzado protege el paquete de la fibra.<\/li>\n<li>Diadema con m\u00f3dulo de peso \u2013 4,5 oz.<\/li>\n<li>Diadema, m\u00f3dulo y peso del cable bifurcado \u2013 6,5 oz.<\/li>\n<\/ul>\n<p>&nbsp;<\/p>\n","protected":false},"excerpt":{"rendered":"<p>Caracter\u00edsticas de\u00a0Sunoptics TITAN La nueva diadema de apoyo craneal \u00abRCS\u00bb de Tit\u00e1n ofrece una mayor comodidad gracias al material liviano y flexible. El nuevo&#8230;<\/p>\n","protected":false},"featured_media":10188,"template":"","meta":{"_acf_changed":false,"_relevanssi_hide_post":"","_relevanssi_hide_content":"","_relevanssi_pin_for_all":"","_relevanssi_pin_keywords":"","_relevanssi_unpin_keywords":"","_relevanssi_related_keywords":"","_relevanssi_related_include_ids":"","_relevanssi_related_exclude_ids":"","_relevanssi_related_no_append":"","_relevanssi_related_not_related":"","_relevanssi_related_posts":"","_relevanssi_noindex_reason":"","inline_featured_image":false},"pwb-brand":[1120],"product_brand":[],"product_cat":[71,74],"product_tag":[2130,4107,4108,2880,2879],"class_list":{"0":"post-10187","1":"product","2":"type-product","3":"status-publish","4":"has-post-thumbnail","6":"pwb-brand-equipo-medico-sunoptic","7":"product_cat-luces-de-cirugia-lamparas-quirurgicas","8":"product_cat-fuentes-de-luz","9":"product_tag-fuentes-de-luz","10":"product_tag-fuentes-de-luz-sunoptics","11":"product_tag-fuentes-de-luz-sunoptics-titan","12":"product_tag-sunoptics","13":"product_tag-sunoptics-titan","15":"first","16":"instock","17":"shipping-taxable","18":"purchasable","19":"product-type-simple"},"acf":[],"brands":[{"id":1120,"name":"Sunoptic","slug":"equipo-medico-sunoptic"}],"_links":{"self":[{"href":"https:\/\/www.somatechnology.com\/spanish\/wp-json\/wp\/v2\/product\/10187","targetHints":{"allow":["GET"]}}],"collection":[{"href":"https:\/\/www.somatechnology.com\/spanish\/wp-json\/wp\/v2\/product"}],"about":[{"href":"https:\/\/www.somatechnology.com\/spanish\/wp-json\/wp\/v2\/types\/product"}],"wp:featuredmedia":[{"embeddable":true,"href":"https:\/\/www.somatechnology.com\/spanish\/wp-json\/wp\/v2\/media\/10188"}],"wp:attachment":[{"href":"https:\/\/www.somatechnology.com\/spanish\/wp-json\/wp\/v2\/media?parent=10187"}],"wp:term":[{"taxonomy":"pwb-brand","embeddable":true,"href":"https:\/\/www.somatechnology.com\/spanish\/wp-json\/wp\/v2\/pwb-brand?post=10187"},{"taxonomy":"product_brand","embeddable":true,"href":"https:\/\/www.somatechnology.com\/spanish\/wp-json\/wp\/v2\/product_brand?post=10187"},{"taxonomy":"product_cat","embeddable":true,"href":"https:\/\/www.somatechnology.com\/spanish\/wp-json\/wp\/v2\/product_cat?post=10187"},{"taxonomy":"product_tag","embeddable":true,"href":"https:\/\/www.somatechnology.com\/spanish\/wp-json\/wp\/v2\/product_tag?post=10187"}],"curies":[{"name":"wp","href":"https:\/\/api.w.org\/{rel}","templated":true}]}}