{"id":10358,"date":"2018-04-19T14:50:26","date_gmt":"2018-04-19T14:50:26","guid":{"rendered":"https:\/\/www.somatechnology.com\/spanish\/?post_type=product&#038;p=10358"},"modified":"2025-01-23T10:20:07","modified_gmt":"2025-01-23T15:20:07","slug":"skytron-3600b","status":"publish","type":"product","link":"https:\/\/www.somatechnology.com\/spanish\/equipo-medico-usado-remanufacturado\/mesas-de-cirugia\/skytron-3600b\/","title":{"rendered":"Skytron 3600B UltraSlide"},"content":{"rendered":"<h2>Caracter\u00edsticas del Skytron 3600B UltraSlide<\/h2>\n<p class=\"p1\">La <strong><a href=\"https:\/\/www.somatechnology.com\/wp-content\/uploads\/sites\/2\/2018\/04\/skytron-3600b-spa.pdf\">mesa quir\u00fargica Skytron 3600B UltraSlide<\/a><\/strong> ofrece una funcionalidad completa con un deslizamiento superior de 23 pulgadas para un posicionamiento preciso del paciente y un acceso \u00f3ptimo del brazo en C. Con una capacidad de elevaci\u00f3n robusta de 1,000 lbs y una capacidad de articulaci\u00f3n de 800 lbs, es adecuada para una amplia gama de procedimientos quir\u00fargicos. Sus secciones de respaldo y piernas desmontables, junto con la posici\u00f3n autom\u00e1tica de silla de playa, brindan opciones de posicionamiento vers\u00e1tiles.<\/p>\n<ul>\n<li>Elevaci\u00f3n de 1000 libras<\/li>\n<li>800-libra capacidad articular<\/li>\n<li>Altura m\u00ednima de la tabla de 24 pulgadas<\/li>\n<li>Recorrido de diapositiva superior de 23 pulgadas<\/li>\n<li>Capacidad de la ventana de la proyecci\u00f3n de imagen 57-inch<\/li>\n<li>Retorno a nivel<\/li>\n<li>Posici\u00f3n auto de la silla de playa<\/li>\n<li>Partes traseras y de la pierna desprendibles<\/li>\n<li>Imagen completa del cuerpo sin los accesorios especiales<\/li>\n<li>Durable uno-toque el control pendiente<\/li>\n<li>Energ\u00eda de la bater\u00eda<\/li>\n<\/ul>\n<p>&nbsp;<\/p>\n","protected":false},"excerpt":{"rendered":"<p>Caracter\u00edsticas del Skytron 3600B UltraSlide La mesa quir\u00fargica Skytron 3600B UltraSlide ofrece una funcionalidad completa con un deslizamiento superior de 23 pulgadas para un&#8230;<\/p>\n","protected":false},"featured_media":10359,"template":"","meta":{"_acf_changed":false,"_relevanssi_hide_post":"","_relevanssi_hide_content":"","_relevanssi_pin_for_all":"","_relevanssi_pin_keywords":"","_relevanssi_unpin_keywords":"","_relevanssi_related_keywords":"","_relevanssi_related_include_ids":"","_relevanssi_related_exclude_ids":"","_relevanssi_related_no_append":"","_relevanssi_related_not_related":"","_relevanssi_related_posts":"","_relevanssi_noindex_reason":"","inline_featured_image":false},"pwb-brand":[1186],"product_brand":[],"product_cat":[72],"product_tag":[3131,3133,10603,10602,3132,10605,3098,3095,10600,3094,2500,4160,2522,3130,3135,10609,10608,3134,10607,10606,10604,10601],"class_list":{"0":"post-10358","1":"product","2":"type-product","3":"status-publish","4":"has-post-thumbnail","6":"pwb-brand-equipo-medico-skytron","7":"product_cat-mesas-de-cirugia","8":"product_tag-3131","9":"product_tag-3600-b","10":"product_tag-3600-b-ultraslide","11":"product_tag-3600-ultraslide","12":"product_tag-3600b","13":"product_tag-3600b-ultraslide","14":"product_tag-mesa","15":"product_tag-mesa-quirurgica","16":"product_tag-mesa-quirurgica-skytron","17":"product_tag-mesas","18":"product_tag-mesas-quirurgicas","19":"product_tag-mesas-quirurgicas-skytron","20":"product_tag-skytron","21":"product_tag-skytron-3600","22":"product_tag-skytron-3600-b","23":"product_tag-skytron-3600-b-ultra-slide","24":"product_tag-skytron-3600-b-ultraslide","25":"product_tag-skytron-3600b","26":"product_tag-skytron-3600b-ultra-slide","27":"product_tag-skytron-3600b-ultraslide","28":"product_tag-ultra-slide","29":"product_tag-ultraslide","31":"first","32":"instock","33":"shipping-taxable","34":"purchasable","35":"product-type-simple"},"acf":[],"brands":[{"id":1186,"name":"Skytron","slug":"equipo-medico-skytron"}],"_links":{"self":[{"href":"https:\/\/www.somatechnology.com\/spanish\/wp-json\/wp\/v2\/product\/10358","targetHints":{"allow":["GET"]}}],"collection":[{"href":"https:\/\/www.somatechnology.com\/spanish\/wp-json\/wp\/v2\/product"}],"about":[{"href":"https:\/\/www.somatechnology.com\/spanish\/wp-json\/wp\/v2\/types\/product"}],"wp:featuredmedia":[{"embeddable":true,"href":"https:\/\/www.somatechnology.com\/spanish\/wp-json\/wp\/v2\/media\/10359"}],"wp:attachment":[{"href":"https:\/\/www.somatechnology.com\/spanish\/wp-json\/wp\/v2\/media?parent=10358"}],"wp:term":[{"taxonomy":"pwb-brand","embeddable":true,"href":"https:\/\/www.somatechnology.com\/spanish\/wp-json\/wp\/v2\/pwb-brand?post=10358"},{"taxonomy":"product_brand","embeddable":true,"href":"https:\/\/www.somatechnology.com\/spanish\/wp-json\/wp\/v2\/product_brand?post=10358"},{"taxonomy":"product_cat","embeddable":true,"href":"https:\/\/www.somatechnology.com\/spanish\/wp-json\/wp\/v2\/product_cat?post=10358"},{"taxonomy":"product_tag","embeddable":true,"href":"https:\/\/www.somatechnology.com\/spanish\/wp-json\/wp\/v2\/product_tag?post=10358"}],"curies":[{"name":"wp","href":"https:\/\/api.w.org\/{rel}","templated":true}]}}