{"id":10422,"date":"2018-04-23T15:56:34","date_gmt":"2018-04-23T15:56:34","guid":{"rendered":"https:\/\/www.somatechnology.com\/spanish\/?post_type=product&#038;p=10422"},"modified":"2025-07-07T12:11:54","modified_gmt":"2025-07-07T16:11:54","slug":"drager-isolette-8000","status":"publish","type":"product","link":"https:\/\/www.somatechnology.com\/spanish\/equipo-medico-usado-remanufacturado\/ucii-nicu-unidades-neonatales-cuidado-intensivo\/incubadoras\/drager-isolette-8000\/","title":{"rendered":"Drager Isolette 8000"},"content":{"rendered":"<h2>Drager Isolette 8000<\/h2>\n<p>Drager fija el est\u00e1ndar para la termorregulaci\u00f3n con una serie de caracter\u00edsticas del funcionamiento dise\u00f1adas para proporcionar un estable, Cocoon-como el ambiente para el beb\u00e9. Para asegurar que se mantiene la zona termo-neutra, el Isolette 8000 le permite monitorizar continuamente tanto la temperatura del cuerpo central como del perif\u00e9rico. El <strong>Isolette 8000<\/strong> se dise\u00f1a para reducir la tensi\u00f3n en cada vuelta, curva, y giratoria.<\/p>\n<p>Cuanto m\u00e1s largo sea el turno, m\u00e1s apreciar\u00e1 el cuidador los muchos toques ergon\u00f3micos incorporados en el <a href=\"https:\/\/www.somatechnology.com\/wp-content\/uploads\/sites\/2\/2018\/04\/Drager-Isolette-8000-Incubadora.pdf\">isoletto 8000<\/a>. El acceso f\u00e1cil al reci\u00e9n nacido, ajuste conveniente de la altura de la incubadora, y f\u00e1cil-a-alcanza los controles le hace una gran incubadora para cualquier neonatal. Con su dise\u00f1o compacto, el isoletto 8000 es f\u00e1cil de maniobrar. El ligero, la peque\u00f1a huella, el montaje liso del carro, y los frenos pie-actuados ergon\u00f3micos permiten el movimiento virtualmente sin esfuerzo, incluso en ajustes de neonatal congestionados.<\/p>\n<ul>\n<li>Nuestra capacidad de sostener confiablemente un microambiente termoneutro estable ha hecho Dr\u00e4ger un recurso de confianza en la termorregulaci\u00f3n.<\/li>\n<li>El nombre de la isoletto est\u00e1 asociado con un dise\u00f1o probado que ha sido conocido por los cuidadores en todo el mundo durante d\u00e9cadas.<\/li>\n<li>El avanzado sistema de termorregulaci\u00f3n, controlado por Dr\u00e4ger&#8217;s elaborado algoritmo PID, mantiene al beb\u00e9 en un ambiente estable.<\/li>\n<li>La velocidad muy baja se utiliza para crear una zona tranquila que rodea al neonato para inhibir la p\u00e9rdida de calor convectiva, mientras que las cortinas de aire duales y los mecanismos de regulaci\u00f3n preventiva mantienen un ambiente virtualmente estable para el acceso al beb\u00e9.<\/li>\n<\/ul>\n","protected":false},"excerpt":{"rendered":"<p>Incubadoras<\/p>\n","protected":false},"featured_media":10424,"template":"","meta":{"_acf_changed":false,"_relevanssi_hide_post":"","_relevanssi_hide_content":"","_relevanssi_pin_for_all":"","_relevanssi_pin_keywords":"","_relevanssi_unpin_keywords":"","_relevanssi_related_keywords":"","_relevanssi_related_include_ids":"","_relevanssi_related_exclude_ids":"","_relevanssi_related_no_append":"","_relevanssi_related_not_related":"","_relevanssi_related_posts":"","_relevanssi_noindex_reason":"","inline_featured_image":false},"pwb-brand":[1122],"product_brand":[],"product_cat":[55],"product_tag":[3304,217,3913,9763,3909,3215,3220,9762,9764,9766,3910,3914,9768,3912,3221,9765,9767],"class_list":{"0":"post-10422","1":"product","2":"type-product","3":"status-publish","4":"has-post-thumbnail","6":"pwb-brand-equipo-medico-drager","7":"product_cat-incubadoras","8":"product_tag-3304","9":"product_tag-drager","10":"product_tag-drager-8000","11":"product_tag-drager-incubadora","12":"product_tag-drager-incubadoras","13":"product_tag-drager-isolette","14":"product_tag-drager-isolette-8000","15":"product_tag-incubadora","16":"product_tag-incubadora-drager","17":"product_tag-incubadora-isolette","18":"product_tag-incubadoras","19":"product_tag-incubadoras-drager","20":"product_tag-incubadoras-isolette","21":"product_tag-isolette","22":"product_tag-isolette-8000","23":"product_tag-isolette-incubadora","24":"product_tag-isolette-incubadoras","26":"first","27":"instock","28":"featured","29":"shipping-taxable","30":"purchasable","31":"product-type-simple"},"acf":[],"brands":[{"id":1122,"name":"Drager","slug":"equipo-medico-drager"}],"_links":{"self":[{"href":"https:\/\/www.somatechnology.com\/spanish\/wp-json\/wp\/v2\/product\/10422","targetHints":{"allow":["GET"]}}],"collection":[{"href":"https:\/\/www.somatechnology.com\/spanish\/wp-json\/wp\/v2\/product"}],"about":[{"href":"https:\/\/www.somatechnology.com\/spanish\/wp-json\/wp\/v2\/types\/product"}],"wp:featuredmedia":[{"embeddable":true,"href":"https:\/\/www.somatechnology.com\/spanish\/wp-json\/wp\/v2\/media\/10424"}],"wp:attachment":[{"href":"https:\/\/www.somatechnology.com\/spanish\/wp-json\/wp\/v2\/media?parent=10422"}],"wp:term":[{"taxonomy":"pwb-brand","embeddable":true,"href":"https:\/\/www.somatechnology.com\/spanish\/wp-json\/wp\/v2\/pwb-brand?post=10422"},{"taxonomy":"product_brand","embeddable":true,"href":"https:\/\/www.somatechnology.com\/spanish\/wp-json\/wp\/v2\/product_brand?post=10422"},{"taxonomy":"product_cat","embeddable":true,"href":"https:\/\/www.somatechnology.com\/spanish\/wp-json\/wp\/v2\/product_cat?post=10422"},{"taxonomy":"product_tag","embeddable":true,"href":"https:\/\/www.somatechnology.com\/spanish\/wp-json\/wp\/v2\/product_tag?post=10422"}],"curies":[{"name":"wp","href":"https:\/\/api.w.org\/{rel}","templated":true}]}}