{"id":10436,"date":"2018-04-23T16:51:31","date_gmt":"2018-04-23T16:51:31","guid":{"rendered":"https:\/\/www.somatechnology.com\/spanish\/?post_type=product&#038;p=10436"},"modified":"2023-08-23T06:28:11","modified_gmt":"2023-08-23T10:28:11","slug":"abrazadera-o-barandilla-universal","status":"publish","type":"product","link":"https:\/\/www.somatechnology.com\/spanish\/equipo-medico-usado-remanufacturado\/mesas-de-cirugia\/abrazadera-o-barandilla-universal\/","title":{"rendered":"Abrazadera o Barandilla Universal"},"content":{"rendered":"<h2>Caracter\u00edsticas del Abrazadera o Barandilla Universal<\/h2>\n<p>Este <strong>abrazadera o barandilla universal<\/strong> puede colocar dispositivos quir\u00fargicos en cualquier lugar a lo largo de los rieles est\u00e1ndar de la mesa de quir\u00f3fano. Utilice el z\u00f3calo Schure para detener todo el movimiento en los postes de montaje.<\/p>\n<ul>\n<li>Los z\u00f3calos Clark de SchureMed se dise\u00f1an para una amplia gama de prop\u00f3sitos; colocaci\u00f3n de la mayor\u00eda de los accesorios de mesa de quir\u00f3fano para la mayor\u00eda o dise\u00f1os de mesas y marcas<\/li>\n<li>Carga de resorte y se conecta a los rieles laterales de la mesa del quir\u00f3fano en cualquier parte del riel<\/li>\n<li>Acepta ambos pernos de montaje de la barra plana de 5\/8 \u2033 (1,6 cm) y 1 \u2033 x 3\/8 \u2033 (2,5 cm x. 95 cm)<\/li>\n<li>Mantiene todos los accesorios en la posici\u00f3n vertical y horizontal<\/li>\n<li>La capacidad paciente del peso es 350 libras (158 kilogramos)<\/li>\n<li>Cerraduras seguras con un simple giro del asa ergon\u00f3mica<\/li>\n<\/ul>\n","protected":false},"excerpt":{"rendered":"<p>Mesas Quir\u00fargicas<\/p>\n","protected":false},"featured_media":10439,"template":"","meta":{"_acf_changed":false,"_relevanssi_hide_post":"","_relevanssi_hide_content":"","_relevanssi_pin_for_all":"","_relevanssi_pin_keywords":"","_relevanssi_unpin_keywords":"","_relevanssi_related_keywords":"","_relevanssi_related_include_ids":"","_relevanssi_related_exclude_ids":"","_relevanssi_related_no_append":"","_relevanssi_related_not_related":"","_relevanssi_related_posts":"","_relevanssi_noindex_reason":"","inline_featured_image":false},"pwb-brand":[3213],"product_brand":[],"product_cat":[72],"product_tag":[3235,3236,3237,3098,3095,3094,2500,3100,3099,3238],"class_list":{"0":"post-10436","1":"product","2":"type-product","3":"status-publish","4":"has-post-thumbnail","6":"pwb-brand-equipo-medico-schuremed","7":"product_cat-mesas-de-cirugia","8":"product_tag-abrazadera","9":"product_tag-abrazadera-o-barandilla","10":"product_tag-barandilla","11":"product_tag-mesa","12":"product_tag-mesa-quirurgica","13":"product_tag-mesas","14":"product_tag-mesas-quirurgicas","15":"product_tag-quirurgica","16":"product_tag-quirurgicas","17":"product_tag-universal","19":"first","20":"instock","21":"shipping-taxable","22":"purchasable","23":"product-type-simple"},"acf":[],"brands":[{"id":3213,"name":"SchureMed","slug":"equipo-medico-schuremed"}],"_links":{"self":[{"href":"https:\/\/www.somatechnology.com\/spanish\/wp-json\/wp\/v2\/product\/10436","targetHints":{"allow":["GET"]}}],"collection":[{"href":"https:\/\/www.somatechnology.com\/spanish\/wp-json\/wp\/v2\/product"}],"about":[{"href":"https:\/\/www.somatechnology.com\/spanish\/wp-json\/wp\/v2\/types\/product"}],"wp:featuredmedia":[{"embeddable":true,"href":"https:\/\/www.somatechnology.com\/spanish\/wp-json\/wp\/v2\/media\/10439"}],"wp:attachment":[{"href":"https:\/\/www.somatechnology.com\/spanish\/wp-json\/wp\/v2\/media?parent=10436"}],"wp:term":[{"taxonomy":"pwb-brand","embeddable":true,"href":"https:\/\/www.somatechnology.com\/spanish\/wp-json\/wp\/v2\/pwb-brand?post=10436"},{"taxonomy":"product_brand","embeddable":true,"href":"https:\/\/www.somatechnology.com\/spanish\/wp-json\/wp\/v2\/product_brand?post=10436"},{"taxonomy":"product_cat","embeddable":true,"href":"https:\/\/www.somatechnology.com\/spanish\/wp-json\/wp\/v2\/product_cat?post=10436"},{"taxonomy":"product_tag","embeddable":true,"href":"https:\/\/www.somatechnology.com\/spanish\/wp-json\/wp\/v2\/product_tag?post=10436"}],"curies":[{"name":"wp","href":"https:\/\/api.w.org\/{rel}","templated":true}]}}