{"id":10488,"date":"2018-04-25T13:55:31","date_gmt":"2018-04-25T13:55:31","guid":{"rendered":"https:\/\/www.somatechnology.com\/spanish\/?post_type=product&#038;p=10488"},"modified":"2025-06-26T09:45:03","modified_gmt":"2025-06-26T13:45:03","slug":"medtronic-performer-cpb","status":"publish","type":"product","link":"https:\/\/www.somatechnology.com\/spanish\/equipo-medico-usado-remanufacturado\/cardiovascular\/maquinas-de-corazon-y-pulmon\/medtronic-performer-cpb\/","title":{"rendered":"Medtronic Performer CPB"},"content":{"rendered":"<h2>Caracter\u00edsticas del\u00a0Medtronic Performer CPB<\/h2>\n<p>El <strong>sistema CPB de Medtronic Performer<\/strong>, de aqu\u00ed en adelante denominado Performer CPB, es un dispositivo de apoyo extracorporal electromec\u00e1nico utilizado durante los procedimientos de bypass cardiopulmonar. Es una consola integrada que puede proporcionar el soporte circulatorio total del sistema cardiopulmonar usando la bomba de sangre centr\u00edfuga de Medtronic bio-Pump.<\/p>\n<ul>\n<li>Monitoreo de temperatura usando sondas serie YSI 400 para 8 temperaturas.<\/li>\n<li>Monitoreo de flujo para la l\u00ednea arterial usando una sonda de flujo ultras\u00f3nico trans\u00f3nicas reutilizable.<\/li>\n<li>Saturaci\u00f3n de ox\u00edgeno y monitoreo de hematocrito usando un sensor optoel\u00e9ctricos.<\/li>\n<li>Temporizadores para el tiempo de la bomba, tiempo de la abrazadera y tiempos de entrega y intervalos de cardioplegia.<\/li>\n<li>Detecci\u00f3n de burbujas de aire (Abd) de macro-aire en el circuito arterial.<\/li>\n<li>Detecci\u00f3n de burbujas de aire (Abd) de macro-aire en el circuito cardioplegia.<\/li>\n<li>Tecnolog\u00eda de extracci\u00f3n de aire activo (AAR).<\/li>\n<li>La detecci\u00f3n de nivel utiliza un par de sensores de nivel para monitorear los cambios en el l\u00edquido o el volumen sangu\u00edneo en los reservorios.<\/li>\n<li>12.1 en pantalla t\u00e1ctil a color.<\/li>\n<\/ul>\n","protected":false},"excerpt":{"rendered":"<p>El sistema CPB de Medtronic Performer, de aqu\u00ed en adelante denominado Performer CPB, es un dispositivo de apoyo extracorporal electromec\u00e1nico utilizado durante los procedimientos de bypass cardiopulmonar. Es una consola integrada que puede proporcionar el soporte circulatorio total del sistema cardiopulmonar usando la bomba de sangre centr\u00edfuga de Medtronic bio-Pump.<\/p>\n","protected":false},"featured_media":11189,"template":"","meta":{"_acf_changed":false,"_relevanssi_hide_post":"","_relevanssi_hide_content":"","_relevanssi_pin_for_all":"","_relevanssi_pin_keywords":"","_relevanssi_unpin_keywords":"","_relevanssi_related_keywords":"","_relevanssi_related_include_ids":"","_relevanssi_related_exclude_ids":"","_relevanssi_related_no_append":"","_relevanssi_related_not_related":"","_relevanssi_related_posts":"","_relevanssi_noindex_reason":"","inline_featured_image":false},"pwb-brand":[1107],"product_brand":[],"product_cat":[78],"product_tag":[1067,3968,3967,466,3301,3300,3969,3302],"class_list":{"0":"post-10488","1":"product","2":"type-product","3":"status-publish","4":"has-post-thumbnail","6":"pwb-brand-equipo-medico-medtronic","7":"product_cat-maquinas-de-corazon-y-pulmon","8":"product_tag-maquinas-de-corazon-y-pulmon","9":"product_tag-maquinas-de-corazon-y-pulmon-meditronic","10":"product_tag-meditronic-maquinas-de-corazon-y-pulmon","11":"product_tag-medtronic","12":"product_tag-medtronic-performer","13":"product_tag-medtronic-performer-cpb","14":"product_tag-medtronic-performer-cpb-maquinas-de-corazon-y-pulmon","15":"product_tag-performer-cpb","17":"first","18":"instock","19":"shipping-taxable","20":"purchasable","21":"product-type-simple"},"acf":[],"brands":[{"id":1107,"name":"Medtronic","slug":"equipo-medico-medtronic"}],"_links":{"self":[{"href":"https:\/\/www.somatechnology.com\/spanish\/wp-json\/wp\/v2\/product\/10488","targetHints":{"allow":["GET"]}}],"collection":[{"href":"https:\/\/www.somatechnology.com\/spanish\/wp-json\/wp\/v2\/product"}],"about":[{"href":"https:\/\/www.somatechnology.com\/spanish\/wp-json\/wp\/v2\/types\/product"}],"wp:featuredmedia":[{"embeddable":true,"href":"https:\/\/www.somatechnology.com\/spanish\/wp-json\/wp\/v2\/media\/11189"}],"wp:attachment":[{"href":"https:\/\/www.somatechnology.com\/spanish\/wp-json\/wp\/v2\/media?parent=10488"}],"wp:term":[{"taxonomy":"pwb-brand","embeddable":true,"href":"https:\/\/www.somatechnology.com\/spanish\/wp-json\/wp\/v2\/pwb-brand?post=10488"},{"taxonomy":"product_brand","embeddable":true,"href":"https:\/\/www.somatechnology.com\/spanish\/wp-json\/wp\/v2\/product_brand?post=10488"},{"taxonomy":"product_cat","embeddable":true,"href":"https:\/\/www.somatechnology.com\/spanish\/wp-json\/wp\/v2\/product_cat?post=10488"},{"taxonomy":"product_tag","embeddable":true,"href":"https:\/\/www.somatechnology.com\/spanish\/wp-json\/wp\/v2\/product_tag?post=10488"}],"curies":[{"name":"wp","href":"https:\/\/api.w.org\/{rel}","templated":true}]}}