{"id":10508,"date":"2018-04-25T17:52:51","date_gmt":"2018-04-25T17:52:51","guid":{"rendered":"https:\/\/www.somatechnology.com\/spanish\/?post_type=product&#038;p=10508"},"modified":"2023-08-23T06:28:32","modified_gmt":"2023-08-23T10:28:32","slug":"steris-ot-1000-series","status":"publish","type":"product","link":"https:\/\/www.somatechnology.com\/spanish\/equipo-medico-usado-remanufacturado\/mesas-de-cirugia\/steris-ot-1000-series\/","title":{"rendered":"Steris OT 1000 Series"},"content":{"rendered":"<h2>Caracter\u00edsticas\u00a0 Steris OT 1000 Series<\/h2>\n<p>Las mesas quir\u00fargicas ortop\u00e9dicas de la serie de <strong>STERIS OT 1000<\/strong> son mesas ortop\u00e9dicas m\u00f3viles, accionadas energ\u00eda. Proporcionan la postura flexible, f\u00e1cil de utilizar, articulada del paciente para los procedimientos ortop\u00e9dicos reconstructivos y reparativos en un ambiente controlado, est\u00e9ril del sitio de funcionamiento. Las mesas quir\u00fargicas ortop\u00e9dicas de la serie de OT1000 se dise\u00f1an sobre todo para la cadera y los procedimientos m\u00e1s bajos de la extremidad: fijaci\u00f3n de la cadera, clavado de Ender, clavado intramedular del f\u00e9mur, cirug\u00eda de la tibia y del peron\u00e9. La poblaci\u00f3n recomendada del paciente incluye a personas hasta 7 pies (2 m) y\/o un peso corporal de hasta 500 lb (227 kg).<\/p>\n<ul>\n<li>Revolucionaria mesa quir\u00fargica ortop\u00e9dica con tecnolog\u00eda Swan para un control superior y un movimiento sin esfuerzo<\/li>\n<li>Dise\u00f1ado para aumentar la productividad con mayor o versatilidad, im\u00e1genes optimizadas, seguridad mejorada<\/li>\n<li>Beneficios para cada miembro del equipo: anestesi\u00f3logos, cirujanos o enfermeros<\/li>\n<\/ul>\n<h2>Especificaciones Steris OT 1000 Series<\/h2>\n<h3>Dimensiones<\/h3>\n<ul>\n<li>Dimensiones (W x L x H): 27,25 x 104,5 x 31 a 48 \u00ab(692 x 2654 x 787 a 1219 mm)<\/li>\n<li>Capacidad paciente del peso 500lb (227kg)<\/li>\n<li>Peso del funcionamiento de la tabla aproximadamente 1000lb (454 kg)<\/li>\n<\/ul>\n<h3>Informaci\u00f3n Electrica<\/h3>\n<ul>\n<li>Consumo de energ\u00eda 70 W, t\u00edpico; Max. 2,2 kW con tomas de corriente AUX en uso<\/li>\n<li>Bater\u00eda de la fuente de alimentaci\u00f3n\/tabla el\u00e9ctrico-accionada<\/li>\n<li>L\u00ednea entrada de energ\u00eda 100, 120, 220 o 230-240 VAC (puente seleccionable), 1 \u00d8, 50\/60 Hz, 4.0 Amp<\/li>\n<\/ul>\n<h3>Temperatura de funcionamiento<\/h3>\n<ul>\n<li>Funcionamiento: temperatura: 63 \u2013 77 \u00b0 f (17 \u2013 25 \u00b0 c); Humedad relativa (RH): 20 \u2013 80%; Presi\u00f3n atmosf\u00e9rica: 700-1060 hPa<\/li>\n<li>Almacenamiento: temperatura ambiente:-40 \u2013 158 \u00b0 f (-40 \u2013 70 \u00b0 c) \u2013 no exceder de 15 semanas; Humedad relativa (RH): 10 \u2013 100% sin condensaci\u00f3n; Presi\u00f3n atmosf\u00e9rica: 500 \u2013 1060 hPa<\/li>\n<\/ul>\n<h3>Configuraci\u00f3n de la tabla<\/h3>\n<ul>\n<li>Altura ajustable de la energ\u00eda, Trendelenburg\/rev\u00e9s<\/li>\n<li>Trendelenburg, diapositiva lateral, y funciones laterales de la inclinaci\u00f3n<\/li>\n<li>Secci\u00f3n principal manual, ajustable<\/li>\n<li>Control de mano colgante<\/li>\n<li>Base m\u00f3vil con cerraduras de piso auto-compensadoras accionadas hidr\u00e1ulicamente<\/li>\n<li>Tecnolog\u00eda Swan<\/li>\n<\/ul>\n<h3>Movimiento de la mesa<\/h3>\n<ul>\n<li>Movimiento lateral de la diapositiva: \u00b1 4 \u00ab(102 mil\u00edmetros) del centro<\/li>\n<li>Rango de altura: 31 a 48 \u00ab(787 a 1219 mm) pacientes de hasta 400 lb y 31 a 43\u00bb (787 a 1092 mm) pacientes entre 401 y 500 lb<\/li>\n<li>Rango Trendelenburg: 15 \u00b0<\/li>\n<li>Rango de Trendelenburg inversa: 15 \u00b0<\/li>\n<li>Gama de la inclinaci\u00f3n: 15 \u00b0<\/li>\n<li>Secci\u00f3n principal (manual): abajo: 30 or 75\u00b0<\/li>\n<\/ul>\n","protected":false},"excerpt":{"rendered":"<p>Mesas Quir\u00fargicas<\/p>\n","protected":false},"featured_media":10510,"template":"","meta":{"_acf_changed":false,"_relevanssi_hide_post":"","_relevanssi_hide_content":"","_relevanssi_pin_for_all":"","_relevanssi_pin_keywords":"","_relevanssi_unpin_keywords":"","_relevanssi_related_keywords":"","_relevanssi_related_include_ids":"","_relevanssi_related_exclude_ids":"","_relevanssi_related_no_append":"","_relevanssi_related_not_related":"","_relevanssi_related_posts":"","_relevanssi_noindex_reason":"","inline_featured_image":false},"pwb-brand":[1149],"product_brand":[],"product_cat":[72],"product_tag":[3098,3095,3094,3184,2500,3984,3335,3338,3339,3340,3100,3099,543,3341,3985,3334,3336,3986,3337],"class_list":{"0":"post-10508","1":"product","2":"type-product","3":"status-publish","4":"has-post-thumbnail","6":"pwb-brand-equipo-medico-steris","7":"product_cat-mesas-de-cirugia","8":"product_tag-mesa","9":"product_tag-mesa-quirurgica","10":"product_tag-mesas","11":"product_tag-mesas-quirurgica","12":"product_tag-mesas-quirurgicas","13":"product_tag-mesas-quirurgicas-steris","14":"product_tag-ot","15":"product_tag-ot-1000","16":"product_tag-ot-1000-series","17":"product_tag-ot1000","18":"product_tag-quirurgica","19":"product_tag-quirurgicas","20":"product_tag-steris","21":"product_tag-steris-1000","22":"product_tag-steris-mesas-quirurgicas","23":"product_tag-steris-ot","24":"product_tag-steris-ot-1000","25":"product_tag-steris-ot-1000-mesas-quirurgicas","26":"product_tag-steris-ot-1000-series","28":"first","29":"instock","30":"shipping-taxable","31":"purchasable","32":"product-type-simple"},"acf":[],"brands":[{"id":1149,"name":"Steris","slug":"equipo-medico-steris"}],"_links":{"self":[{"href":"https:\/\/www.somatechnology.com\/spanish\/wp-json\/wp\/v2\/product\/10508","targetHints":{"allow":["GET"]}}],"collection":[{"href":"https:\/\/www.somatechnology.com\/spanish\/wp-json\/wp\/v2\/product"}],"about":[{"href":"https:\/\/www.somatechnology.com\/spanish\/wp-json\/wp\/v2\/types\/product"}],"wp:featuredmedia":[{"embeddable":true,"href":"https:\/\/www.somatechnology.com\/spanish\/wp-json\/wp\/v2\/media\/10510"}],"wp:attachment":[{"href":"https:\/\/www.somatechnology.com\/spanish\/wp-json\/wp\/v2\/media?parent=10508"}],"wp:term":[{"taxonomy":"pwb-brand","embeddable":true,"href":"https:\/\/www.somatechnology.com\/spanish\/wp-json\/wp\/v2\/pwb-brand?post=10508"},{"taxonomy":"product_brand","embeddable":true,"href":"https:\/\/www.somatechnology.com\/spanish\/wp-json\/wp\/v2\/product_brand?post=10508"},{"taxonomy":"product_cat","embeddable":true,"href":"https:\/\/www.somatechnology.com\/spanish\/wp-json\/wp\/v2\/product_cat?post=10508"},{"taxonomy":"product_tag","embeddable":true,"href":"https:\/\/www.somatechnology.com\/spanish\/wp-json\/wp\/v2\/product_tag?post=10508"}],"curies":[{"name":"wp","href":"https:\/\/api.w.org\/{rel}","templated":true}]}}