{"id":10682,"date":"2018-05-03T16:41:13","date_gmt":"2018-05-03T16:41:13","guid":{"rendered":"https:\/\/www.somatechnology.com\/spanish\/?post_type=product&#038;p=10682"},"modified":"2023-08-23T06:28:53","modified_gmt":"2023-08-23T10:28:53","slug":"ge-dinamap-pro-400-v2","status":"publish","type":"product","link":"https:\/\/www.somatechnology.com\/spanish\/equipo-medico-usado-remanufacturado\/monitores-de-signos-vitales\/monitores-de-presin-sanguinea-no-invasiva\/ge-dinamap-pro-400-v2\/","title":{"rendered":"GE Dinamap Pro 400 V2"},"content":{"rendered":"<h2>Caraster\u00edsticas GE Dinamap Pro 400 V2<\/h2>\n<p>Redise\u00f1ado para profesionales de la salud impulsados por la calidad que demandan tecnolog\u00eda probada de clase mundial en cada par\u00e1metro, el <strong>GE Dinamap Pro 400 v2<\/strong> re\u00fane algoritmos de DINAMAP probados en un monitor con caracter\u00edsticas de confiabilidad mejorada, y la durabilidad que esperar de un monitor GE Dinamap Vital Signs.<\/p>\n<p>Con el monitor GE Dinamap Pro 400 v2, usted puede tomar mediciones de BP que son r\u00e1pidas, precisas y c\u00f3modas para sus pacientes. Y, usted puede obtener lecturas de temperatura confiables en segundos y obtener lecturas de saturaci\u00f3n de ox\u00edgeno utilizando su elecci\u00f3n de soluciones SpO2 \u2013 el sistema de Masimo l\u00edder en la industria (est\u00e1ndar de oro) o Nellcor OxiMax. Por lo tanto, usted puede pasar menos tiempo comprobando los signos vitales y m\u00e1s tiempo en la atenci\u00f3n del paciente real.<\/p>\n<ul>\n<li>Medidas NIBP<\/li>\n<li>Ritmo Sp02, Temp &amp; Heart<\/li>\n<li>Montaje de poste incluido<\/li>\n<li>Incluye la nueva bater\u00eda, sensor de Sp02, manguera NIBP, sensor de Temp oral, 2 nuevos pun \u00a2 os<\/li>\n<li>Cable de alimentaci\u00f3n y manual<\/li>\n<li>Totalmente renovado<\/li>\n<li>Inspecci\u00f3n biom\u00e9dica<\/li>\n<\/ul>\n<p>&nbsp;<\/p>\n","protected":false},"excerpt":{"rendered":"<p>Monitores de Presi\u00f3n Sanguinea no Invasiva<\/p>\n","protected":false},"featured_media":10957,"template":"","meta":{"_acf_changed":false,"_relevanssi_hide_post":"","_relevanssi_hide_content":"","_relevanssi_pin_for_all":"","_relevanssi_pin_keywords":"","_relevanssi_unpin_keywords":"","_relevanssi_related_keywords":"","_relevanssi_related_include_ids":"","_relevanssi_related_exclude_ids":"","_relevanssi_related_no_append":"","_relevanssi_related_not_related":"","_relevanssi_related_posts":"","_relevanssi_noindex_reason":"","inline_featured_image":false},"pwb-brand":[1100],"product_brand":[],"product_cat":[67,50],"product_tag":[3904,3905,3509,3508,224,833,3507,3495,3506,3505,3902,3908,3614,3906,3907],"class_list":{"0":"post-10682","1":"product","2":"type-product","3":"status-publish","4":"has-post-thumbnail","6":"pwb-brand-equipo-medico-ge","7":"product_cat-monitores-de-presin-sanguinea-no-invasiva","8":"product_cat-monitores-multiparametros","9":"product_tag-400-v2","10":"product_tag-dinamap","11":"product_tag-dinamap-pro-400","12":"product_tag-dinamap-pro-400-v2","13":"product_tag-ge","14":"product_tag-ge-dinamap","15":"product_tag-ge-dinamap-400","16":"product_tag-ge-dinamap-pro","17":"product_tag-ge-dinamap-pro-400","18":"product_tag-ge-dinamap-pro-400-v2","19":"product_tag-monitores-de-presion-sanguinea-no-invasiva","20":"product_tag-monitores-de-signos-vitales","21":"product_tag-monitores-multiparametros","22":"product_tag-pro-400","23":"product_tag-pro-400-v2","25":"first","26":"instock","27":"shipping-taxable","28":"purchasable","29":"product-type-simple"},"acf":[],"brands":[{"id":1100,"name":"GE","slug":"equipo-medico-ge"}],"_links":{"self":[{"href":"https:\/\/www.somatechnology.com\/spanish\/wp-json\/wp\/v2\/product\/10682","targetHints":{"allow":["GET"]}}],"collection":[{"href":"https:\/\/www.somatechnology.com\/spanish\/wp-json\/wp\/v2\/product"}],"about":[{"href":"https:\/\/www.somatechnology.com\/spanish\/wp-json\/wp\/v2\/types\/product"}],"wp:featuredmedia":[{"embeddable":true,"href":"https:\/\/www.somatechnology.com\/spanish\/wp-json\/wp\/v2\/media\/10957"}],"wp:attachment":[{"href":"https:\/\/www.somatechnology.com\/spanish\/wp-json\/wp\/v2\/media?parent=10682"}],"wp:term":[{"taxonomy":"pwb-brand","embeddable":true,"href":"https:\/\/www.somatechnology.com\/spanish\/wp-json\/wp\/v2\/pwb-brand?post=10682"},{"taxonomy":"product_brand","embeddable":true,"href":"https:\/\/www.somatechnology.com\/spanish\/wp-json\/wp\/v2\/product_brand?post=10682"},{"taxonomy":"product_cat","embeddable":true,"href":"https:\/\/www.somatechnology.com\/spanish\/wp-json\/wp\/v2\/product_cat?post=10682"},{"taxonomy":"product_tag","embeddable":true,"href":"https:\/\/www.somatechnology.com\/spanish\/wp-json\/wp\/v2\/product_tag?post=10682"}],"curies":[{"name":"wp","href":"https:\/\/api.w.org\/{rel}","templated":true}]}}