{"id":10926,"date":"2018-05-18T15:44:36","date_gmt":"2018-05-18T15:44:36","guid":{"rendered":"https:\/\/www.somatechnology.com\/spanish\/?post_type=product&#038;p=10926"},"modified":"2023-08-23T06:28:58","modified_gmt":"2023-08-23T10:28:58","slug":"zeiss-opmi-lumera-i","status":"publish","type":"product","link":"https:\/\/www.somatechnology.com\/spanish\/equipo-medico-usado-remanufacturado\/microscopios-de-cirugia\/zeiss-opmi-lumera-i\/","title":{"rendered":"Zeiss OPMI LUMERA i"},"content":{"rendered":"<h2>Caracter\u00edsticas Zeiss OPMI LUMERA i<\/h2>\n<p>El <strong>Zeiss Opmi LUMERA i<\/strong> presenta m\u00e1s claridad, contraste y estabilidad que los modelos anteriores. El LUMERA i le permite ver las complejidades de la anatom\u00eda ocular que nunca ha visto antes con la ayuda de la iluminaci\u00f3n coaxial est\u00e9reo (SCI). Los contornos parecen afilados. Este microscopio le permite reconocer f\u00e1cilmente diferentes estructuras y flu\u00eddicas, incluso con cataratas densas. El LUMERA i tiene la capacidad de equipar un tubo est\u00e9reo de la co-observaci\u00f3n permitiendo que una segunda persona vea el campo quir\u00fargico en el mismo nivel de la ampliaci\u00f3n.<\/p>\n<ul>\n<li>El \u00e1rea quir\u00fargica dirigida brilla brillantemente y v\u00edvidamente.<\/li>\n<li>DeepView le permite cambiar entre la transmisi\u00f3n m\u00e1xima y la profundidad m\u00e1xima de campo, lo que sea necesario.<\/li>\n<li>Unidad de control de c\u00e1mara de v\u00eddeo integrada que se puede transmitir a otro monitor.<\/li>\n<li>Controles de pantalla t\u00e1ctil en el soporte.<\/li>\n<li>Zoom motorizado.<\/li>\n<li>Relaci\u00f3n de zoom: 1:6.<\/li>\n<li>\u00d3ptica apocrom\u00e1tica.<\/li>\n<li>Rango de enfoque: 50 mm<\/li>\n<li>SCI: iluminaci\u00f3n reflejo rojo<\/li>\n<\/ul>\n<h2>Especificaciones Zeiss OPMI LUMERA i<\/h2>\n<h3>Microscopio quir\u00fargico<\/h3>\n<ul>\n<li>\u00d3ptica apocrom\u00e1tica<\/li>\n<li>Zoom motorizado: 1:6 relaci\u00f3n de zoom<\/li>\n<li>Factores de la ampliaci\u00f3n: 0,4 a 2,4<\/li>\n<li>Rango de enfoque: 50 mm<\/li>\n<li>Tubo binocular: 0-180 \u00b0 tubo tiltable (invertertube opcional)<\/li>\n<li>Oculares: 10x (12.5 x opcionales)<\/li>\n<li>Lente objetiva: f = 200 mm (f = 175 mm opcional)<\/li>\n<li>DeepView: sistema de gesti\u00f3n de la profundidad del campo<\/li>\n<\/ul>\n<h3>Iluminaci\u00f3n<\/h3>\n<ul>\n<li>SCI: la iluminaci\u00f3n refleja roja y la iluminaci\u00f3n circundante del campo, ambas son ajustables, patente pendiente<\/li>\n<li>Filtro de barrera UV integrado de 408 Nm<\/li>\n<li>Filtro de bloqueo azul<\/li>\n<li>Dispositivo de protecci\u00f3n retinal<\/li>\n<li>Iluminaci\u00f3n \u00f3ptica de fibra<\/li>\n<li>Opcional: filtro de fluorescencia<\/li>\n<\/ul>\n<h3>Fuente de luz<\/h3>\n<ul>\n<li>Fuente de luz del hal\u00f3geno 12V, 100W con el cambio completamente autom\u00e1tico del bulbo en caso de la falta de la l\u00e1mpara<\/li>\n<\/ul>\n<h3>Acoplamiento X Y<\/h3>\n<ul>\n<li>Rango de ajuste de 61 mm x 61 mm<\/li>\n<li>Bot\u00f3n programable libre para las posiciones de partida del acoplador de X y, del foco, y del zumbido.<\/li>\n<\/ul>\n<h3>Peso<\/h3>\n<ul>\n<li>18,74 lbs (8,5 kilogramos) (con el tubo binocular inclinable 180 \u00b0, la lente objetiva y los oculares).<\/li>\n<\/ul>\n<h2>Sistema de suspensi\u00f3n<\/h2>\n<ul>\n<li>Soporte del piso<\/li>\n<li>Capacidad de carga m\u00e1xima: 14 kilogramos (equipo completo del microscopio, incluyendo los accesorios)<\/li>\n<\/ul>\n<p>&nbsp;<\/p>\n","protected":false},"excerpt":{"rendered":"<p>Microscopios de Cirug\u00eda<\/p>\n","protected":false},"featured_media":10927,"template":"","meta":{"_acf_changed":false,"_relevanssi_hide_post":"","_relevanssi_hide_content":"","_relevanssi_pin_for_all":"","_relevanssi_pin_keywords":"","_relevanssi_unpin_keywords":"","_relevanssi_related_keywords":"","_relevanssi_related_include_ids":"","_relevanssi_related_exclude_ids":"","_relevanssi_related_no_append":"","_relevanssi_related_not_related":"","_relevanssi_related_posts":"","_relevanssi_noindex_reason":"","inline_featured_image":false},"pwb-brand":[1062],"product_brand":[],"product_cat":[69],"product_tag":[3860,1920,3855,3867,3859,3858,4327,965,3869,3856,767,3868,3865,765,3870,3854,3866],"class_list":{"0":"post-10926","1":"product","2":"type-product","3":"status-publish","4":"has-post-thumbnail","6":"pwb-brand-zeiss","7":"product_cat-microscopios-de-cirugia","8":"product_tag-cirugia","9":"product_tag-i","10":"product_tag-lumera","11":"product_tag-lumera-i","12":"product_tag-microscopios","13":"product_tag-microscopios-de-cirugia","14":"product_tag-microscopios-de-cirugia-zeiss","15":"product_tag-opmi","16":"product_tag-opmi-i","17":"product_tag-opmi-lumera","18":"product_tag-zeiss","19":"product_tag-zeiss-i","20":"product_tag-zeiss-lumera","21":"product_tag-zeiss-opmi","22":"product_tag-zeiss-opmi-i","23":"product_tag-zeiss-opmi-lumera","24":"product_tag-zeiss-opmi-lumera-i","26":"first","27":"instock","28":"shipping-taxable","29":"purchasable","30":"product-type-simple"},"acf":[],"brands":[{"id":1062,"name":"Zeiss","slug":"zeiss"}],"_links":{"self":[{"href":"https:\/\/www.somatechnology.com\/spanish\/wp-json\/wp\/v2\/product\/10926","targetHints":{"allow":["GET"]}}],"collection":[{"href":"https:\/\/www.somatechnology.com\/spanish\/wp-json\/wp\/v2\/product"}],"about":[{"href":"https:\/\/www.somatechnology.com\/spanish\/wp-json\/wp\/v2\/types\/product"}],"wp:featuredmedia":[{"embeddable":true,"href":"https:\/\/www.somatechnology.com\/spanish\/wp-json\/wp\/v2\/media\/10927"}],"wp:attachment":[{"href":"https:\/\/www.somatechnology.com\/spanish\/wp-json\/wp\/v2\/media?parent=10926"}],"wp:term":[{"taxonomy":"pwb-brand","embeddable":true,"href":"https:\/\/www.somatechnology.com\/spanish\/wp-json\/wp\/v2\/pwb-brand?post=10926"},{"taxonomy":"product_brand","embeddable":true,"href":"https:\/\/www.somatechnology.com\/spanish\/wp-json\/wp\/v2\/product_brand?post=10926"},{"taxonomy":"product_cat","embeddable":true,"href":"https:\/\/www.somatechnology.com\/spanish\/wp-json\/wp\/v2\/product_cat?post=10926"},{"taxonomy":"product_tag","embeddable":true,"href":"https:\/\/www.somatechnology.com\/spanish\/wp-json\/wp\/v2\/product_tag?post=10926"}],"curies":[{"name":"wp","href":"https:\/\/api.w.org\/{rel}","templated":true}]}}