{"id":10936,"date":"2018-05-18T16:09:48","date_gmt":"2018-05-18T16:09:48","guid":{"rendered":"https:\/\/www.somatechnology.com\/spanish\/?post_type=product&#038;p=10936"},"modified":"2025-01-24T15:31:34","modified_gmt":"2025-01-24T20:31:34","slug":"zeiss-opmi-lumera-700","status":"publish","type":"product","link":"https:\/\/www.somatechnology.com\/spanish\/equipo-medico-usado-remanufacturado\/microscopios-de-cirugia\/zeiss-opmi-lumera-700\/","title":{"rendered":"Zeiss OPMI LUMERA 700"},"content":{"rendered":"<h2>Caracter\u00edsticas Zeiss OPMI LUMERA 700<\/h2>\n<p>El <a href=\"https:\/\/www.somatechnology.com\/wp-content\/uploads\/sites\/2\/2018\/05\/zeiss-lumera-700-spa.pdf\"><strong>Zeiss Opmi LUMERA 700<\/strong><\/a> combina un microscopio quir\u00fargico con el Oct comercial para los usos oft\u00e1lmicos. El OPMI LUMERA 700 con integrado Oct intraoperativo integra incons\u00fatil en su flujo de trabajo quir\u00fargico que agrega una tercera dimensi\u00f3n en tiempo real a sus capacidades de la visualizaci\u00f3n. Este sistema permite que el cirujano vea las estructuras transparentes del ojo durante la cirug\u00eda y supervise inmediatamente sus decisiones, progreso, y resultados quir\u00fargicos. Los sistemas de visi\u00f3n de fondo sin contacto proporcionan una visualizaci\u00f3n clara y detallada de la retina.<\/p>\n<ul>\n<li>Conmutaci\u00f3n r\u00e1pida entre un segundo objetivo y la ampliaci\u00f3n.<\/li>\n<li>Reaseguro en tiempo real durante la cirug\u00eda de la retina.<\/li>\n<li>Iluminaci\u00f3n coaxial est\u00e9reo (SCI).<\/li>\n<li>Reflejo rojo altamente estable, de alto contraste.<\/li>\n<li>Funciones de asistencia en el ocular.<\/li>\n<li>Sistema de zoom motorizado con lente apocrom\u00e1tica.<\/li>\n<li>Factor de aumento = 0.4 x-2.4 x<\/li>\n<li>Concentraci\u00f3n: el\u00e9ctrico\/motorizado<\/li>\n<li>Gama del foco: 70m m<\/li>\n<\/ul>\n","protected":false},"excerpt":{"rendered":"<p><label class=\"selectit\">Microscopios de Cirugia<\/label><\/p>\n","protected":false},"featured_media":31686,"template":"","meta":{"_acf_changed":false,"_relevanssi_hide_post":"","_relevanssi_hide_content":"","_relevanssi_pin_for_all":"","_relevanssi_pin_keywords":"","_relevanssi_unpin_keywords":"","_relevanssi_related_keywords":"","_relevanssi_related_include_ids":"","_relevanssi_related_exclude_ids":"","_relevanssi_related_no_append":"","_relevanssi_related_not_related":"","_relevanssi_related_posts":"","_relevanssi_noindex_reason":"","inline_featured_image":false},"pwb-brand":[1062],"product_brand":[],"product_cat":[69],"product_tag":[3887,3888,3858,4327,965,3890,3856,3889,767,3865,4326,765,3854,3886],"class_list":{"0":"post-10936","1":"product","2":"type-product","3":"status-publish","4":"has-post-thumbnail","6":"pwb-brand-zeiss","7":"product_cat-microscopios-de-cirugia","8":"product_tag-3887","9":"product_tag-lumera-700","10":"product_tag-microscopios-de-cirugia","11":"product_tag-microscopios-de-cirugia-zeiss","12":"product_tag-opmi","13":"product_tag-opmi-700","14":"product_tag-opmi-lumera","15":"product_tag-opmi-lumera-700","16":"product_tag-zeiss","17":"product_tag-zeiss-lumera","18":"product_tag-zeiss-microscopios-de-cirugia","19":"product_tag-zeiss-opmi","20":"product_tag-zeiss-opmi-lumera","21":"product_tag-zeiss-opmi-lumera-700","23":"first","24":"instock","25":"shipping-taxable","26":"purchasable","27":"product-type-simple"},"acf":[],"brands":[{"id":1062,"name":"Zeiss","slug":"zeiss"}],"_links":{"self":[{"href":"https:\/\/www.somatechnology.com\/spanish\/wp-json\/wp\/v2\/product\/10936","targetHints":{"allow":["GET"]}}],"collection":[{"href":"https:\/\/www.somatechnology.com\/spanish\/wp-json\/wp\/v2\/product"}],"about":[{"href":"https:\/\/www.somatechnology.com\/spanish\/wp-json\/wp\/v2\/types\/product"}],"wp:featuredmedia":[{"embeddable":true,"href":"https:\/\/www.somatechnology.com\/spanish\/wp-json\/wp\/v2\/media\/31686"}],"wp:attachment":[{"href":"https:\/\/www.somatechnology.com\/spanish\/wp-json\/wp\/v2\/media?parent=10936"}],"wp:term":[{"taxonomy":"pwb-brand","embeddable":true,"href":"https:\/\/www.somatechnology.com\/spanish\/wp-json\/wp\/v2\/pwb-brand?post=10936"},{"taxonomy":"product_brand","embeddable":true,"href":"https:\/\/www.somatechnology.com\/spanish\/wp-json\/wp\/v2\/product_brand?post=10936"},{"taxonomy":"product_cat","embeddable":true,"href":"https:\/\/www.somatechnology.com\/spanish\/wp-json\/wp\/v2\/product_cat?post=10936"},{"taxonomy":"product_tag","embeddable":true,"href":"https:\/\/www.somatechnology.com\/spanish\/wp-json\/wp\/v2\/product_tag?post=10936"}],"curies":[{"name":"wp","href":"https:\/\/api.w.org\/{rel}","templated":true}]}}