{"id":11119,"date":"2018-06-05T19:16:53","date_gmt":"2018-06-05T19:16:53","guid":{"rendered":"https:\/\/www.somatechnology.com\/spanish\/?post_type=product&#038;p=11119"},"modified":"2023-08-23T06:29:06","modified_gmt":"2023-08-23T10:29:06","slug":"schaerer-arcus-701","status":"publish","type":"product","link":"https:\/\/www.somatechnology.com\/spanish\/equipo-medico-usado-remanufacturado\/mesas-de-cirugia\/schaerer-arcus-701\/","title":{"rendered":"Schaerer Arcus 701"},"content":{"rendered":"<h2>Caracter\u00edsticas Schaerer Arcus 701<\/h2>\n<p>El <strong>Schaerer Arcus 701<\/strong> es la \u00faltima innovaci\u00f3n de Schaerer Medical. Con la famosa base en voladizo Schaerer offset para obtener el m\u00e1ximo acceso a la imagen, el arco est\u00e1 dise\u00f1ado para la cirug\u00eda general, as\u00ed como el uso de la especialidad. El arco es extremadamente f\u00e1cil de usar y puede soportar pesos de paciente de hasta 800 libras en la orientaci\u00f3n normal e inversa. Al igual que todos nuestros productos, la seguridad del paciente y la conveniencia operativa son de importancia primordial.<\/p>\n<ul>\n<li>capacidad est\u00e1tica del peso de 1100 libras (800 libras de din\u00e1mico)<\/li>\n<li>23 \u00abbaja altura para pacientes sentados o bari\u00e1tricas<\/li>\n<li>La base en voladizo proporciona un \u00e1rea de imagen insuperable<\/li>\n<li>Bot\u00f3n neuro Speed para un posicionamiento exacto<\/li>\n<li>5ta rueda para la rotaci\u00f3n 360 \u00b0<\/li>\n<li>Una amplia gama de accesorios permite transformar el arco en una mesa vers\u00e1til, perfecta para procedimientos ortop\u00e9dicos, bari\u00e1tricas, urol\u00f3gicos, neuroquir\u00fargicos o de columna vertebral..<\/li>\n<\/ul>\n<h2>Especificaciones Schaerer Arcus 701<\/h2>\n<h3>Dimensiones<\/h3>\n<ul>\n<li>\u2022 Peso sin las placas de la cabeza y de la pierna: 290kg<\/li>\n<li>\u2022 Longitud sin la placa principal: 695 mil\u00edmetro<\/li>\n<li>\u2022 Longitud con la placa principal: 990 mil\u00edmetro<\/li>\n<li>\u2022 La anchura de la tapa de mesa: 520 mil\u00edmetro<\/li>\n<li>\u2022 Anchura total (con los carriles laterales): 580 mil\u00edmetro<\/li>\n<li>\u2022 Anchura con la extensi\u00f3n lateral de la mesa: 880 mil\u00edmetro<\/li>\n<li>\u2022 Peso m\u00e1ximo del paciente: 360 kg<\/li>\n<li>\u2022 Ajuste de altura con el peso del paciente hasta 260 kg (almohadilla del borde superior, mesa bloqueada): 595 \u2013 1200 mm<\/li>\n<li>\u2022 Ajuste de altura con el peso del paciente sobre 260 kilogramos (coj\u00edn del borde superior, mesa bloqueada): 595 \u2013 1000 mm<\/li>\n<\/ul>\n<h3>Movimientos de la mesa<\/h3>\n<ul>\n<li>Trendelenburg\/Trendelenburg reverso: 30 \u00b0<\/li>\n<li>Inclinaci\u00f3n lateral derecha\/izquierda: 20 \u00b0<\/li>\n<li>Placa de asiento para arriba: 65 \u00b0<\/li>\n<li>Placa del asiento abajo: 40\u00b0<\/li>\n<\/ul>\n<h3>Datos t\u00e9cnicos<\/h3>\n<ul>\n<li>Conexi\u00f3n de red el\u00e9ctrica<\/li>\n<li>100-120\/200-240 v AC, voltaje de control de 50-60 Hz 24 v DC<\/li>\n<li>Tiempo de carga de la bater\u00eda 6 \u2013 8 horas<\/li>\n<li>Capacidad de la bater\u00eda: aprox. 50 \u2013 80 operaciones 4 bater\u00edas especiales sin mantenimiento con indicaci\u00f3n de capacidad en la pantalla del control manual (y se\u00f1al ac\u00fastica de bater\u00eda baja)<\/li>\n<li>Riel lateral dimensiones 25 x 10 mm o 30 x 10 mm<\/li>\n<li>Peso: 300 k<\/li>\n<\/ul>\n<p>&nbsp;<\/p>\n","protected":false},"excerpt":{"rendered":"<p>Mesas Quir\u00fargicas<\/p>\n","protected":false},"featured_media":11120,"template":"","meta":{"_acf_changed":false,"_relevanssi_hide_post":"","_relevanssi_hide_content":"","_relevanssi_pin_for_all":"","_relevanssi_pin_keywords":"","_relevanssi_unpin_keywords":"","_relevanssi_related_keywords":"","_relevanssi_related_include_ids":"","_relevanssi_related_exclude_ids":"","_relevanssi_related_no_append":"","_relevanssi_related_not_related":"","_relevanssi_related_posts":"","_relevanssi_noindex_reason":"","inline_featured_image":false},"pwb-brand":[3268],"product_brand":[],"product_cat":[72],"product_tag":[4162,4163,3098,3095,3094,2500,3100,3099,3269,4164,3329,4161],"class_list":{"0":"post-11119","1":"product","2":"type-product","3":"status-publish","4":"has-post-thumbnail","6":"pwb-brand-mesa-quirurgicas-schaerer-medical","7":"product_cat-mesas-de-cirugia","8":"product_tag-4162","9":"product_tag-arcus-701","10":"product_tag-mesa","11":"product_tag-mesa-quirurgica","12":"product_tag-mesas","13":"product_tag-mesas-quirurgicas","14":"product_tag-quirurgica","15":"product_tag-quirurgicas","16":"product_tag-schaerer","17":"product_tag-schaerer-701","18":"product_tag-schaerer-arcus","19":"product_tag-schaerer-arcus-701","21":"first","22":"instock","23":"shipping-taxable","24":"purchasable","25":"product-type-simple"},"acf":[],"brands":[{"id":3268,"name":"Schaerer Medical","slug":"mesa-quirurgicas-schaerer-medical"}],"_links":{"self":[{"href":"https:\/\/www.somatechnology.com\/spanish\/wp-json\/wp\/v2\/product\/11119","targetHints":{"allow":["GET"]}}],"collection":[{"href":"https:\/\/www.somatechnology.com\/spanish\/wp-json\/wp\/v2\/product"}],"about":[{"href":"https:\/\/www.somatechnology.com\/spanish\/wp-json\/wp\/v2\/types\/product"}],"wp:featuredmedia":[{"embeddable":true,"href":"https:\/\/www.somatechnology.com\/spanish\/wp-json\/wp\/v2\/media\/11120"}],"wp:attachment":[{"href":"https:\/\/www.somatechnology.com\/spanish\/wp-json\/wp\/v2\/media?parent=11119"}],"wp:term":[{"taxonomy":"pwb-brand","embeddable":true,"href":"https:\/\/www.somatechnology.com\/spanish\/wp-json\/wp\/v2\/pwb-brand?post=11119"},{"taxonomy":"product_brand","embeddable":true,"href":"https:\/\/www.somatechnology.com\/spanish\/wp-json\/wp\/v2\/product_brand?post=11119"},{"taxonomy":"product_cat","embeddable":true,"href":"https:\/\/www.somatechnology.com\/spanish\/wp-json\/wp\/v2\/product_cat?post=11119"},{"taxonomy":"product_tag","embeddable":true,"href":"https:\/\/www.somatechnology.com\/spanish\/wp-json\/wp\/v2\/product_tag?post=11119"}],"curies":[{"name":"wp","href":"https:\/\/api.w.org\/{rel}","templated":true}]}}