{"id":11135,"date":"2018-06-06T15:24:41","date_gmt":"2018-06-06T15:24:41","guid":{"rendered":"https:\/\/www.somatechnology.com\/spanish\/?post_type=product&#038;p=11135"},"modified":"2023-08-23T06:29:11","modified_gmt":"2023-08-23T10:29:11","slug":"stryker-trio","status":"publish","type":"product","link":"https:\/\/www.somatechnology.com\/spanish\/equipo-medico-usado-remanufacturado\/mesas-de-cirugia\/stryker-trio\/","title":{"rendered":"Stryker Trio"},"content":{"rendered":"<h2>Caracter\u00edsticas Stryker Trio<\/h2>\n<p>El <strong>Stryker Trio<\/strong> es una mesa de funcionamiento m\u00f3vil, y de la plataforma de la recuperaci\u00f3n en una unidad. Con la mesa quir\u00fargica Trio, el paciente permanece en la misma superficie para pre-operatorio, cirug\u00eda, y post-operatorio. Al hacerlo, esto reduce considerablemente el manejo del paciente y mejora la seguridad del paciente y del personal.<\/p>\n<ul>\n<li>Colch\u00f3n ultra Comfort de 3 \u00ab(8 cm) con costuras selladas<\/li>\n<li>Echadores Omni Surface &#x2122; de 6 \u00ab(15 cm)<\/li>\n<li>78 \u00ab(198 cm) superficie del paciente<\/li>\n<li>Sistema de elevaci\u00f3n estabilizadora Quadra Channel &#x2122;<\/li>\n<li>SIDERAILS permiten la separaci\u00f3n del fluoro<\/li>\n<li>Cuatro recept\u00e1culos IV<\/li>\n<li>Frenos de cuatro ruedas, de acero-anillo con los activadores laterales duales<\/li>\n<li>El respaldo asciende a 80 \u00b0<\/li>\n<li>Secci\u00f3n desprendible del pie (0 \u00b0-50 \u00b0)<\/li>\n<li>20 \u00b0 Trend.\/15 \u00b0 tendencia inversa<\/li>\n<li>Inclinaci\u00f3n lateral izquierda y derecha \u00b1 15 \u00b0<\/li>\n<li>Tapa de litera UltraView para acceso sin obstrucciones de fluoroscopia<\/li>\n<li>Controles de tres caras del pie para la elevaci\u00f3n\/funciones m\u00e1s bajas<\/li>\n<li>Manejo retractable de la quinto-rueda<\/li>\n<li>Base de perfil bajo con capucha termo conformada<\/li>\n<li>Rieles auxiliares para cirug\u00eda de longitud completa<\/li>\n<\/ul>\n<h2>Especificaciones Stryker Trio<\/h2>\n<h3>Dimensiones<\/h3>\n<ul>\n<li>Largura total: 80 \u00ab(203 cm)<\/li>\n<li>Anchura total: SIDERAILS encima de: 33 \u00ab(84 cm)<\/li>\n<li>SIDERAILS abajo o fuera: 30 \u00ab(76 cm)<\/li>\n<li>Capacidad del peso: 500 libras (228 kilogramos)<\/li>\n<li>Superficie del paciente: 27 \u00abx 78\u00bb (69 x 198 cm)<\/li>\n<li>Siderails: 12 \u00abx 49\u00bb (30 x 124 cm)<\/li>\n<li>Di\u00e1metro del echador: 6\u201d (15 cm)<\/li>\n<\/ul>\n<h3>Colocaci\u00f3n de la litera<\/h3>\n<ul>\n<li>Respaldo: 1 \u00b0-80 \u00b0<\/li>\n<li>Secci\u00f3n del pie: 0 \u00b0-50 \u00b0<\/li>\n<li>Tendencia\/tendencia reversa: + 20 \u00b0\/-15 \u00b0 tendencia<\/li>\n<li>Inclinaci\u00f3n lateral: \u00b115\u00b0<\/li>\n<\/ul>\n<h3>Gama de la altura<\/h3>\n<ul>\n<li>Alto: 40 \u00ab(102 cm)<\/li>\n<li>Bajo: 26 \u00ab(66 cm)<\/li>\n<\/ul>\n<p>&nbsp;<\/p>\n","protected":false},"excerpt":{"rendered":"<p>Mesa Quir\u00fargicas<\/p>\n","protected":false},"featured_media":11136,"template":"","meta":{"_acf_changed":false,"_relevanssi_hide_post":"","_relevanssi_hide_content":"","_relevanssi_pin_for_all":"","_relevanssi_pin_keywords":"","_relevanssi_unpin_keywords":"","_relevanssi_related_keywords":"","_relevanssi_related_include_ids":"","_relevanssi_related_exclude_ids":"","_relevanssi_related_no_append":"","_relevanssi_related_not_related":"","_relevanssi_related_posts":"","_relevanssi_noindex_reason":"","inline_featured_image":false},"pwb-brand":[1079],"product_brand":[],"product_cat":[72,58,4778],"product_tag":[4179,4178,3098,3095,3094,2500,6854,3100,3099,178,4180,4181],"class_list":{"0":"post-11135","1":"product","2":"type-product","3":"status-publish","4":"has-post-thumbnail","6":"pwb-brand-equipo-medico-stryker","7":"product_cat-mesas-de-cirugia","8":"product_cat-camillas","9":"product_cat-camillas-de-transporte","10":"product_tag-camilla","11":"product_tag-camillas","12":"product_tag-mesa","13":"product_tag-mesa-quirurgica","14":"product_tag-mesas","15":"product_tag-mesas-quirurgicas","16":"product_tag-mesas-quirurgicas-stryker","17":"product_tag-quirurgica","18":"product_tag-quirurgicas","19":"product_tag-stryker","20":"product_tag-stryker-trio","21":"product_tag-trio","23":"first","24":"instock","25":"shipping-taxable","26":"purchasable","27":"product-type-simple"},"acf":[],"brands":[{"id":1079,"name":"Stryker","slug":"equipo-medico-stryker"}],"_links":{"self":[{"href":"https:\/\/www.somatechnology.com\/spanish\/wp-json\/wp\/v2\/product\/11135","targetHints":{"allow":["GET"]}}],"collection":[{"href":"https:\/\/www.somatechnology.com\/spanish\/wp-json\/wp\/v2\/product"}],"about":[{"href":"https:\/\/www.somatechnology.com\/spanish\/wp-json\/wp\/v2\/types\/product"}],"wp:featuredmedia":[{"embeddable":true,"href":"https:\/\/www.somatechnology.com\/spanish\/wp-json\/wp\/v2\/media\/11136"}],"wp:attachment":[{"href":"https:\/\/www.somatechnology.com\/spanish\/wp-json\/wp\/v2\/media?parent=11135"}],"wp:term":[{"taxonomy":"pwb-brand","embeddable":true,"href":"https:\/\/www.somatechnology.com\/spanish\/wp-json\/wp\/v2\/pwb-brand?post=11135"},{"taxonomy":"product_brand","embeddable":true,"href":"https:\/\/www.somatechnology.com\/spanish\/wp-json\/wp\/v2\/product_brand?post=11135"},{"taxonomy":"product_cat","embeddable":true,"href":"https:\/\/www.somatechnology.com\/spanish\/wp-json\/wp\/v2\/product_cat?post=11135"},{"taxonomy":"product_tag","embeddable":true,"href":"https:\/\/www.somatechnology.com\/spanish\/wp-json\/wp\/v2\/product_tag?post=11135"}],"curies":[{"name":"wp","href":"https:\/\/api.w.org\/{rel}","templated":true}]}}