{"id":11291,"date":"2018-06-14T19:13:16","date_gmt":"2018-06-14T19:13:16","guid":{"rendered":"https:\/\/www.somatechnology.com\/spanish\/?post_type=product&#038;p=11291"},"modified":"2025-09-23T10:09:03","modified_gmt":"2025-09-23T14:09:03","slug":"mindray-datascope-trio","status":"publish","type":"product","link":"https:\/\/www.somatechnology.com\/spanish\/equipo-medico-usado-remanufacturado\/monitores-de-signos-vitales\/monitores-multiparametros\/mindray-datascope-trio\/","title":{"rendered":"Mindray Datascope Trio"},"content":{"rendered":"<h2>CARACTER\u00cdSTICAS DE MINDRAY DATASCOPE TRIO<\/h2>\n<p>El monitor de paciente port\u00e1til <strong>Mindray Datascope Trio<\/strong> utiliza un m\u00f3dulo de par\u00e1metros como base para la adquisici\u00f3n de datos del paciente. El Datascope Trio tiene una pantalla en color de alta resoluci\u00f3n que ofrece un \u00e1rea de visualizaci\u00f3n n\u00edtida para mostrar el ECG, la SPO2, la PNI y la temperatura. El Trio cuenta con un dise\u00f1o ligero, un gancho y un asa integrados en la barandilla de la cama, una fuente de alimentaci\u00f3n y un registrador integrados, lo que hace que este monitor sea muy adaptable para su uso en muchos departamentos diferentes.<\/p>\n<ul>\n<li>Pantalla TFT en color de 8.4&#8243;.<\/li>\n<li>Resoluci\u00f3n de 800 x 600.<\/li>\n<li>Las caracter\u00edsticas est\u00e1ndar incluyen 4 formas de onda, ECG de 3 \u00f3 5 derivaciones, SPO2, NIBP, temperatura y respiraci\u00f3n.<\/li>\n<li>Fuente de alimentaci\u00f3n incorporada para la conexi\u00f3n directa de CA.<\/li>\n<li>Reconocimiento r\u00e1pido y sencillo de la informaci\u00f3n del paciente.<\/li>\n<li>Asa plegable con gancho incorporado para la barandilla de la cama.<\/li>\n<\/ul>\n","protected":false},"excerpt":{"rendered":"<p>El monitor de paciente port\u00e1til Mindray Datascope Trio utiliza un m\u00f3dulo de par\u00e1metros como base para la adquisici\u00f3n de datos del paciente. El Datascope Trio tiene una pantalla en color de alta resoluci\u00f3n que ofrece un \u00e1rea de visualizaci\u00f3n n\u00edtida para mostrar el ECG, la SPO2, la PNI y la temperatura.<\/p>\n","protected":false},"featured_media":11292,"template":"","meta":{"_acf_changed":false,"_relevanssi_hide_post":"","_relevanssi_hide_content":"","_relevanssi_pin_for_all":"","_relevanssi_pin_keywords":"","_relevanssi_unpin_keywords":"","_relevanssi_related_keywords":"","_relevanssi_related_include_ids":"","_relevanssi_related_exclude_ids":"","_relevanssi_related_no_append":"","_relevanssi_related_not_related":"","_relevanssi_related_posts":"","_relevanssi_noindex_reason":"","inline_featured_image":false},"pwb-brand":[1135],"product_brand":[],"product_cat":[50],"product_tag":[507,4331,450,509,4330,4332,4329,3614,3930,3896],"class_list":{"0":"post-11291","1":"product","2":"type-product","3":"status-publish","4":"has-post-thumbnail","6":"pwb-brand-equipo-medico-mindray","7":"product_cat-monitores-multiparametros","8":"product_tag-datascope","9":"product_tag-datascope-trio","10":"product_tag-mindray","11":"product_tag-mindray-datascope","12":"product_tag-mindray-datascope-trio","13":"product_tag-mindray-trio","14":"product_tag-monitore","15":"product_tag-monitores-multiparametros","16":"product_tag-multiparametro","17":"product_tag-multiparametros","19":"first","20":"instock","21":"shipping-taxable","22":"purchasable","23":"product-type-simple"},"acf":[],"brands":[{"id":1135,"name":"Mindray","slug":"equipo-medico-mindray"}],"_links":{"self":[{"href":"https:\/\/www.somatechnology.com\/spanish\/wp-json\/wp\/v2\/product\/11291","targetHints":{"allow":["GET"]}}],"collection":[{"href":"https:\/\/www.somatechnology.com\/spanish\/wp-json\/wp\/v2\/product"}],"about":[{"href":"https:\/\/www.somatechnology.com\/spanish\/wp-json\/wp\/v2\/types\/product"}],"wp:featuredmedia":[{"embeddable":true,"href":"https:\/\/www.somatechnology.com\/spanish\/wp-json\/wp\/v2\/media\/11292"}],"wp:attachment":[{"href":"https:\/\/www.somatechnology.com\/spanish\/wp-json\/wp\/v2\/media?parent=11291"}],"wp:term":[{"taxonomy":"pwb-brand","embeddable":true,"href":"https:\/\/www.somatechnology.com\/spanish\/wp-json\/wp\/v2\/pwb-brand?post=11291"},{"taxonomy":"product_brand","embeddable":true,"href":"https:\/\/www.somatechnology.com\/spanish\/wp-json\/wp\/v2\/product_brand?post=11291"},{"taxonomy":"product_cat","embeddable":true,"href":"https:\/\/www.somatechnology.com\/spanish\/wp-json\/wp\/v2\/product_cat?post=11291"},{"taxonomy":"product_tag","embeddable":true,"href":"https:\/\/www.somatechnology.com\/spanish\/wp-json\/wp\/v2\/product_tag?post=11291"}],"curies":[{"name":"wp","href":"https:\/\/api.w.org\/{rel}","templated":true}]}}