{"id":11660,"date":"2018-07-13T16:29:52","date_gmt":"2018-07-13T16:29:52","guid":{"rendered":"https:\/\/www.somatechnology.com\/spanish\/?post_type=product&#038;p=11660"},"modified":"2023-08-23T06:29:35","modified_gmt":"2023-08-23T10:29:35","slug":"ge-aisys-cs2","status":"publish","type":"product","link":"https:\/\/www.somatechnology.com\/spanish\/equipo-medico-usado-remanufacturado\/maquinas-de-anestesia\/ge-aisys-cs2\/","title":{"rendered":"GE Aisys CS2"},"content":{"rendered":"<h2>Caracter\u00edsticas de GE Aisys CS2<\/h2>\n<p>El <strong>Aisys CS2<\/strong> le ayuda a ofrecer un rendimiento incomparable a trav\u00e9s del cuidado centrado en el paciente. El Aisys CS2 es la soluci\u00f3n m\u00e1s completa de la anestesia desarrollada, poniendo cuidado paciente-enfocado en el punto de la necesidad-en sus yemas del dedo.<\/p>\n<p>El Aisys Carestation se basa en nuestro legado l\u00edder en la industria de la administraci\u00f3n de anestesia y la tecnolog\u00eda de monitoreo de pacientes. Hemos incorporado caracter\u00edsticas innovadoras para ayudarle a proporcionar el cuidado personalizado que sus pacientes merecen.<\/p>\n<ul>\n<li>Pantalla a color de 15 pulgadas con tecnolog\u00eda de pantalla t\u00e1ctil intuitiva.<\/li>\n<li>Muestra respiraci\u00f3n-por-respiraci\u00f3n espirometr\u00eda: flujo de la presi\u00f3n de la v\u00eda a\u00e9rea, volumen, conformidad, PEEP, y resistencia de la v\u00eda a\u00e9rea.<\/li>\n<li>Amplia gama de modos de ventilaci\u00f3n ofrecidos: VCV, PCV, PSVPro, PCV-VG, SIMV, VCV, SIMV PCV, CPAP + PSV, y SIMV PCV-VG.<\/li>\n<li>Ventilador de control digital, vaporizador y entrega de gas.<\/li>\n<li>Configuraci\u00f3n optimizada y configurable por el usuario para ajustar r\u00e1pidamente el flujo de agente, ox\u00edgeno y gas fresco.<\/li>\n<li>Sistema de respiraci\u00f3n avanzado dise\u00f1ado para anestesia de bajo flujo<\/li>\n<li>La tecnolog\u00eda EcoFlow muestra el consumo del agente, ayudando a reducir el despilfarro de gases anest\u00e9sicos sobre la entrega durante el flujo bajo no automatizado.<\/li>\n<li>Los l\u00edmites de alarma autom\u00e1ticos con alarmas de t\u00fanel le ayudan a optimizar la gesti\u00f3n de alarmas.<\/li>\n<li>Dise\u00f1o robusto disponible con tres o cuatro cajones.<\/li>\n<li>La pantalla del paciente se monta en un brazo movible con rotaci\u00f3n completa para una visi\u00f3n clara en innumerables posiciones.<\/li>\n<li>Los men\u00fas f\u00e1ciles de usar ayudan a reducir el tiempo de preparaci\u00f3n y pueden minimizar las necesidades de capacitaci\u00f3n.<\/li>\n<li>Un espacio de trabajo iluminado se puede ajustar para una variedad de ajustes de cuidado.<\/li>\n<li>Freno central, superficie del trabajo del metal.<\/li>\n<li>Apoya las exhibiciones horizontales y verticales del montaje.<\/li>\n<\/ul>\n<h2>Especificaciones de GE Aisys CS2<\/h2>\n<h3>Dimensiones<\/h3>\n<ul>\n<li>Altura: 133,9 cm\/52.7 en<\/li>\n<li>Altura (con el brazo vertical): 190,5 cm\/75.0 en 211 cm\/83.1 en<\/li>\n<li>Anchura: 68 cm\/26.8 en<\/li>\n<li>Profundidad: 82 cm\/32.3 en<\/li>\n<li>Peso: 190 kg\/419 lbs<\/li>\n<\/ul>\n<h3>Dimensiones del estante superior<\/h3>\n<ul>\n<li>L\u00edmite de peso: 45 kg\/100 lb<\/li>\n<li>Anchura: 55 cm\/21.65 en<\/li>\n<li>Profundidad: 51.6 cm\/20.31 in<\/li>\n<\/ul>\n<h3>Dimensiones del estante superior<\/h3>\n<ul>\n<li>Peso l\u00edmite: 23 kg\/50 lb<\/li>\n<li>Anchura: 54,8 cm\/21.57 en<\/li>\n<li>Profundidad: 44,4 cm\/17.48 in<\/li>\n<\/ul>\n<h3>Dimensiones de superficie de trabajo<\/h3>\n<ul>\n<li>Altura: 87,5 cm\/34.4 en<\/li>\n<li>Tama\u00f1o: 2684.2 cm2 \/416 in2<\/li>\n<\/ul>\n<h3>Dimensiones plegables del estante lateral (opcionales)<\/h3>\n<ul>\n<li>Peso l\u00edmite: 12 kg\/25 lb<\/li>\n<li>Altura: 88,17 cm\/34.7 en<\/li>\n<li>Anchura: 27,7 cm\/10.91 en<\/li>\n<li>Profundidad: 36.6 cm\/14.41 in<\/li>\n<\/ul>\n<h3>Cajones (dimensiones internas)<\/h3>\n<p><strong>Peque\u00f1o<\/strong><\/p>\n<ul>\n<li>Altura: 10,5 cm\/4.13 en<\/li>\n<li>Anchura: 37,80 cm\/14.88 en<\/li>\n<li>Profundidad: 37.64 cm\/14.82 in<\/li>\n<\/ul>\n<p><strong>Grande<\/strong><\/p>\n<ul>\n<li>Altura: 15,0 cm\/5.91 en<\/li>\n<li>Anchura: 37,80 cm\/14.88 en<\/li>\n<li>Profundidad: 37,64 cm\/14.82 en<\/li>\n<\/ul>\n<h3>Brazo del bolso del amortiguador (opcional)<\/h3>\n<ul>\n<li>Longitud del brazo: 39,8 cm\/15.67 en<\/li>\n<li>Altura del brazo del bolso (ajustable): 98 cm\/38.6 en 123 cm\/48.4 in<\/li>\n<\/ul>\n<h3>Ruedas<\/h3>\n<ul>\n<li>Di\u00e1metro: 12,5 cm\/5 en<\/li>\n<li>Frenos: freno central<\/li>\n<\/ul>\n<h3>Especificaciones de funcionamiento del ventilador<\/h3>\n<h3>Par\u00e1metros de ventilaci\u00f3n<\/h3>\n<ul>\n<li>Rango de volumen de marea: 20 a 1500 ml (control de volumen, PCV-VG, SIMV y SIMV PCV-VG modos)<\/li>\n<li>Ajustes incrementales: 20 a 50 ml (incrementos de 1 ml) 50 a 100 ml (incrementos de 5 ml)<\/li>\n<li>100 a 300 ml (incrementos de 10 ml)<\/li>\n<li>300 a 1000 ml (incrementos de 25 ml)<\/li>\n<li>1000 a 1500 ml (incrementos de 50 ml)<\/li>\n<li>Gama minuciosa del volumen: menos de 0,1 a 99,9 L\/min<\/li>\n<li>Presi\u00f3n (P) gama inspirada: 5 a 60 cmH2O (incrementos de 1 cmH2O)\/5 a 1500 ml de entrega de volumen<\/li>\n<li>Presi\u00f3n (p) rango m\u00e1ximo: 12 a 100 cmH2O (incrementos de 1 cmH2O)\/presi\u00f3n (p) rango de apoyo: OFF, 2 a 40 cmH2O (incrementos de 1 cmH2O)<\/li>\n<li>Tarifa: tarifa: 4 a 100 respiraciones por minuto control de volumen, control de presi\u00f3n<\/li>\n<li>PCV-VG; 2 a 60 respiraciones por minuto para SIMV, PSVPro, SIMV PCV-VG; 4 a 60 respiraciones por minuto para CPAP + PSV<\/li>\n<\/ul>\n<p>&nbsp;<\/p>\n","protected":false},"excerpt":{"rendered":"<p>M\u00e1quinas de Anestesia<\/p>\n","protected":false},"featured_media":11661,"template":"","meta":{"_acf_changed":false,"_relevanssi_hide_post":"","_relevanssi_hide_content":"","_relevanssi_pin_for_all":"","_relevanssi_pin_keywords":"","_relevanssi_unpin_keywords":"","_relevanssi_related_keywords":"","_relevanssi_related_include_ids":"","_relevanssi_related_exclude_ids":"","_relevanssi_related_no_append":"","_relevanssi_related_not_related":"","_relevanssi_related_posts":"","_relevanssi_noindex_reason":"","inline_featured_image":false},"pwb-brand":[1100],"product_brand":[],"product_cat":[48],"product_tag":[4631,4632,4633,4629,223,4630,4628],"class_list":{"0":"post-11660","1":"product","2":"type-product","3":"status-publish","4":"has-post-thumbnail","6":"pwb-brand-equipo-medico-ge","7":"product_cat-maquinas-de-anestesia","8":"product_tag-ge-aisys","9":"product_tag-ge-aisys-cs2","10":"product_tag-ge-aisys-cs2-maquinas-de-anestesia","11":"product_tag-ge-maquinas-de-anestesia","12":"product_tag-maquinas-de-anestesia","13":"product_tag-maquinas-de-anestesia-ge","14":"product_tag-maquinas-de-anestesia-ge-aisys-cs2","16":"first","17":"instock","18":"shipping-taxable","19":"purchasable","20":"product-type-simple"},"acf":[],"brands":[{"id":1100,"name":"GE","slug":"equipo-medico-ge"}],"_links":{"self":[{"href":"https:\/\/www.somatechnology.com\/spanish\/wp-json\/wp\/v2\/product\/11660","targetHints":{"allow":["GET"]}}],"collection":[{"href":"https:\/\/www.somatechnology.com\/spanish\/wp-json\/wp\/v2\/product"}],"about":[{"href":"https:\/\/www.somatechnology.com\/spanish\/wp-json\/wp\/v2\/types\/product"}],"wp:featuredmedia":[{"embeddable":true,"href":"https:\/\/www.somatechnology.com\/spanish\/wp-json\/wp\/v2\/media\/11661"}],"wp:attachment":[{"href":"https:\/\/www.somatechnology.com\/spanish\/wp-json\/wp\/v2\/media?parent=11660"}],"wp:term":[{"taxonomy":"pwb-brand","embeddable":true,"href":"https:\/\/www.somatechnology.com\/spanish\/wp-json\/wp\/v2\/pwb-brand?post=11660"},{"taxonomy":"product_brand","embeddable":true,"href":"https:\/\/www.somatechnology.com\/spanish\/wp-json\/wp\/v2\/product_brand?post=11660"},{"taxonomy":"product_cat","embeddable":true,"href":"https:\/\/www.somatechnology.com\/spanish\/wp-json\/wp\/v2\/product_cat?post=11660"},{"taxonomy":"product_tag","embeddable":true,"href":"https:\/\/www.somatechnology.com\/spanish\/wp-json\/wp\/v2\/product_tag?post=11660"}],"curies":[{"name":"wp","href":"https:\/\/api.w.org\/{rel}","templated":true}]}}