{"id":12160,"date":"2018-08-13T17:03:16","date_gmt":"2018-08-13T17:03:16","guid":{"rendered":"https:\/\/www.somatechnology.com\/spanish\/?post_type=product&#038;p=12160"},"modified":"2025-06-09T16:25:18","modified_gmt":"2025-06-09T20:25:18","slug":"axia-entonofos","status":"publish","type":"product","link":"https:\/\/www.somatechnology.com\/spanish\/equipo-medico-usado-remanufacturado\/luces-de-cirugia-lamparas-quirurgicas\/axia-entonofos\/","title":{"rendered":"Axia Entonofos"},"content":{"rendered":"<h2>Caracter\u00edsticas del Axia Entonofos<\/h2>\n<p>El <strong><a href=\"https:\/\/www.somatechnology.com\/spanish\/wp-content\/uploads\/sites\/2\/2018\/08\/Axia-Entonofos-spa.pdf\">Axia Entonofos<\/a><\/strong> es una luz quir\u00fargica de alto rendimiento que proporciona una excelente comodidad y una iluminaci\u00f3n superior para procedimientos quir\u00fargicos. Su dise\u00f1o ergon\u00f3mico y \u00f3ptica avanzada aseguran visibilidad \u00f3ptima y comodidad durante el trabajo prolongado.<\/p>\n<ul>\n<li>Poder m\u00e1s elevado LED-5W el poder m\u00e1s elevado LED emite hasta 80, iluminaci\u00f3n 000lx<\/li>\n<li>Tecnolog\u00eda \u00f3ptica \u2013 sistema \u00f3ptico de precisi\u00f3n consistente en 4 lentes multi-revestidas<\/li>\n<li>Dise\u00f1o de la integraci\u00f3n \u2013 100% libertad de movimiento con bater\u00eda integrada sin cable<\/li>\n<li>Bater\u00eda de gran alcance-cada autonom\u00eda de la bater\u00eda para hasta 4 horas de funcionamiento continuo<\/li>\n<li>Brillo ajustable<\/li>\n<li>Dise\u00f1o y fabricaci\u00f3n superficiales finos<\/li>\n<li>Bater\u00edas dobles<\/li>\n<\/ul>\n<p>&nbsp;<\/p>\n","protected":false},"excerpt":{"rendered":"<p>Fuentes de Luz<\/p>\n","protected":false},"featured_media":32104,"template":"","meta":{"_acf_changed":false,"_relevanssi_hide_post":"","_relevanssi_hide_content":"","_relevanssi_pin_for_all":"","_relevanssi_pin_keywords":"","_relevanssi_unpin_keywords":"","_relevanssi_related_keywords":"","_relevanssi_related_include_ids":"","_relevanssi_related_exclude_ids":"","_relevanssi_related_no_append":"","_relevanssi_related_not_related":"","_relevanssi_related_posts":"","_relevanssi_noindex_reason":"","inline_featured_image":false},"pwb-brand":[1098],"product_brand":[],"product_cat":[71],"product_tag":[191,4977,10832,10838,10836,10837,10834,10841,10839,10840,10833,10835],"class_list":{"0":"post-12160","1":"product","2":"type-product","3":"status-publish","4":"has-post-thumbnail","6":"pwb-brand-equipo-medico-axia","7":"product_cat-luces-de-cirugia-lamparas-quirurgicas","8":"product_tag-axia","9":"product_tag-axia-entonofos","10":"product_tag-axia-entonofos-luz-frontal","11":"product_tag-axia-quirurgico","12":"product_tag-entonofos","13":"product_tag-entonofos-axia","14":"product_tag-luces-frontales-axia","15":"product_tag-luces-frontales-quirurgicas","16":"product_tag-luces-frontales-quirurgicas-axia","17":"product_tag-luz-frontal","18":"product_tag-luz-frontal-axia","19":"product_tag-luz-frontal-entonofos","21":"first","22":"instock","23":"shipping-taxable","24":"purchasable","25":"product-type-simple"},"acf":[],"brands":[{"id":1098,"name":"Axia","slug":"equipo-medico-axia"}],"_links":{"self":[{"href":"https:\/\/www.somatechnology.com\/spanish\/wp-json\/wp\/v2\/product\/12160","targetHints":{"allow":["GET"]}}],"collection":[{"href":"https:\/\/www.somatechnology.com\/spanish\/wp-json\/wp\/v2\/product"}],"about":[{"href":"https:\/\/www.somatechnology.com\/spanish\/wp-json\/wp\/v2\/types\/product"}],"wp:featuredmedia":[{"embeddable":true,"href":"https:\/\/www.somatechnology.com\/spanish\/wp-json\/wp\/v2\/media\/32104"}],"wp:attachment":[{"href":"https:\/\/www.somatechnology.com\/spanish\/wp-json\/wp\/v2\/media?parent=12160"}],"wp:term":[{"taxonomy":"pwb-brand","embeddable":true,"href":"https:\/\/www.somatechnology.com\/spanish\/wp-json\/wp\/v2\/pwb-brand?post=12160"},{"taxonomy":"product_brand","embeddable":true,"href":"https:\/\/www.somatechnology.com\/spanish\/wp-json\/wp\/v2\/product_brand?post=12160"},{"taxonomy":"product_cat","embeddable":true,"href":"https:\/\/www.somatechnology.com\/spanish\/wp-json\/wp\/v2\/product_cat?post=12160"},{"taxonomy":"product_tag","embeddable":true,"href":"https:\/\/www.somatechnology.com\/spanish\/wp-json\/wp\/v2\/product_tag?post=12160"}],"curies":[{"name":"wp","href":"https:\/\/api.w.org\/{rel}","templated":true}]}}