{"id":12262,"date":"2018-08-24T14:55:55","date_gmt":"2018-08-24T14:55:55","guid":{"rendered":"https:\/\/www.somatechnology.com\/spanish\/?post_type=product&#038;p=12262"},"modified":"2023-08-23T06:29:54","modified_gmt":"2023-08-23T10:29:54","slug":"drager-infinity-m300","status":"publish","type":"product","link":"https:\/\/www.somatechnology.com\/spanish\/equipo-medico-usado-remanufacturado\/monitores-de-signos-vitales\/monitores-multiparametros\/drager-infinity-m300\/","title":{"rendered":"Drager Infinity M300"},"content":{"rendered":"<h2>Caracter\u00edsticas del monitor multi-parametro Drager Infinity M300<\/h2>\n<p>El innovador Drager Infinity M300 monitor usado por el paciente proporciona una vigilancia continua de los pacientes telem\u00e9tricos que utilizan la red Wi-Fi existente del hospital. La pantalla en color de la unidad y las alarmas audibles le permiten evaluar y responder al estado de su paciente en el lugar. El M300 ofrece un monitor con base de Wi-Fi, duradero y ligero, que proporciona vigilancia continua para apoyar la seguridad del paciente.<\/p>\n<ul>\n<li>Pantalla a color incorporada con formas de onda y valores de signos vitales, proporcionando vigilancia local para aumentar el monitoreo en el Infinity CentralStation.<\/li>\n<li>Alarmas visibles y audibles que le alertan inmediatamente de los cambios en la condici\u00f3n del paciente.<\/li>\n<li>Experto en clasificaci\u00f3n de arritmias integrado (ACE \u00ae) y algoritmos de detecci\u00f3n de pacer.<\/li>\n<li>SpO2 incorporado, eliminando la necesidad de un dispositivo adicional de la oximetr\u00eda del pulso o m\u00f3dulo.<\/li>\n<li>Tecnolog\u00eda certificada Wi-Fi para la transferencia confiable de datos en redes inal\u00e1mbricas est\u00e1ndar.<\/li>\n<li>Soporte para el cifrado WPA2 usando 802,11 b\/g.<\/li>\n<\/ul>\n<h2>Especificaciones del Drager Infinity M300<\/h2>\n<h3>Dimensiones<\/h3>\n<ul>\n<li>Altura: 5,6 in (14,2 cm)<\/li>\n<li>Anchura: 3 en (7,6 cm)<\/li>\n<li>Profundidad: 1,2 in (3,1 cm)<\/li>\n<li>Peso: 10.5 oz (295 g)<\/li>\n<\/ul>\n<h3>Monitor<\/h3>\n<ul>\n<li>Tama\u00f1o\/\u00e1rea de la visi\u00f3n: 2,2 en (5,5 cm) diagonal<\/li>\n<li>Resoluci\u00f3n: 220 x 176 p\u00edxeles<\/li>\n<\/ul>\n<h3>Comunicaciones<\/h3>\n<ul>\n<li>Red: IEEE 802.11 b\/g\/n (2,4 GHz); 802.11 a\/n (5 GHz)<\/li>\n<li>Encriptaci\u00f3n inal\u00e1mbrica: WPA2 \u2013 modo personal; WPA2 \u2013 modo Enterprise<\/li>\n<li>Potencia de salida de radio: (2,4 GHz); 25mW m\u00e1ximo (5 GHz)<\/li>\n<\/ul>\n<h3>Bater\u00eda<\/h3>\n<ul>\n<li>Fuente de energ\u00eda: bater\u00eda recargable del litio-ion de 3,75 V<\/li>\n<li>Tiempo de funcionamiento de la bater\u00eda:<\/li>\n<li>ECG solamente: 17 a 19 horas<\/li>\n<li>ECG + continuo SpO2:14 a 16 horas<\/li>\n<li>El tiempo de funcionamiento var\u00eda seg\u00fan el uso de la pantalla, alertas de alarma y entorno inal\u00e1mbrico (roaming)<\/li>\n<\/ul>\n<h3>ECG<\/h3>\n<ul>\n<li>Adulto\/pedi\u00e1trico<\/li>\n<li>5-WIRE: I, II, III, AVR, AVL, AVF, V<\/li>\n<li>6-WIRE: I, II, III, AVR, AVL, AVF, v, v +<\/li>\n<li>6 WIRE con Infinity TruST 12-lead: I, II, III, aVR, aVL, aVF, dV1, V2, dV3, dV4, V5, dV6<\/li>\n<li>Eventos detectados\/ritmos: asistolia, fibrilaci\u00f3n ventricular, taquicardia ventricular, bradicardia, funcionamiento ventricular, ritmo idioventricular acelerado, taquicardia supra ventricular, acoplamiento ventricular, bigeminy ventricular, taquicardia, pausa, Artefacto, PVC\/min<\/li>\n<\/ul>\n<h3>Marcapasos<\/h3>\n<ul>\n<li>Plomos de la detecci\u00f3n: I y (II o III)<\/li>\n<li>Amplitud de la detecci\u00f3n: \u00b1 2 a \u00b1 700 mV<\/li>\n<li>Anchura de la detecci\u00f3n: 0.1 to 2.0 ms<\/li>\n<\/ul>\n<h3>An\u00e1lisis del segmento ST<\/h3>\n<ul>\n<li>Leads:\n<ul>\n<li>3-wire: I, II, or III<\/li>\n<li>5-wire: I, II, III, aVR, aVL, aVF, V<\/li>\n<li>6-wire: I, II, III, aVR, aVL, aVF, V, V+<\/li>\n<li>6-wire con Infinity Trust 12-lead: I, II, III, aVR, aVL, aVF, dV1, V2, dV2, dV3, dV4, V5, dV6<\/li>\n<\/ul>\n<\/li>\n<\/ul>\n<p>Oximetr\u00eda de pulso (opcional)<\/p>\n<ul>\n<li>Visualizaci\u00f3n de par\u00e1metros: porcentaje de hemoglobina funcional (saturada de ox\u00edgeno) (SpO2); Pulso<\/li>\n<li>M\u00e9todo de medici\u00f3n: absorci\u00f3n-espectrofotometr\u00eda<\/li>\n<\/ul>\n<p>&nbsp;<\/p>\n","protected":false},"excerpt":{"rendered":"<p>Monitores Multiparametros<\/p>\n","protected":false},"featured_media":12263,"template":"","meta":{"_acf_changed":false,"_relevanssi_hide_post":"","_relevanssi_hide_content":"","_relevanssi_pin_for_all":"","_relevanssi_pin_keywords":"","_relevanssi_unpin_keywords":"","_relevanssi_related_keywords":"","_relevanssi_related_include_ids":"","_relevanssi_related_exclude_ids":"","_relevanssi_related_no_append":"","_relevanssi_related_not_related":"","_relevanssi_related_posts":"","_relevanssi_noindex_reason":"","inline_featured_image":false},"pwb-brand":[1122],"product_brand":[],"product_cat":[50,65],"product_tag":[5057,5058,4400,3709,3614],"class_list":{"0":"post-12262","1":"product","2":"type-product","3":"status-publish","4":"has-post-thumbnail","6":"pwb-brand-equipo-medico-drager","7":"product_cat-monitores-multiparametros","8":"product_cat-oximetro-de-pulso","9":"product_tag-drager-infinity-m300","10":"product_tag-drager-infinity-m300-monitores-multiparametros","11":"product_tag-drager-infinity-monitores-multiparametros","12":"product_tag-drager-monitores-multiparametros","13":"product_tag-monitores-multiparametros","15":"first","16":"instock","17":"shipping-taxable","18":"purchasable","19":"product-type-simple"},"acf":[],"brands":[{"id":1122,"name":"Drager","slug":"equipo-medico-drager"}],"_links":{"self":[{"href":"https:\/\/www.somatechnology.com\/spanish\/wp-json\/wp\/v2\/product\/12262","targetHints":{"allow":["GET"]}}],"collection":[{"href":"https:\/\/www.somatechnology.com\/spanish\/wp-json\/wp\/v2\/product"}],"about":[{"href":"https:\/\/www.somatechnology.com\/spanish\/wp-json\/wp\/v2\/types\/product"}],"wp:featuredmedia":[{"embeddable":true,"href":"https:\/\/www.somatechnology.com\/spanish\/wp-json\/wp\/v2\/media\/12263"}],"wp:attachment":[{"href":"https:\/\/www.somatechnology.com\/spanish\/wp-json\/wp\/v2\/media?parent=12262"}],"wp:term":[{"taxonomy":"pwb-brand","embeddable":true,"href":"https:\/\/www.somatechnology.com\/spanish\/wp-json\/wp\/v2\/pwb-brand?post=12262"},{"taxonomy":"product_brand","embeddable":true,"href":"https:\/\/www.somatechnology.com\/spanish\/wp-json\/wp\/v2\/product_brand?post=12262"},{"taxonomy":"product_cat","embeddable":true,"href":"https:\/\/www.somatechnology.com\/spanish\/wp-json\/wp\/v2\/product_cat?post=12262"},{"taxonomy":"product_tag","embeddable":true,"href":"https:\/\/www.somatechnology.com\/spanish\/wp-json\/wp\/v2\/product_tag?post=12262"}],"curies":[{"name":"wp","href":"https:\/\/api.w.org\/{rel}","templated":true}]}}