{"id":12514,"date":"2018-09-07T18:54:52","date_gmt":"2018-09-07T18:54:52","guid":{"rendered":"https:\/\/www.somatechnology.com\/spanish\/?post_type=product&#038;p=12514"},"modified":"2023-08-23T06:31:09","modified_gmt":"2023-08-23T10:31:09","slug":"stryker-power-pro-xt","status":"publish","type":"product","link":"https:\/\/www.somatechnology.com\/spanish\/equipo-medico-usado-remanufacturado\/camillas-de-transporte\/stryker-power-pro-xt\/","title":{"rendered":"Stryker Power  Pro XT"},"content":{"rendered":"<h2>Caracter\u00edsticas de la camilla de transporte Stryker Power-Pro XT<\/h2>\n<p>El<strong> Power-Pro XT<\/strong> es un innovador sistema hidr\u00e1ulico alimentado por bater\u00edas que eleva y baja al paciente con s\u00f3lo pulsar un bot\u00f3n. La cuna de ambulancia motorizada Stryker Power-Pro XT, l\u00edder en la industria, reduce dr\u00e1sticamente el levantamiento vigoroso y el riesgo asociado de lesiones de espalda. Los m\u00e9dicos experimentan la carga espinal frecuente debido a movimientos repetitivos tales como levantar, bajar, llevar, y doblar. El uso de Power-Pro XT ha demostrado reducir la carga espinal, ocasionando lesiones reducidas, d\u00edas laborables perdidos o modificados, y costos de compensaci\u00f3n para los trabajadores, y aumento del reclutamiento y retenci\u00f3n. El innovador sistema hidr\u00e1ulico alimentado por bater\u00eda levanta y baja a los pacientes con el toque de un bot\u00f3n. El Stryker Power-Pro XT establece el est\u00e1ndar para un rendimiento superior y una ergonom\u00eda excepcional. El sistema de copia de seguridad manual f\u00e1cil de utilizar proporciona la operaci\u00f3n completa de la choza en caso de p\u00e9rdida de energ\u00eda. La bater\u00eda de Stryker SMRT montada extremo del pie es accesible y cambiante f\u00e1cilmente en cualquier situaci\u00f3n. La secci\u00f3n de cabezal retr\u00e1ctil permite acortar la cuna en cualquier posici\u00f3n de altura para obtener la m\u00e1xima versatilidad. Exclusiva funci\u00f3n de retracci\u00f3n autom\u00e1tica de alta velocidad reduce los tiempos de carga y descarga. El Stryker Power-Pro XT \u2013 ahora el est\u00e1ndar de atenci\u00f3n de la industria.<\/p>\n<ul>\n<li>El innovador sistema hidr\u00e1ulico alimentado por bater\u00eda levanta y baja la cuna con s\u00f3lo pulsar un bot\u00f3n<\/li>\n<li>Sistema de copia de seguridad manual f\u00e1cil de usar<\/li>\n<li>La secci\u00f3n de cabezal retr\u00e1ctil permite la navegaci\u00f3n en espacios reducidos en cualquier posici\u00f3n de altura<\/li>\n<li>Funci\u00f3n de retracci\u00f3n autom\u00e1tica de alta velocidad<\/li>\n<li>XPS Rieles laterales<\/li>\n<li>Steer-Lock<\/li>\n<li>Kit de bater\u00eda SMRT<\/li>\n<\/ul>\n<h2>Especificaciones Stryker Power-Pro XT<\/h2>\n<h3>Capacidad de peso<\/h3>\n<ul>\n<li>700 lbs (318 kg).<\/li>\n<\/ul>\n<h3>Capacidad m\u00e1xima de elevaci\u00f3n no asistida<\/h3>\n<ul>\n<li>500 lbs (225 kg).<\/li>\n<\/ul>\n<h3>Posici\u00f3n de la articulaci\u00f3n\/choque del respaldo<\/h3>\n<ul>\n<li>0 to 73\u00b0 \/ + 15\u00b0.<\/li>\n<\/ul>\n<h3>Longitud Total<\/h3>\n<ul>\n<li>81\u201d (206 cm).<\/li>\n<\/ul>\n<h3>Longitud m\u00ednima<\/h3>\n<ul>\n<li>63\u201d (160 cm).<\/li>\n<\/ul>\n<h3>Ancho<\/h3>\n<ul>\n<li>Respaldo: 2 \u2013 73 \u00b0 posici\u00f3n de choque: + 14 \u00b0<\/li>\n<\/ul>\n<h3>Peso<\/h3>\n<ul>\n<li>125 lbs (57 kg).<\/li>\n<\/ul>\n<h3>Operadores m\u00ednimos requeridos para la carga\/descarga<\/h3>\n<ul>\n<li>Ocupado: 2<\/li>\n<li>Cuna desocupada: 1.<\/li>\n<\/ul>\n<h3>Altura de carga recomendada<\/h3>\n<ul>\n<li>Hasta 36 \u00ab(91 cm).<\/li>\n<\/ul>\n<h3>Altura de trabajo recomendada<\/h3>\n<ul>\n<li>(excepto el colch\u00f3n): 15,75 \u00ab(40 cm).<\/li>\n<\/ul>\n<p>&nbsp;<\/p>\n","protected":false},"excerpt":{"rendered":"<p>Camillas de Transporte<\/p>\n","protected":false},"featured_media":12517,"template":"","meta":{"_acf_changed":false,"_relevanssi_hide_post":"","_relevanssi_hide_content":"","_relevanssi_pin_for_all":"","_relevanssi_pin_keywords":"","_relevanssi_unpin_keywords":"","_relevanssi_related_keywords":"","_relevanssi_related_include_ids":"","_relevanssi_related_exclude_ids":"","_relevanssi_related_no_append":"","_relevanssi_related_not_related":"","_relevanssi_related_posts":"","_relevanssi_noindex_reason":"","inline_featured_image":false},"pwb-brand":[1079],"product_brand":[],"product_cat":[4778],"product_tag":[5285,178,5306,5345,5346,5347,5348,5349],"class_list":{"0":"post-12514","1":"product","2":"type-product","3":"status-publish","4":"has-post-thumbnail","6":"pwb-brand-equipo-medico-stryker","7":"product_cat-camillas-de-transporte","8":"product_tag-camillas-de-transporte","9":"product_tag-stryker","10":"product_tag-stryker-camillas-de-transporte","11":"product_tag-stryker-power","12":"product_tag-stryker-power-pro","13":"product_tag-stryker-power-pro-camillas-de-transporte","14":"product_tag-stryker-power-pro-xt","15":"product_tag-stryker-power-pro-xt-camillas-de-transporte","17":"first","18":"instock","19":"shipping-taxable","20":"purchasable","21":"product-type-simple"},"acf":[],"brands":[{"id":1079,"name":"Stryker","slug":"equipo-medico-stryker"}],"_links":{"self":[{"href":"https:\/\/www.somatechnology.com\/spanish\/wp-json\/wp\/v2\/product\/12514","targetHints":{"allow":["GET"]}}],"collection":[{"href":"https:\/\/www.somatechnology.com\/spanish\/wp-json\/wp\/v2\/product"}],"about":[{"href":"https:\/\/www.somatechnology.com\/spanish\/wp-json\/wp\/v2\/types\/product"}],"wp:featuredmedia":[{"embeddable":true,"href":"https:\/\/www.somatechnology.com\/spanish\/wp-json\/wp\/v2\/media\/12517"}],"wp:attachment":[{"href":"https:\/\/www.somatechnology.com\/spanish\/wp-json\/wp\/v2\/media?parent=12514"}],"wp:term":[{"taxonomy":"pwb-brand","embeddable":true,"href":"https:\/\/www.somatechnology.com\/spanish\/wp-json\/wp\/v2\/pwb-brand?post=12514"},{"taxonomy":"product_brand","embeddable":true,"href":"https:\/\/www.somatechnology.com\/spanish\/wp-json\/wp\/v2\/product_brand?post=12514"},{"taxonomy":"product_cat","embeddable":true,"href":"https:\/\/www.somatechnology.com\/spanish\/wp-json\/wp\/v2\/product_cat?post=12514"},{"taxonomy":"product_tag","embeddable":true,"href":"https:\/\/www.somatechnology.com\/spanish\/wp-json\/wp\/v2\/product_tag?post=12514"}],"curies":[{"name":"wp","href":"https:\/\/api.w.org\/{rel}","templated":true}]}}