{"id":12585,"date":"2018-09-12T14:19:19","date_gmt":"2018-09-12T14:19:19","guid":{"rendered":"https:\/\/www.somatechnology.com\/spanish\/?post_type=product&#038;p=12585"},"modified":"2023-08-23T06:31:11","modified_gmt":"2023-08-23T10:31:11","slug":"integra-mayfield-triad-a1108-pinza-craneal","status":"publish","type":"product","link":"https:\/\/www.somatechnology.com\/spanish\/equipo-medico-usado-remanufacturado\/neurocirugia\/integra-mayfield-triad-a1108-pinza-craneal\/","title":{"rendered":"Integra MAYFIELD Triad A1108 Abrazadera Craneal"},"content":{"rendered":"<h2>Abrazadera Craneal Integra MAYFIELD Triad A1108<\/h2>\n<p>Soma ofrece la <strong>Abrazadera Craneal Integra MAYFIELD Triad A1108<\/strong> reacondicionada hasta un 50 % por debajo del costo de una nueva. La abrazadera craneal MAYFIELD Triad A1108 ofrece una fijaci\u00f3n esquel\u00e9tica de 3 puntos, sujetando la cabeza y el cuello en una posici\u00f3n espec\u00edfica para procedimientos craneales, espinales o neuroquir\u00fargicos. Los tres clavos craneales se pueden ajustar para aplicar una fuerza de sujeci\u00f3n espec\u00edfica en cada punto. La abrazadera craneal ofrece un mecanismo de bloqueo resistente y liberaci\u00f3n r\u00e1pida para garantizar que la posici\u00f3n del paciente no se mueva durante el procedimiento y para una extracci\u00f3n r\u00e1pida. La abrazadera craneal tiene la capacidad de girar 360 grados con un balanc\u00edn giratorio cuando se aplica fuerza. La abrazadera craneal se encuentra un poco m\u00e1s baja que la posici\u00f3n del reposacabezas para brindar un mejor apoyo al paciente.<\/p>\n<ul>\n<li>Flexibilidad del posicionamiento de los clavos craneales<\/li>\n<li>Fijaci\u00f3n esquel\u00e9tica de 3 puntos<\/li>\n<li>Ofrezca una rotaci\u00f3n de 360\u00b0 con un balanc\u00edn giratorio<\/li>\n<li>Bloqueo de liberaci\u00f3n r\u00e1pida y f\u00e1cil extracci\u00f3n<\/li>\n<\/ul>\n","protected":false},"excerpt":{"rendered":"<p>Neurocirug\u00eda<\/p>\n","protected":false},"featured_media":25300,"template":"","meta":{"_acf_changed":false,"_relevanssi_hide_post":"","_relevanssi_hide_content":"","_relevanssi_pin_for_all":"","_relevanssi_pin_keywords":"","_relevanssi_unpin_keywords":"","_relevanssi_related_keywords":"","_relevanssi_related_include_ids":"","_relevanssi_related_exclude_ids":"","_relevanssi_related_no_append":"","_relevanssi_related_not_related":"","_relevanssi_related_posts":"","_relevanssi_noindex_reason":"","inline_featured_image":false},"pwb-brand":[1146],"product_brand":[],"product_cat":[90],"product_tag":[5419,5433,5432,5430,5431,5429,5434,5435,5410,3407],"class_list":{"0":"post-12585","1":"product","2":"type-product","3":"status-publish","4":"has-post-thumbnail","6":"pwb-brand-equipo-medico-integra","7":"product_cat-neurocirugia","8":"product_tag-integra-mayfield-neurocirugia","9":"product_tag-integra-mayfield-triad","10":"product_tag-integra-mayfield-triad-a1108","11":"product_tag-integra-mayfield-triad-a1108-neurocirugia","12":"product_tag-integra-mayfield-triad-a1108-skull-clamp","13":"product_tag-integra-mayfield-triad-a1108-skull-clamp-neurocirugia","14":"product_tag-integra-mayfield-triad-neurocirugia","15":"product_tag-integra-mayfield-triad-skull-clamp-neurocirugia","16":"product_tag-integra-neurocirugia","17":"product_tag-neurocirugia","19":"first","20":"instock","21":"shipping-taxable","22":"purchasable","23":"product-type-simple"},"acf":[],"brands":[{"id":1146,"name":"Integra","slug":"equipo-medico-integra"}],"_links":{"self":[{"href":"https:\/\/www.somatechnology.com\/spanish\/wp-json\/wp\/v2\/product\/12585","targetHints":{"allow":["GET"]}}],"collection":[{"href":"https:\/\/www.somatechnology.com\/spanish\/wp-json\/wp\/v2\/product"}],"about":[{"href":"https:\/\/www.somatechnology.com\/spanish\/wp-json\/wp\/v2\/types\/product"}],"wp:featuredmedia":[{"embeddable":true,"href":"https:\/\/www.somatechnology.com\/spanish\/wp-json\/wp\/v2\/media\/25300"}],"wp:attachment":[{"href":"https:\/\/www.somatechnology.com\/spanish\/wp-json\/wp\/v2\/media?parent=12585"}],"wp:term":[{"taxonomy":"pwb-brand","embeddable":true,"href":"https:\/\/www.somatechnology.com\/spanish\/wp-json\/wp\/v2\/pwb-brand?post=12585"},{"taxonomy":"product_brand","embeddable":true,"href":"https:\/\/www.somatechnology.com\/spanish\/wp-json\/wp\/v2\/product_brand?post=12585"},{"taxonomy":"product_cat","embeddable":true,"href":"https:\/\/www.somatechnology.com\/spanish\/wp-json\/wp\/v2\/product_cat?post=12585"},{"taxonomy":"product_tag","embeddable":true,"href":"https:\/\/www.somatechnology.com\/spanish\/wp-json\/wp\/v2\/product_tag?post=12585"}],"curies":[{"name":"wp","href":"https:\/\/api.w.org\/{rel}","templated":true}]}}