{"id":13126,"date":"2018-10-25T19:24:25","date_gmt":"2018-10-25T19:24:25","guid":{"rendered":"https:\/\/www.somatechnology.com\/spanish\/?post_type=product&#038;p=13126"},"modified":"2023-08-23T06:31:43","modified_gmt":"2023-08-23T10:31:43","slug":"olympus-evis-exera-iii-clv-190","status":"publish","type":"product","link":"https:\/\/www.somatechnology.com\/spanish\/equipo-medico-usado-remanufacturado\/sistema-de-video-endoscopia\/olympus-evis-exera-iii-clv-190\/","title":{"rendered":"Olympus Evis Exera III CLV-190"},"content":{"rendered":"<h2 class=\"s4\"><span class=\"s3\">Caracter\u00edsticas<\/span> <span class=\"s3\">Olympus Evis Exera III CLV-190 <\/span><\/h2>\n<p class=\"s6\"><span class=\"s5\">La fuente de luz Xenon <strong>EVIS EXERA III CLV-190<\/strong> de Olympus cuenta con un nuevo conector que permite una conexi\u00f3n de un solo paso para los endoscopios EVIS EXERA III. Esto elimina la necesidad de una conexi\u00f3n de cable de v\u00eddeo al procesador de v\u00eddeo. Tiene un nuevo ventilador de enfriamiento que reduce significativamente el nivel de ruido de funcionamiento en comparaci\u00f3n con las generaciones anteriores. La imagen de banda estrecha (NBI) proporciona un brillo significativamente mayor, as\u00ed como el doble de la distancia visible en el lumen con un dise\u00f1o mejorado de la l\u00e1mpara y el procesamiento de se\u00f1ales.<\/span><\/p>\n<div class=\"s8\"><span class=\"s7\">\u2022 <\/span><span class=\"s5\">Im\u00e1genes m\u00e1s brillantes y potentes: la imagen de banda estrecha (NBI) ofrece el doble de la distancia visible.<\/span><\/div>\n<div class=\"s8\"><span class=\"s7\">\u2022 <\/span><span class=\"s5\">Conexi\u00f3n m\u00e1s f\u00e1cil y velocidad de transmisi\u00f3n m\u00e1s r\u00e1pida: el nuevo dise\u00f1o de conector impermeable permite la conexi\u00f3n de un solo paso a la fuente de luz.<\/span><\/div>\n<div class=\"s8\"><span class=\"s7\">\u2022 <\/span><span class=\"s5\">Ajuste autom\u00e1tico de la luz para lograr la iluminaci\u00f3n ideal para la observaci\u00f3n con cada alcance.<\/span><\/div>\n<h2 class=\"s4\"><span class=\"s3\">Especificaciones<\/span><span class=\"s3\"> Olympus Evis Exera III CLV-190 <\/span><\/h2>\n<h3 class=\"s10\"><span class=\"s9\">Dimension<\/span><span class=\"s9\">e<\/span><span class=\"s9\">s<\/span><\/h3>\n<div class=\"s12\"><span class=\"s11\">\u2022 <\/span><span class=\"s5\">Altura: 6,4 \u00ab(16,2 cm)<\/span><\/div>\n<div class=\"s12\"><span class=\"s11\">\u2022 <\/span><span class=\"s5\">Anchura: 15,4 \u00ab(39 cm)<\/span><\/div>\n<div class=\"s12\"><span class=\"s11\">\u2022 <\/span><span class=\"s5\">Profundidad: 21,7 \u00ab(55,1 cm)<\/span><\/div>\n<div class=\"s12\"><span class=\"s11\">\u2022 <\/span><span class=\"s5\">Peso: 41,9 lbs (19 kg<\/span><span class=\"s5\">)<\/span><\/div>\n<h3 class=\"s10\"><span class=\"s9\">Fuente de alimentaci\u00f3n<\/span><\/h3>\n<div class=\"s12\"><span class=\"s11\">\u2022 <\/span><span class=\"s5\">Voltaje: 100-240 V CA; dentro de \u00b1 10%<\/span><\/div>\n<div class=\"s12\"><span class=\"s11\">\u2022 <\/span><span class=\"s5\">Frecuencia: 50\/60 Hz; dentro de \u00b1 1 Hz<\/span><\/div>\n<div class=\"s12\"><span class=\"s11\">\u2022 <\/span><span class=\"s5\">Consumo de energ\u00eda el\u00e9ctrica: 600 VA<\/span><\/div>\n<h3 class=\"s10\"><span class=\"s9\">Iluminaci\u00f3n<\/span><\/h3>\n<div class=\"s12\"><span class=\"s11\">\u2022 <\/span><span class=\"s5\">L\u00e1mpara de la examinaci\u00f3n: l\u00e1mpara del corto-arco del xen\u00f3n (ozono-libre) 300 W<\/span><\/div>\n<div class=\"s12\"><span class=\"s11\">\u2022 <\/span><span class=\"s5\">Vida media de la l\u00e1mpara: aproximadamente 500 horas de uso continuo (con uso intermitente, la vida \u00fatil de la l\u00e1mpara puede variar ligeramente).<\/span><\/div>\n<div class=\"s12\"><span class=\"s11\">\u2022 <\/span><span class=\"s5\">M\u00e9todo de ignici\u00f3n: regulador de conmutaci\u00f3n<\/span><\/div>\n<div class=\"s12\"><span class=\"s11\">\u2022 <\/span><span class=\"s5\">Ajuste del brillo: control del diafragma de la luz-trayectoria<\/span><\/div>\n<div class=\"s12\"><span class=\"s11\">\u2022 <\/span><span class=\"s5\">Enfriamiento: enfriamiento por aire forzado<\/span><\/div>\n<div class=\"s12\"><span class=\"s11\">\u2022 <\/span><span class=\"s5\">Modo de intensidad: normal o de alta intensidad<\/span><\/div>\n<div class=\"s12\"><span class=\"s11\">\u2022 <\/span><span class=\"s5\">Observaci\u00f3n de NBI: disponible<\/span><\/div>\n<div class=\"s12\"><span class=\"s11\">\u2022 <\/span><span class=\"s5\">Conversi\u00f3n de color: posible con filtro de prop\u00f3sito especial<\/span><\/div>\n<div class=\"s12\"><span class=\"s11\">\u2022 <\/span><span class=\"s5\">L\u00e1mpara de emergencia: l\u00e1mpara hal\u00f3gena (dentro del espejo) 12 V 35 W<\/span><\/div>\n<div class=\"s12\"><span class=\"s11\">\u2022 <\/span><span class=\"s5\">Vida media de la l\u00e1mpara de emergencia: aproximadamente 500 horas<\/span><\/div>\n<h3 class=\"s10\"><span class=\"s9\">Ajuste autom\u00e1tico del brillo<\/span><\/h3>\n<div class=\"s12\"><span class=\"s11\">\u2022 <\/span><span class=\"s5\">M\u00e9todo autom\u00e1tico del ajuste del brillo: m\u00e9todo del servo-diafragma<\/span><\/div>\n<div class=\"s12\"><span class=\"s11\">\u2022 <\/span><span class=\"s5\">Exposici\u00f3n autom\u00e1tica: 17 pasos<\/span><\/div>\n<h3 class=\"s10\"><span class=\"s9\">Alimentaci\u00f3n de aire<\/span><\/h3>\n<div class=\"s12\"><span class=\"s11\">\u2022 <\/span><span class=\"s5\">Bomba: diafragma-tipo bomba<\/span><\/div>\n<div class=\"s12\"><span class=\"s11\">\u2022 <\/span><span class=\"s5\">Conmutaci\u00f3n de la presi\u00f3n: 4 niveles disponibles (apagado, bajo, medio, alto)<\/span><\/div>\n<p class=\"s10\"><span class=\"s9\">Alimentaci\u00f3n de agua<\/span><\/p>\n<div class=\"s12\"><span class=\"s11\">\u2022 <\/span><span class=\"s5\">M\u00e9todo: alimenta el agua presurizando el recipiente de agua desmontable con aire<\/span><\/div>\n<h3 class=\"s10\"><span class=\"s9\">Indicadores en el panel frontal<\/span><\/h3>\n<div class=\"s12\"><span class=\"s11\">\u2022 <\/span><span class=\"s5\">L\u00e1mpara de emergencia: indica ausencia de l\u00e1mpara de emergencia, desconexi\u00f3n y uso de la l\u00e1mpara de emergencia<\/span><\/div>\n<div class=\"s12\"><span class=\"s11\">\u2022 <\/span><span class=\"s5\">NBI: cuando se habilita la observaci\u00f3n de NBI, el indicador NBI se ilumina<\/span><\/div>\n<h3 class=\"s10\"><span class=\"s9\">Configuraci\u00f3n de la memoria<\/span><\/h3>\n<div class=\"s12\"><span class=\"s11\">\u2022 <\/span><span class=\"s5\">Los ajustes (excepto el ajuste del filtro) se almacenan incluso cuando la fuente de luz est\u00e1 apagada<\/span><span class=\"s5\">.<\/span><\/div>\n<p>&nbsp;<\/p>\n","protected":false},"excerpt":{"rendered":"<p>Caracter\u00edsticas Olympus Evis Exera III CLV-190 La fuente de luz Xenon EVIS EXERA III CLV-190 de Olympus cuenta con un nuevo conector que permite&#8230;<\/p>\n","protected":false},"featured_media":13127,"template":"","meta":{"_acf_changed":false,"_relevanssi_hide_post":"","_relevanssi_hide_content":"","_relevanssi_pin_for_all":"","_relevanssi_pin_keywords":"","_relevanssi_unpin_keywords":"","_relevanssi_related_keywords":"","_relevanssi_related_include_ids":"","_relevanssi_related_exclude_ids":"","_relevanssi_related_no_append":"","_relevanssi_related_not_related":"","_relevanssi_related_posts":"","_relevanssi_noindex_reason":"","inline_featured_image":false},"pwb-brand":[1080],"product_brand":[],"product_cat":[84],"product_tag":[5889,5890,5888,3560,5884,5887,5885,5886,138,3266,3557,3559,3558],"class_list":{"0":"post-13126","1":"product","2":"type-product","3":"status-publish","4":"has-post-thumbnail","6":"pwb-brand-equipo-medico-olympus","7":"product_cat-sistema-de-video-endoscopia","8":"product_tag-5889","9":"product_tag-clv","10":"product_tag-clv-190","11":"product_tag-endoscopia","12":"product_tag-evis","13":"product_tag-evis-exera-iii","14":"product_tag-exera","15":"product_tag-exera-iii","16":"product_tag-olympus","17":"product_tag-sistema","18":"product_tag-sistema-de-video-endoscopia","19":"product_tag-video","20":"product_tag-video-endoscopia","22":"first","23":"instock","24":"shipping-taxable","25":"purchasable","26":"product-type-simple"},"acf":[],"brands":[{"id":1080,"name":"Olympus","slug":"equipo-medico-olympus"}],"_links":{"self":[{"href":"https:\/\/www.somatechnology.com\/spanish\/wp-json\/wp\/v2\/product\/13126","targetHints":{"allow":["GET"]}}],"collection":[{"href":"https:\/\/www.somatechnology.com\/spanish\/wp-json\/wp\/v2\/product"}],"about":[{"href":"https:\/\/www.somatechnology.com\/spanish\/wp-json\/wp\/v2\/types\/product"}],"wp:featuredmedia":[{"embeddable":true,"href":"https:\/\/www.somatechnology.com\/spanish\/wp-json\/wp\/v2\/media\/13127"}],"wp:attachment":[{"href":"https:\/\/www.somatechnology.com\/spanish\/wp-json\/wp\/v2\/media?parent=13126"}],"wp:term":[{"taxonomy":"pwb-brand","embeddable":true,"href":"https:\/\/www.somatechnology.com\/spanish\/wp-json\/wp\/v2\/pwb-brand?post=13126"},{"taxonomy":"product_brand","embeddable":true,"href":"https:\/\/www.somatechnology.com\/spanish\/wp-json\/wp\/v2\/product_brand?post=13126"},{"taxonomy":"product_cat","embeddable":true,"href":"https:\/\/www.somatechnology.com\/spanish\/wp-json\/wp\/v2\/product_cat?post=13126"},{"taxonomy":"product_tag","embeddable":true,"href":"https:\/\/www.somatechnology.com\/spanish\/wp-json\/wp\/v2\/product_tag?post=13126"}],"curies":[{"name":"wp","href":"https:\/\/api.w.org\/{rel}","templated":true}]}}