{"id":18852,"date":"2020-11-04T16:37:12","date_gmt":"2020-11-04T16:37:12","guid":{"rendered":"https:\/\/www.somatechnology.com\/spanish\/?post_type=product&#038;p=18852"},"modified":"2024-02-16T16:00:46","modified_gmt":"2024-02-16T21:00:46","slug":"abbott-neurotherm-nt2000ix","status":"publish","type":"product","link":"https:\/\/www.somatechnology.com\/spanish\/equipo-medico-usado-remanufacturado\/unidades-electroquirurgicas-electrobisturis\/abbott-neurotherm-nt2000ix\/","title":{"rendered":"Abbott Neurotherm NT2000iX"},"content":{"rendered":"<h3>CARACTER\u00cdSTICAS DEL GENERADOR RF NEUROTERMO<\/h3>\n<p>El generador de radiofrecuencia <strong>Abbott Neurotherm NT2000iX<\/strong> est\u00e1 dise\u00f1ado para administrar lesiones, tratamientos pulsados o con dosis pulsadas en sitios nerviosos dolorosos para el manejo del dolor cr\u00f3nico. Sus amplificadores de RF NT2000iX totalmente independientes permiten la monitorizaci\u00f3n de la temperatura en tiempo real y reducen el potencial de estimulaci\u00f3n no deseada del paciente. El sistema est\u00e1 dise\u00f1ado para facilitar su uso y brindarle m\u00e1s control durante los procedimientos de ablaci\u00f3n por RF.<\/p>\n<ul>\n<li>4 capacidad de lesi\u00f3n independiente.<\/li>\n<li>Funcionalidad remota inal\u00e1mbrica.<\/li>\n<li>Salida de cable \u00fanico dedicada Simplicity lll.<\/li>\n<li>Operaci\u00f3n de pantalla t\u00e1ctil completa e interfaz mejorada.<\/li>\n<li>Opciones de mantenimiento de registros de pacientes y m\u00e9dicos<\/li>\n<\/ul>\n<h3>ESPECIFICACIONES DEL GENERADOR DE RF NT2000iX<\/h3>\n<ul>\n<li>Cuatro amplificadores de RF dedicados para la entrega simult\u00e1nea de energ\u00eda de RF.<\/li>\n<li>Temporizadores de procedimientos independientes.<\/li>\n<li>Funcionalidad de inicio escalonado sensible.<\/li>\n<\/ul>\n<h3>CONTROL<\/h3>\n<ul>\n<li>Realice ajustes precisos con la estimulaci\u00f3n manual y las perillas de control de RF.<\/li>\n<li>Cargue previamente configuraciones m\u00e9dicas personalizadas, perfiles de pacientes y etiquetas de sitios para agilizar los procedimientos.<\/li>\n<li>Capacidades de radiofrecuencia dosificada pulsada y pulsada para lesiones t\u00e9rmicas.<\/li>\n<\/ul>\n<h3>F\u00c1CIL DE USAR<\/h3>\n<ul>\n<li>Trabaje con facilidad en una pantalla t\u00e1ctil de 15 pulgadas con indicaciones intuitivas para el operador.<\/li>\n<li>Realice procedimientos especializados con algoritmos de software dedicados y preprogramados.<\/li>\n<li>Simplifique con la tecnolog\u00eda inal\u00e1mbrica Bluetooth para imprimir y controlar el mouse.<\/li>\n<\/ul>\n<h3>DIMENSIONES<\/h3>\n<ul>\n<li>Tama\u00f1o: 17 pulgadas (43,18 cm) x 15 pulgadas (38,1 cm) x 14 pulgadas (35,56 cm)<\/li>\n<li>Peso: 50 libras (22,68 kg)<\/li>\n<li>Pantalla t\u00e1ctil: 14 \u00aben diagonal<\/li>\n<\/ul>\n","protected":false},"excerpt":{"rendered":"<p>CARACTER\u00cdSTICAS DEL GENERADOR RF NEUROTERMO El generador de radiofrecuencia Abbott Neurotherm NT2000iX est\u00e1 dise\u00f1ado para administrar lesiones, tratamientos pulsados o con dosis pulsadas en&#8230;<\/p>\n","protected":false},"featured_media":18854,"template":"","meta":{"_acf_changed":false,"_relevanssi_hide_post":"","_relevanssi_hide_content":"","_relevanssi_pin_for_all":"","_relevanssi_pin_keywords":"","_relevanssi_unpin_keywords":"","_relevanssi_related_keywords":"","_relevanssi_related_include_ids":"","_relevanssi_related_exclude_ids":"","_relevanssi_related_no_append":"","_relevanssi_related_not_related":"","_relevanssi_related_posts":"","_relevanssi_noindex_reason":"","inline_featured_image":false},"pwb-brand":[1324],"product_brand":[],"product_cat":[76,9529],"product_tag":[2425,3816,6142,6138,6139,1896,4968,6143,6134,6140,6141,6136,6135,6137],"class_list":{"0":"post-18852","1":"product","2":"type-product","3":"status-publish","4":"has-post-thumbnail","6":"pwb-brand-abbot","7":"product_cat-unidades-electroquirurgicas-electrobisturis","8":"product_cat-generador-de-radiofrecuencia","9":"product_tag-2425","10":"product_tag-abbott","11":"product_tag-abbott-neurotherm-nt2000ix","12":"product_tag-abbott-nt2000","13":"product_tag-abbott-nt2000ix","14":"product_tag-electrobisturis","15":"product_tag-generador","16":"product_tag-generador-de-radiofrecuencia","17":"product_tag-neurotherm","18":"product_tag-neurotherm-nt2000","19":"product_tag-neurotherm-nt2000ix","20":"product_tag-nt","21":"product_tag-nt2000","22":"product_tag-nt2000ix","24":"first","25":"instock","26":"shipping-taxable","27":"purchasable","28":"product-type-simple"},"acf":[],"brands":[{"id":1324,"name":"Abbott","slug":"abbot"}],"_links":{"self":[{"href":"https:\/\/www.somatechnology.com\/spanish\/wp-json\/wp\/v2\/product\/18852","targetHints":{"allow":["GET"]}}],"collection":[{"href":"https:\/\/www.somatechnology.com\/spanish\/wp-json\/wp\/v2\/product"}],"about":[{"href":"https:\/\/www.somatechnology.com\/spanish\/wp-json\/wp\/v2\/types\/product"}],"wp:featuredmedia":[{"embeddable":true,"href":"https:\/\/www.somatechnology.com\/spanish\/wp-json\/wp\/v2\/media\/18854"}],"wp:attachment":[{"href":"https:\/\/www.somatechnology.com\/spanish\/wp-json\/wp\/v2\/media?parent=18852"}],"wp:term":[{"taxonomy":"pwb-brand","embeddable":true,"href":"https:\/\/www.somatechnology.com\/spanish\/wp-json\/wp\/v2\/pwb-brand?post=18852"},{"taxonomy":"product_brand","embeddable":true,"href":"https:\/\/www.somatechnology.com\/spanish\/wp-json\/wp\/v2\/product_brand?post=18852"},{"taxonomy":"product_cat","embeddable":true,"href":"https:\/\/www.somatechnology.com\/spanish\/wp-json\/wp\/v2\/product_cat?post=18852"},{"taxonomy":"product_tag","embeddable":true,"href":"https:\/\/www.somatechnology.com\/spanish\/wp-json\/wp\/v2\/product_tag?post=18852"}],"curies":[{"name":"wp","href":"https:\/\/api.w.org\/{rel}","templated":true}]}}