{"id":20283,"date":"2021-04-21T16:17:42","date_gmt":"2021-04-21T16:17:42","guid":{"rendered":"https:\/\/www.somatechnology.com\/spanish\/?post_type=product&#038;p=20283"},"modified":"2023-08-23T06:32:44","modified_gmt":"2023-08-23T10:32:44","slug":"siemens-mobilett-mira-max","status":"publish","type":"product","link":"https:\/\/www.somatechnology.com\/spanish\/equipo-medico-usado-remanufacturado\/imagenologia-radiologia\/rayos-x-portables\/siemens-mobilett-mira-max\/","title":{"rendered":"Siemens Mobilett Mira Max"},"content":{"rendered":"<h2>CARACTER\u00cdSTICAS DE SIEMENS MOBILETT MIRA MAX<\/h2>\n<p>El <strong>Siemens Mobilett Mira Max<\/strong> es un equipo de Rayos X port\u00e1til con una potencia de imagen de 35 kW (450 mA). El Mobilett Mira Max es compatible con 2 detectores de diferentes tama\u00f1os, el MAX wi-D (14 x 17 x 0.7 pulg.) y el MAX mini (10 x 12 x 0.6 pulg.) que es lo suficientemente peque\u00f1o para caber dentro de una bandeja de incubadora. El procesamiento autom\u00e1tico de im\u00e1genes con DiamondView Plus mejora el detalle \u00f3seo y el contraste tisular sin necesidad de aumentar la dosis.<\/p>\n<ul>\n<li>Brazo de tubo altamente flexible que es f\u00e1cil de maniobrar gracias a su capacidad para girar 180\u00b0.<\/li>\n<li>Todos los cables del Mira Max pasan por el interior del brazo portatubo de la unidad m\u00f3vil de Rayos X.<\/li>\n<li>Extensi\u00f3n horizontal m\u00e1xima del brazo tubular de 49 pulg.<\/li>\n<li>Altura m\u00e1xima del brazo tubular de 84 pulg.<\/li>\n<\/ul>\n<h2>ESPECIFICACIONES DE SIEMENS MOBILETT MIRA MAX<\/h2>\n<h3>Dimensiones<\/h3>\n<ul>\n<li>Altura: 61.8 pulg. (157 cm)<\/li>\n<li>Anchura: 23.4 pulg. (59.5 cm)<\/li>\n<li>Profundidad: 44.5 pulg. (113 cm)<\/li>\n<li>Peso: 827 lbs (375 kg)<\/li>\n<\/ul>\n<h3>Detector MAX wi-D<\/h3>\n<ul>\n<li>Dimensiones: 14 x 17 x 0.7 pulg. (35 x 43 x 1.9 cm)<\/li>\n<li>Peso: 6.6 lbs (3 kg)<\/li>\n<li>Centelleador Yoduro de Cesio (Csl)<\/li>\n<\/ul>\n<h3>Mini Detector MAX<\/h3>\n<ul>\n<li>Dimensiones: 10 x 12 x 0.6 pulg. (24 x 30 x 1.6 cm)<\/li>\n<li>Peso: 3.5 lbs (1.6 kg)<\/li>\n<li>Centelleador Yoduro de Cesio (Csl)<\/li>\n<\/ul>\n<h3>General<\/h3>\n<ul>\n<li>Potencia de Salida: M\u00e1x. 35 kW, m\u00e1x. 450 mA<\/li>\n<li>M\u00e1x. Altura del Punto Focal: 84 pulg. (213.5 cm)<\/li>\n<li>Extensi\u00f3n Extensi\u00f3n Horizontal: 49 pulg. (124.5 cm)<\/li>\n<li>Bater\u00eda Est\u00e1ndar (65 Ah): Tiempo de funcionamiento de la bater\u00eda 6 h\/200 exposiciones a 70 kV\/20 mAs; Tiempo en espera (estado encendido) 12 h<\/li>\n<li>Bater\u00eda de Alta Potencia (opcional) (90 Ah): Tiempo de funcionamiento de la bater\u00eda 8 h\/270 exposiciones a 70 kV\/20 mAs; Tiempo en espera (estado encendido) 16 h<\/li>\n<li>Procesamiento de Im\u00e1genes: DiamondView &#8211; Procesamiento de im\u00e1genes autom\u00e1tico y de dosis neutra para mejorar el contraste y los detalles espec\u00edficos de cada \u00f3rgano.<\/li>\n<li>Detector Compartido: Posible en todos los sistemas MAX mediante MAXswap<\/li>\n<\/ul>\n<h3>\u00bfPreguntas sobre nuestras m\u00e1quinas de Rayos X port\u00e1tiles?<\/h3>\n<p>Soma Tech Intl ofrece una amplia gama de m\u00e1quinas de <a href=\"https:\/\/www.somatechnology.com\/spanish\/equipos-medicos\/imagenologia-radiologia\/rayos-x-portables\/\">Rayos X port\u00e1tiles<\/a>. Si tiene alguna pregunta sobre cualquiera de nuestros desfibriladores o necesita un presupuesto r\u00e1pido, llame al 1-800-GET-SOMA y uno de nuestros <a href=\"https:\/\/www.somatechnology.com\/spanish\/contactenos-equipo-medico\/\">representantes de ventas<\/a> le ayudar\u00e1.<\/p>\n<h2>M\u00c1S INFORMACI\u00d3N SOBRE EL SIEMENS MOBILETT MIRA MAX<\/h2>\n<h3>Siemens Mobilett Mira Max Reconstruido<\/h3>\n<p>Soma Tech Intl ofrece el Siemens Mobilett Mira Max hasta un 50% por debajo de los precios original con el mismo servicio y garant\u00eda que los nuevos. El Mobilett Mira Max no s\u00f3lo est\u00e1 t\u00e9cnicamente reconstruido, sino que tambi\u00e9n est\u00e1 cosm\u00e9ticamente reacondicionado para que funcione y se vea como nuevo. Cuando se inicia el proceso de reacondicionamiento del Mobilett Mira Max, \u00e9sta cuidadosamente inspeccionado y probado por nuestros propios ingenieros biom\u00e9dicos quien son certificados para trabajar con Rayos X port\u00e1tiles. Si es necesario, se reemplazan las piezas para asegurarse de que todos los aspectos del Mobilett Mira Max funcionen con eficaz. Una vez que todo est\u00e1 en orden de funcionamiento, la unidad se calibra con las especificaciones originales del fabricante. Esto asegura que la unidad est\u00e1 funcionando de la misma manera que cuando sali\u00f3 originalmente del fabricante. Despu\u00e9s de que la m\u00e1quina funciona como nuevo, se somete a un proceso especial de restauraci\u00f3n cosm\u00e9tica. Se limpia, se reparan los peque\u00f1os ara\u00f1azos y abolladuras, se pinta y se sustituyen las calcoman\u00edas si es necesario. Soma Tech Intl cuenta con la certificaci\u00f3n ISO 13485 y se asegura de que se d\u00e9 la mejor calidad a todos los equipos m\u00e9dicos que venden. Antes de que el Mira Max sea etiquetado como listo para el paciente y empacado para su env\u00edo, pasa por una \u00faltima prueba de control de calidad que asegura que todos los aspectos est\u00e1n funcionando de nuevo como deber\u00edan. Si desea comprar el Siemens Mobilett Mira Max reconstruido, p\u00f3ngase en contacto con nosotros en <a href=\"mailto:Soma@SomaTechnology.com\">Soma@SomaTechnology.com<\/a> o ll\u00e1menos al 1-800-GET-SOMA.<\/p>\n<p>Soma Tech Intl tambi\u00e9n est\u00e1 buscando activamente para comprar un Siemens Mobilett Mira Max. Si usted o su instalaci\u00f3n est\u00e1 buscando vender su unidad, aseg\u00farese de ponerse en contacto con Soma Tech Intl. Soma tiene un departamento de compras dedicado en ayudar a trav\u00e9s de todo el proceso. La venta de su Rayos X usado o de segunda mano a Soma Tech Intl elimina el intermediario en la ecuaci\u00f3n. Esto tambi\u00e9n asegura que su centro m\u00e9dico obtiene el mejor precio por su equipo. Soma cumple al 100% con las normas HIPPA y se asegura de que su equipo llegue a nuestras instalaciones en las mismas condiciones en que sali\u00f3 del suyo. Soma Tech Intl tambi\u00e9n da la opci\u00f3n de cr\u00e9dito de intercambio en su equipo m\u00e9dico. Si usted o su instalaci\u00f3n est\u00e1 buscando recuperar espacio para nuevos equipos, o si usted est\u00e1 buscando para actualizar su equipo actual, p\u00f3ngase en contacto con el departamento de compras en <a href=\"mailto:Buyer@SomaTechnology.com\">Buyer@SomaTechnology.com<\/a> o env\u00edenos un mensaje en nuestro sitio web Vender a Soma.<\/p>\n","protected":false},"excerpt":{"rendered":"<p>Rayos X Portables<\/p>\n","protected":false},"featured_media":20284,"template":"","meta":{"_acf_changed":false,"_relevanssi_hide_post":"","_relevanssi_hide_content":"","_relevanssi_pin_for_all":"","_relevanssi_pin_keywords":"","_relevanssi_unpin_keywords":"","_relevanssi_related_keywords":"","_relevanssi_related_include_ids":"","_relevanssi_related_exclude_ids":"","_relevanssi_related_no_append":"","_relevanssi_related_not_related":"","_relevanssi_related_posts":"","_relevanssi_noindex_reason":"","inline_featured_image":false},"pwb-brand":[1123],"product_brand":[],"product_cat":[94],"product_tag":[3177,6632,6636,5660,6635,5042,667,5658,6633,6634],"class_list":{"0":"post-20283","1":"product","2":"type-product","3":"status-publish","4":"has-post-thumbnail","6":"pwb-brand-equipo-medico-siemens","7":"product_cat-rayos-x-portables","8":"product_tag-max","9":"product_tag-mira","10":"product_tag-mira-max","11":"product_tag-mobilett","12":"product_tag-mobilett-mira-max","13":"product_tag-rayos-x-portables","14":"product_tag-siemens","15":"product_tag-siemens-mobilett","16":"product_tag-siemens-mobilett-mira","17":"product_tag-siemens-mobilett-mira-max","19":"first","20":"instock","21":"shipping-taxable","22":"purchasable","23":"product-type-simple"},"acf":[],"brands":[{"id":1123,"name":"Siemens","slug":"equipo-medico-siemens"}],"_links":{"self":[{"href":"https:\/\/www.somatechnology.com\/spanish\/wp-json\/wp\/v2\/product\/20283","targetHints":{"allow":["GET"]}}],"collection":[{"href":"https:\/\/www.somatechnology.com\/spanish\/wp-json\/wp\/v2\/product"}],"about":[{"href":"https:\/\/www.somatechnology.com\/spanish\/wp-json\/wp\/v2\/types\/product"}],"wp:featuredmedia":[{"embeddable":true,"href":"https:\/\/www.somatechnology.com\/spanish\/wp-json\/wp\/v2\/media\/20284"}],"wp:attachment":[{"href":"https:\/\/www.somatechnology.com\/spanish\/wp-json\/wp\/v2\/media?parent=20283"}],"wp:term":[{"taxonomy":"pwb-brand","embeddable":true,"href":"https:\/\/www.somatechnology.com\/spanish\/wp-json\/wp\/v2\/pwb-brand?post=20283"},{"taxonomy":"product_brand","embeddable":true,"href":"https:\/\/www.somatechnology.com\/spanish\/wp-json\/wp\/v2\/product_brand?post=20283"},{"taxonomy":"product_cat","embeddable":true,"href":"https:\/\/www.somatechnology.com\/spanish\/wp-json\/wp\/v2\/product_cat?post=20283"},{"taxonomy":"product_tag","embeddable":true,"href":"https:\/\/www.somatechnology.com\/spanish\/wp-json\/wp\/v2\/product_tag?post=20283"}],"curies":[{"name":"wp","href":"https:\/\/api.w.org\/{rel}","templated":true}]}}