{"id":21563,"date":"2021-07-29T19:20:17","date_gmt":"2021-07-29T19:20:17","guid":{"rendered":"https:\/\/www.somatechnology.com\/spanish\/?post_type=product&#038;p=21563"},"modified":"2025-09-23T09:45:43","modified_gmt":"2025-09-23T13:45:43","slug":"covidien-newport-ht70-plus","status":"publish","type":"product","link":"https:\/\/www.somatechnology.com\/spanish\/equipo-medico-usado-remanufacturado\/ventiladores\/covidien-newport-ht70-plus\/","title":{"rendered":"Covidien Newport HT70 Plus"},"content":{"rendered":"<h2>Caracter\u00edsticas de Covidien Newport HT70 Plus<\/h2>\n<p>El ventilador <strong>Newport HT70 Plus<\/strong> combina robustez, facilidad de uso y proficiencia cl\u00ednica con una movilidad excepcional para pacientes desde 5 kg hasta adultos. Todos los modelos de la familia de ventiladores Newport HT70 plus pueden utilizarse para cuidados domiciliarios, transporte, hospitalizaci\u00f3n, cuidados a largo plazo, preparaci\u00f3n para emergencias, y ventilaci\u00f3n invasiva o no-invasiva. Aparte de sus caracter\u00edsticas cl\u00ednicas est\u00e1ndar, el HT70 ofrece un sensor de flujo en la v\u00eda a\u00e9rea que proporciona una monitorizaci\u00f3n ampliada con alarmas y la opci\u00f3n de activar el flujo o la presi\u00f3n. Con gr\u00e1ficos de forma de onda, una calculadora de uso de botellas de ox\u00edgeno y un estimador del tiempo de la bater\u00eda interna, el respirador HT70 plus va m\u00e1s all\u00e1 de los est\u00e1ndares de la ventilaci\u00f3n port\u00e1til.<\/p>\n<ul>\n<li>Un sensor de flujo en las v\u00edas respiratorias ofrece m\u00e1s opciones para la ventilaci\u00f3n: monitorizaci\u00f3n inspiratoria o espiratoria y alarmas, activaci\u00f3n por flujo o presi\u00f3n.<\/li>\n<li>La bater\u00eda intercambiable en caliente proporciona hasta 10 horas de funcionamiento (dependiendo de los ajustes). Las bater\u00edas pueden cambiarse en marcha para prolongar el funcionamiento y aumentar la libertad sin interrumpir la ventilaci\u00f3n.<\/li>\n<li>El estimador de duraci\u00f3n de la bater\u00eda proporciona mayor tranquilidad durante los transportes.<\/li>\n<li>La monitorizaci\u00f3n de ox\u00edgeno integrada y las alarmas alertan a los usuarios de cambios o interrupciones al utilizar ox\u00edgeno suplementario.<\/li>\n<li>La calculadora del tiempo de uso de la botella ayuda a estimar la duraci\u00f3n del ox\u00edgeno durante los desplazamientos.<\/li>\n<li>La pantalla t\u00e1ctil de color ofrece un f\u00e1cil acceso a todos los controles, una navegaci\u00f3n sencilla y una gu\u00eda de ayuda para mayor comodidad.<\/li>\n<li>Con su construcci\u00f3n robusta y fiable, el ventilador est\u00e1 dise\u00f1ado para soportar un trato duro en una amplia gama de entornos.<\/li>\n<li>Un generador de gas patentado funciona de forma fr\u00eda y silenciosa, ahorra gas y proporciona un volumen constante.<\/li>\n<li>Sus funciones avanzadas, como la alarma Quickset, los preajustes personalizados y la ventilaci\u00f3n de reserva personalizada, lo convierten en un ventilador port\u00e1til excepcional.<\/li>\n<\/ul>\n<p>&nbsp;<\/p>\n","protected":false},"excerpt":{"rendered":"<p>El ventilador Newport HT70 Plus combina robustez, facilidad de uso y proficiencia cl\u00ednica con una movilidad excepcional para pacientes desde 5 kg hasta adultos. Todos los modelos de la familia de ventiladores Newport HT70 plus pueden utilizarse para cuidados domiciliarios, transporte, hospitalizaci\u00f3n, cuidados a largo plazo, preparaci\u00f3n para emergencias, y ventilaci\u00f3n invasiva o no-invasiva. Aparte de sus caracter\u00edsticas cl\u00ednicas est\u00e1ndar, el HT70 ofrece un sensor de flujo en la v\u00eda a\u00e9rea que proporciona una monitorizaci\u00f3n ampliada con alarmas y la opci\u00f3n de activar el flujo o la presi\u00f3n. Con gr\u00e1ficos de forma de onda, una calculadora de uso de botellas de ox\u00edgeno y un estimador del tiempo de la bater\u00eda interna, el respirador HT70 plus va m\u00e1s all\u00e1 de los est\u00e1ndares de la ventilaci\u00f3n port\u00e1til.<\/p>\n","protected":false},"featured_media":21562,"template":"","meta":{"_acf_changed":false,"_relevanssi_hide_post":"","_relevanssi_hide_content":"","_relevanssi_pin_for_all":"","_relevanssi_pin_keywords":"","_relevanssi_unpin_keywords":"","_relevanssi_related_keywords":"","_relevanssi_related_include_ids":"","_relevanssi_related_exclude_ids":"","_relevanssi_related_no_append":"","_relevanssi_related_not_related":"","_relevanssi_related_posts":"","_relevanssi_noindex_reason":"","inline_featured_image":false},"pwb-brand":[1107],"product_brand":[],"product_cat":[51],"product_tag":[352,1793,7145,7147,1798,7146,1485],"class_list":{"0":"post-21563","1":"product","2":"type-product","3":"status-publish","4":"has-post-thumbnail","6":"pwb-brand-equipo-medico-medtronic","7":"product_cat-ventiladores","8":"product_tag-covidien","9":"product_tag-covidien-newport","10":"product_tag-covidien-newport-ht70-plus","11":"product_tag-covidien-vantiladores","12":"product_tag-ht70","13":"product_tag-ht70-plus","14":"product_tag-newport","16":"first","17":"instock","18":"shipping-taxable","19":"purchasable","20":"product-type-simple"},"acf":[],"brands":[{"id":1107,"name":"Medtronic","slug":"equipo-medico-medtronic"}],"_links":{"self":[{"href":"https:\/\/www.somatechnology.com\/spanish\/wp-json\/wp\/v2\/product\/21563","targetHints":{"allow":["GET"]}}],"collection":[{"href":"https:\/\/www.somatechnology.com\/spanish\/wp-json\/wp\/v2\/product"}],"about":[{"href":"https:\/\/www.somatechnology.com\/spanish\/wp-json\/wp\/v2\/types\/product"}],"wp:featuredmedia":[{"embeddable":true,"href":"https:\/\/www.somatechnology.com\/spanish\/wp-json\/wp\/v2\/media\/21562"}],"wp:attachment":[{"href":"https:\/\/www.somatechnology.com\/spanish\/wp-json\/wp\/v2\/media?parent=21563"}],"wp:term":[{"taxonomy":"pwb-brand","embeddable":true,"href":"https:\/\/www.somatechnology.com\/spanish\/wp-json\/wp\/v2\/pwb-brand?post=21563"},{"taxonomy":"product_brand","embeddable":true,"href":"https:\/\/www.somatechnology.com\/spanish\/wp-json\/wp\/v2\/product_brand?post=21563"},{"taxonomy":"product_cat","embeddable":true,"href":"https:\/\/www.somatechnology.com\/spanish\/wp-json\/wp\/v2\/product_cat?post=21563"},{"taxonomy":"product_tag","embeddable":true,"href":"https:\/\/www.somatechnology.com\/spanish\/wp-json\/wp\/v2\/product_tag?post=21563"}],"curies":[{"name":"wp","href":"https:\/\/api.w.org\/{rel}","templated":true}]}}