{"id":23553,"date":"2022-01-12T18:23:03","date_gmt":"2022-01-12T18:23:03","guid":{"rendered":"https:\/\/www.somatechnology.com\/spanish\/?post_type=product&#038;p=23553"},"modified":"2025-11-26T16:00:29","modified_gmt":"2025-11-26T21:00:29","slug":"medtronic-5392","status":"publish","type":"product","link":"https:\/\/www.somatechnology.com\/spanish\/equipo-medico-usado-remanufacturado\/marcapasos-externos\/medtronic-5392\/","title":{"rendered":"Medtronic 5392"},"content":{"rendered":"<h2 data-start=\"181\" data-end=\"222\"><strong data-start=\"184\" data-end=\"222\">Caracter\u00edsticas del Medtronic 5392<\/strong><\/h2>\n<p data-start=\"224\" data-end=\"849\">El m<strong data-start=\"227\" data-end=\"283\">arcapasos externo bicameral Medtronic<\/strong><strong data-start=\"227\" data-end=\"283\">\u00a05392 <\/strong>\u00a0es un marcapasos temporal alimentado por bater\u00edas, dise\u00f1ado para funcionar con un sistema de cables de estimulaci\u00f3n card\u00edaca y brindar estimulaci\u00f3n temporal monocameral o bicameral. El<strong data-start=\"469\" data-end=\"487\">\u00a05392<\/strong> puede utilizarse como una forma temporal de controlar la frecuencia card\u00edaca del paciente. Ofrece terapia de estimulaci\u00f3n s\u00edncrona y as\u00edncrona a corto plazo. El sistema funciona con dos bater\u00edas alcalinas LR6 (tama\u00f1o AA). Este marcapasos temporal emite un pulso de corriente que mantiene un valor constante, configurado mediante los controles del dispositivo.<\/p>\n<ul>\n<li data-start=\"888\" data-end=\"945\">Modos de estimulaci\u00f3n monocameral: AAI, TOO, VVI y VOO.<\/li>\n<li data-start=\"948\" data-end=\"997\">Modos de estimulaci\u00f3n bicameral: DDD, DDI, DOO.<\/li>\n<li data-start=\"1000\" data-end=\"1035\">Sin terapia de estimulaci\u00f3n: OOO.<\/li>\n<li data-start=\"1038\" data-end=\"1093\">Ajustes de frecuencia y salida f\u00e1ciles de visualizar.<\/li>\n<li data-start=\"1096\" data-end=\"1205\">Indicadores de estimulaci\u00f3n y detecci\u00f3n que muestran la interacci\u00f3n del marcapasos temporal con el coraz\u00f3n.<\/li>\n<li data-start=\"1208\" data-end=\"1274\">Indicador de bater\u00eda baja para alertar cu\u00e1ndo debe reemplazarse.<\/li>\n<li data-start=\"1277\" data-end=\"1365\">Operaci\u00f3n de cuatro controles que cubre la mayor\u00eda de las necesidades de estimulaci\u00f3n.<\/li>\n<li data-start=\"1368\" data-end=\"1521\">Par\u00e1metros dependientes de la frecuencia: el ajuste de frecuencia configura autom\u00e1ticamente la frecuencia m\u00e1xima (<em data-start=\"1482\" data-end=\"1494\">Upper Rate<\/em>), PVARP e intervalo A-V.<\/li>\n<li data-start=\"1524\" data-end=\"1609\">Llave de bloqueo\/desbloqueo para evitar cambios no intencionados en los par\u00e1metros.<\/li>\n<li data-start=\"1612\" data-end=\"1686\">Mensajes en pantalla inferior que facilitan la operaci\u00f3n del marcapasos.<\/li>\n<li data-start=\"1689\" data-end=\"1725\">Ajuste autom\u00e1tico de sensibilidad.<\/li>\n<li data-start=\"1728\" data-end=\"1786\">Cambio autom\u00e1tico de modo durante arritmias auriculares.<\/li>\n<\/ul>\n","protected":false},"excerpt":{"rendered":"<p>Marcapasos Externos<\/p>\n","protected":false},"featured_media":32973,"template":"","meta":{"_acf_changed":false,"_relevanssi_hide_post":"","_relevanssi_hide_content":"","_relevanssi_pin_for_all":"","_relevanssi_pin_keywords":"","_relevanssi_unpin_keywords":"","_relevanssi_related_keywords":"","_relevanssi_related_include_ids":"","_relevanssi_related_exclude_ids":"","_relevanssi_related_no_append":"","_relevanssi_related_not_related":"","_relevanssi_related_posts":"","_relevanssi_noindex_reason":"","inline_featured_image":false},"pwb-brand":[1107],"product_brand":[],"product_cat":[7504],"product_tag":[7516,10967,10966,10965,10964,10959,10968,10957,10960,466,7515,10970,10969],"class_list":{"0":"post-23553","1":"product","2":"type-product","3":"status-publish","4":"has-post-thumbnail","6":"pwb-brand-equipo-medico-medtronic","7":"product_cat-marcapasos-externos","8":"product_tag-7516","9":"product_tag-5392-doble-canal","10":"product_tag-doble-canal","11":"product_tag-marcapasos-externo-temporal","12":"product_tag-marcapasos-externo-temporal-de-doble-canal-5392","13":"product_tag-marcapasos-medtronic","14":"product_tag-marcapasos-medtronic-de-doble-canal","15":"product_tag-marcapasos-temporal","16":"product_tag-marcapasos-temporal-medtronic","17":"product_tag-medtronic","18":"product_tag-medtronic-5392","19":"product_tag-temporal","20":"product_tag-temporal-externo","22":"first","23":"instock","24":"shipping-taxable","25":"purchasable","26":"product-type-simple"},"acf":[],"brands":[{"id":1107,"name":"Medtronic","slug":"equipo-medico-medtronic"}],"_links":{"self":[{"href":"https:\/\/www.somatechnology.com\/spanish\/wp-json\/wp\/v2\/product\/23553","targetHints":{"allow":["GET"]}}],"collection":[{"href":"https:\/\/www.somatechnology.com\/spanish\/wp-json\/wp\/v2\/product"}],"about":[{"href":"https:\/\/www.somatechnology.com\/spanish\/wp-json\/wp\/v2\/types\/product"}],"wp:featuredmedia":[{"embeddable":true,"href":"https:\/\/www.somatechnology.com\/spanish\/wp-json\/wp\/v2\/media\/32973"}],"wp:attachment":[{"href":"https:\/\/www.somatechnology.com\/spanish\/wp-json\/wp\/v2\/media?parent=23553"}],"wp:term":[{"taxonomy":"pwb-brand","embeddable":true,"href":"https:\/\/www.somatechnology.com\/spanish\/wp-json\/wp\/v2\/pwb-brand?post=23553"},{"taxonomy":"product_brand","embeddable":true,"href":"https:\/\/www.somatechnology.com\/spanish\/wp-json\/wp\/v2\/product_brand?post=23553"},{"taxonomy":"product_cat","embeddable":true,"href":"https:\/\/www.somatechnology.com\/spanish\/wp-json\/wp\/v2\/product_cat?post=23553"},{"taxonomy":"product_tag","embeddable":true,"href":"https:\/\/www.somatechnology.com\/spanish\/wp-json\/wp\/v2\/product_tag?post=23553"}],"curies":[{"name":"wp","href":"https:\/\/api.w.org\/{rel}","templated":true}]}}