{"id":29594,"date":"2024-02-16T11:43:38","date_gmt":"2024-02-16T16:43:38","guid":{"rendered":"https:\/\/www.somatechnology.com\/spanish\/?post_type=product&#038;p=29594"},"modified":"2024-02-16T11:45:36","modified_gmt":"2024-02-16T16:45:36","slug":"axia-amc50r","status":"publish","type":"product","link":"https:\/\/www.somatechnology.com\/spanish\/equipo-medico-usado-remanufacturado\/carros-de-emergencia\/carros-de-paro\/axia-amc50r\/","title":{"rendered":"Axia AMC50R"},"content":{"rendered":"<h2>Caracter\u00edsticas del carro de paro AMC50R<\/h2>\n<p>El carro de paro <strong>Axia AMC50R<\/strong> es una excelente soluci\u00f3n para los profesionales m\u00e9dicos que buscan eficiencia y organizaci\u00f3n en momentos cr\u00edticos. El AMC50R presenta un dise\u00f1o elegante y una construcci\u00f3n duradera, y est\u00e1 equipado con 5 cajones que brindan un amplio almacenamiento para suministros y equipos m\u00e9dicos. Dise\u00f1ado para mejorar el flujo de trabajo, el Axia AC501 garantiza un acceso r\u00e1pido a herramientas esenciales, lo que permite a los proveedores de atenci\u00f3n m\u00e9dica brindar una atenci\u00f3n al paciente r\u00e1pida y efectiva.<\/p>\n<ul>\n<li>Mesa extensible<\/li>\n<li>Tablero de RCP<\/li>\n<li>Portasueros<\/li>\n<li>Soporte para tanque de ox\u00edgeno<\/li>\n<li>Regleta externa<\/li>\n<li>Divisores de cajones<\/li>\n<li>Opci\u00f3n de bloqueo de sello o bloqueo de candado<\/li>\n<li>Ruedas insonorizadas con freno<\/li>\n<li>C\u00f3moda manija de empuje<\/li>\n<li>Cajones de f\u00e1cil deslizamiento<\/li>\n<\/ul>\n","protected":false},"excerpt":{"rendered":"<p>Caracter\u00edsticas del carro de paro AMC50R El carro de paro Axia AMC50R es una excelente soluci\u00f3n para los profesionales m\u00e9dicos que buscan eficiencia y&#8230;<\/p>\n","protected":false},"featured_media":29591,"template":"","meta":{"_acf_changed":false,"_relevanssi_hide_post":"","_relevanssi_hide_content":"","_relevanssi_pin_for_all":"","_relevanssi_pin_keywords":"","_relevanssi_unpin_keywords":"","_relevanssi_related_keywords":"","_relevanssi_related_include_ids":"","_relevanssi_related_exclude_ids":"","_relevanssi_related_no_append":"","_relevanssi_related_not_related":"","_relevanssi_related_posts":"","_relevanssi_noindex_reason":"","inline_featured_image":false},"pwb-brand":[1098],"product_brand":[],"product_cat":[307],"product_tag":[9514,9513,9512,191,9515,9508,9511,9509,308,9510],"class_list":{"0":"post-29594","1":"product","2":"type-product","3":"status-publish","4":"has-post-thumbnail","6":"pwb-brand-equipo-medico-axia","7":"product_cat-carros-de-paro","8":"product_tag-50r","9":"product_tag-amc","10":"product_tag-amc50r","11":"product_tag-axia","12":"product_tag-axia-amc50r","13":"product_tag-carro","14":"product_tag-carro-de-paro","15":"product_tag-carros","16":"product_tag-carros-de-paro","17":"product_tag-carros-medicos","19":"first","20":"instock","21":"shipping-taxable","22":"purchasable","23":"product-type-simple"},"acf":[],"brands":[{"id":1098,"name":"Axia","slug":"equipo-medico-axia"}],"_links":{"self":[{"href":"https:\/\/www.somatechnology.com\/spanish\/wp-json\/wp\/v2\/product\/29594","targetHints":{"allow":["GET"]}}],"collection":[{"href":"https:\/\/www.somatechnology.com\/spanish\/wp-json\/wp\/v2\/product"}],"about":[{"href":"https:\/\/www.somatechnology.com\/spanish\/wp-json\/wp\/v2\/types\/product"}],"wp:featuredmedia":[{"embeddable":true,"href":"https:\/\/www.somatechnology.com\/spanish\/wp-json\/wp\/v2\/media\/29591"}],"wp:attachment":[{"href":"https:\/\/www.somatechnology.com\/spanish\/wp-json\/wp\/v2\/media?parent=29594"}],"wp:term":[{"taxonomy":"pwb-brand","embeddable":true,"href":"https:\/\/www.somatechnology.com\/spanish\/wp-json\/wp\/v2\/pwb-brand?post=29594"},{"taxonomy":"product_brand","embeddable":true,"href":"https:\/\/www.somatechnology.com\/spanish\/wp-json\/wp\/v2\/product_brand?post=29594"},{"taxonomy":"product_cat","embeddable":true,"href":"https:\/\/www.somatechnology.com\/spanish\/wp-json\/wp\/v2\/product_cat?post=29594"},{"taxonomy":"product_tag","embeddable":true,"href":"https:\/\/www.somatechnology.com\/spanish\/wp-json\/wp\/v2\/product_tag?post=29594"}],"curies":[{"name":"wp","href":"https:\/\/api.w.org\/{rel}","templated":true}]}}