{"id":29620,"date":"2024-02-20T15:41:37","date_gmt":"2024-02-20T20:41:37","guid":{"rendered":"https:\/\/www.somatechnology.com\/spanish\/?post_type=product&#038;p=29620"},"modified":"2025-09-23T09:36:52","modified_gmt":"2025-09-23T13:36:52","slug":"covidien-kendall-7325-scd-response","status":"publish","type":"product","link":"https:\/\/www.somatechnology.com\/spanish\/equipo-medico-usado-remanufacturado\/sistema-de-compresion-secuencial\/covidien-kendall-7325-scd-response\/","title":{"rendered":"Covidien Kendall 7325 SCD Response"},"content":{"rendered":"<h2>Caracter\u00edsticas de Covidien Kendall 7325<\/h2>\n<p>El sistema de compresi\u00f3n secuencial de <strong>Covidien Kendall 7325 SCD Response<\/strong>\u00a0es un m\u00e9todo de profilaxis no invasivo cl\u00ednicamente probado para reducir la incidencia de trombosis venosa profunda (TVP). Para uso en pacientes con condiciones de alto riesgo como obesidad, edad avanzada, c\u00e1ncer o tromboembolismo previo. El controlador neum\u00e1tico proporciona pulsos intermitentes de aire comprimido que inflan secuencialmente las m\u00faltiples c\u00e1maras de la manga comenzando en el tobillo y subiendo por la pierna. Esto da como resultado una acci\u00f3n de orde\u00f1o en forma de onda que vac\u00eda las venas y da como resultado un aumento considerable de la velocidad m\u00e1xima del flujo sangu\u00edneo. Las mangas desechables est\u00e1n disponibles hasta la rodilla y el muslo. Mangas hasta el muslo disponibles en envases est\u00e9riles para usar en la pierna cubierta durante una cirug\u00eda mayor de cadera. Equipado con caracter\u00edsticas que garantizan el m\u00e1ximo control, seguridad y comodidad del paciente. Hay varios programas de compra disponibles. El sistema de compresi\u00f3n SCD RESPONSE puede detectar la tasa de recarga vascular individual de cada paciente para brindar la terapia de compresi\u00f3n personalizada, m\u00e1s confiable y eficiente del mercado.<\/p>\n<ul>\n<li>M\u00e9todo de profilaxis no invasivo y cl\u00ednicamente probado para reducir la incidencia de trombosis venosa profunda (TVP).<\/li>\n<li>Para uso en pacientes con condiciones de alto riesgo como obesidad, edad avanzada, c\u00e1ncer o tromboembolismo previo.<\/li>\n<li>El controlador neum\u00e1tico proporciona pulsos intermitentes de aire comprimido que inflan secuencialmente las m\u00faltiples c\u00e1maras de la manga comenzando en el tobillo y subiendo por la pierna.<\/li>\n<li>Esto da como resultado una acci\u00f3n de orde\u00f1o en forma de onda que vac\u00eda las venas y aumenta considerablemente la velocidad m\u00e1xima del flujo sangu\u00edneo.<\/li>\n<li>Las mangas desechables est\u00e1n disponibles hasta la rodilla y el muslo.<\/li>\n<li>Las mangas hasta el muslo est\u00e1n disponibles en envases est\u00e9riles para usar en la pierna cubierta durante una cirug\u00eda mayor de cadera.<\/li>\n<li>Equipado con caracter\u00edsticas que garantizan el m\u00e1ximo control, seguridad y comodidad del paciente.<\/li>\n<li>El sistema de compresi\u00f3n SCD RESPONSE puede detectar la tasa de recarga vascular individual de cada paciente para brindar la terapia de compresi\u00f3n personalizada, m\u00e1s confiable y eficiente del mercado.<\/li>\n<\/ul>\n","protected":false},"excerpt":{"rendered":"<p>El sistema de compresi\u00f3n secuencial de Covidien Kendall 7325 SCD Response\u00a0es un m\u00e9todo de profilaxis no invasivo cl\u00ednicamente probado para reducir la incidencia de trombosis venosa profunda (TVP). Para uso en pacientes con condiciones de alto riesgo como obesidad, edad avanzada, c\u00e1ncer o tromboembolismo previo.<\/p>\n","protected":false},"featured_media":29621,"template":"","meta":{"_acf_changed":false,"_relevanssi_hide_post":"","_relevanssi_hide_content":"","_relevanssi_pin_for_all":"","_relevanssi_pin_keywords":"","_relevanssi_unpin_keywords":"","_relevanssi_related_keywords":"","_relevanssi_related_include_ids":"","_relevanssi_related_exclude_ids":"","_relevanssi_related_no_append":"","_relevanssi_related_not_related":"","_relevanssi_related_posts":"","_relevanssi_noindex_reason":"","inline_featured_image":false},"pwb-brand":[1107],"product_brand":[],"product_cat":[9531],"product_tag":[9563,9570,9546,9539,352,9565,9568,9562,9566,9569,9532,9564,9567,189,9571,9538,3266],"class_list":{"0":"post-29620","1":"product","2":"type-product","3":"status-publish","4":"has-post-thumbnail","6":"pwb-brand-equipo-medico-medtronic","7":"product_cat-sistema-de-compresion-secuencial","8":"product_tag-9563","9":"product_tag-7325-response","10":"product_tag-compresion","11":"product_tag-compresion-secuencial","12":"product_tag-covidien","13":"product_tag-covidien-7325","14":"product_tag-covidien-7325-scd","15":"product_tag-covidien-kendall-7325","16":"product_tag-covidien-kendall-7325-scd","17":"product_tag-de-compresion-secuencial","18":"product_tag-kendall","19":"product_tag-kendall-7325","20":"product_tag-kendall-7325-scd","21":"product_tag-response","22":"product_tag-scd-response","23":"product_tag-secuencial","24":"product_tag-sistema","26":"first","27":"instock","28":"shipping-taxable","29":"purchasable","30":"product-type-simple"},"acf":[],"brands":[{"id":1107,"name":"Medtronic","slug":"equipo-medico-medtronic"}],"_links":{"self":[{"href":"https:\/\/www.somatechnology.com\/spanish\/wp-json\/wp\/v2\/product\/29620","targetHints":{"allow":["GET"]}}],"collection":[{"href":"https:\/\/www.somatechnology.com\/spanish\/wp-json\/wp\/v2\/product"}],"about":[{"href":"https:\/\/www.somatechnology.com\/spanish\/wp-json\/wp\/v2\/types\/product"}],"wp:featuredmedia":[{"embeddable":true,"href":"https:\/\/www.somatechnology.com\/spanish\/wp-json\/wp\/v2\/media\/29621"}],"wp:attachment":[{"href":"https:\/\/www.somatechnology.com\/spanish\/wp-json\/wp\/v2\/media?parent=29620"}],"wp:term":[{"taxonomy":"pwb-brand","embeddable":true,"href":"https:\/\/www.somatechnology.com\/spanish\/wp-json\/wp\/v2\/pwb-brand?post=29620"},{"taxonomy":"product_brand","embeddable":true,"href":"https:\/\/www.somatechnology.com\/spanish\/wp-json\/wp\/v2\/product_brand?post=29620"},{"taxonomy":"product_cat","embeddable":true,"href":"https:\/\/www.somatechnology.com\/spanish\/wp-json\/wp\/v2\/product_cat?post=29620"},{"taxonomy":"product_tag","embeddable":true,"href":"https:\/\/www.somatechnology.com\/spanish\/wp-json\/wp\/v2\/product_tag?post=29620"}],"curies":[{"name":"wp","href":"https:\/\/api.w.org\/{rel}","templated":true}]}}