{"id":29689,"date":"2024-02-26T16:20:11","date_gmt":"2024-02-26T21:20:11","guid":{"rendered":"https:\/\/www.somatechnology.com\/spanish\/?post_type=product&#038;p=29689"},"modified":"2024-02-26T16:20:11","modified_gmt":"2024-02-26T21:20:11","slug":"stryker-940","status":"publish","type":"product","link":"https:\/\/www.somatechnology.com\/spanish\/equipo-medico-usado-remanufacturado\/cortador-de-yeso\/stryker-940\/","title":{"rendered":"Stryker 940"},"content":{"rendered":"<h2>Caracter\u00edsticas del Stryker 940<\/h2>\n<p>La cortador de yeso <strong>Stryker 940<\/strong> es una sierra para fundici\u00f3n muy silenciosa con control variable de 2 velocidades. La velocidad est\u00e1ndar es lo suficientemente potente como para eliminar la mayor\u00eda de los lanzamientos est\u00e1ndar. Usos de alta velocidad y mayor velocidad para eliminar chaquetas corporales gruesas o espicas de cadera. El Stryker 940 se puede utilizar directamente enchufado a un tomacorriente de pared o conectado a una aspiradora como el Stryker 986 CastVac. Este cortador de yeso Stryker se puede utilizar con cuchillas de nitruro i\u00f3nico, cuchillas de acero inoxidable o cuchillas de nitruro de titanio.<\/p>\n<ul>\n<li>Control variable de 2 velocidades.<\/li>\n<li>Puede usarse con una aspiradora o enchufarse a la pared.<\/li>\n<li>Soporte de vac\u00edo de conexi\u00f3n r\u00e1pida.<\/li>\n<li>Dise\u00f1o ergonomico.<\/li>\n<\/ul>\n","protected":false},"excerpt":{"rendered":"<p>Caracter\u00edsticas del Stryker 940 La cortador de yeso Stryker 940 es una sierra para fundici\u00f3n muy silenciosa con control variable de 2 velocidades. La&#8230;<\/p>\n","protected":false},"featured_media":29690,"template":"","meta":{"_acf_changed":false,"_relevanssi_hide_post":"","_relevanssi_hide_content":"","_relevanssi_pin_for_all":"","_relevanssi_pin_keywords":"","_relevanssi_unpin_keywords":"","_relevanssi_related_keywords":"","_relevanssi_related_include_ids":"","_relevanssi_related_exclude_ids":"","_relevanssi_related_no_append":"","_relevanssi_related_not_related":"","_relevanssi_related_posts":"","_relevanssi_noindex_reason":"","inline_featured_image":false},"pwb-brand":[1079],"product_brand":[],"product_cat":[9696],"product_tag":[9700,9698,9699,9702,178,9701,9697],"class_list":{"0":"post-29689","1":"product","2":"type-product","3":"status-publish","4":"has-post-thumbnail","6":"pwb-brand-equipo-medico-stryker","7":"product_cat-cortador-de-yeso","8":"product_tag-9700","9":"product_tag-cortador","10":"product_tag-cortador-de-yeso","11":"product_tag-cortadora-de-fundicion","12":"product_tag-stryker","13":"product_tag-stryker-940","14":"product_tag-yeso","16":"first","17":"instock","18":"shipping-taxable","19":"purchasable","20":"product-type-simple"},"acf":[],"brands":[{"id":1079,"name":"Stryker","slug":"equipo-medico-stryker"}],"_links":{"self":[{"href":"https:\/\/www.somatechnology.com\/spanish\/wp-json\/wp\/v2\/product\/29689","targetHints":{"allow":["GET"]}}],"collection":[{"href":"https:\/\/www.somatechnology.com\/spanish\/wp-json\/wp\/v2\/product"}],"about":[{"href":"https:\/\/www.somatechnology.com\/spanish\/wp-json\/wp\/v2\/types\/product"}],"wp:featuredmedia":[{"embeddable":true,"href":"https:\/\/www.somatechnology.com\/spanish\/wp-json\/wp\/v2\/media\/29690"}],"wp:attachment":[{"href":"https:\/\/www.somatechnology.com\/spanish\/wp-json\/wp\/v2\/media?parent=29689"}],"wp:term":[{"taxonomy":"pwb-brand","embeddable":true,"href":"https:\/\/www.somatechnology.com\/spanish\/wp-json\/wp\/v2\/pwb-brand?post=29689"},{"taxonomy":"product_brand","embeddable":true,"href":"https:\/\/www.somatechnology.com\/spanish\/wp-json\/wp\/v2\/product_brand?post=29689"},{"taxonomy":"product_cat","embeddable":true,"href":"https:\/\/www.somatechnology.com\/spanish\/wp-json\/wp\/v2\/product_cat?post=29689"},{"taxonomy":"product_tag","embeddable":true,"href":"https:\/\/www.somatechnology.com\/spanish\/wp-json\/wp\/v2\/product_tag?post=29689"}],"curies":[{"name":"wp","href":"https:\/\/api.w.org\/{rel}","templated":true}]}}