{"id":30301,"date":"2024-06-21T10:00:47","date_gmt":"2024-06-21T14:00:47","guid":{"rendered":"https:\/\/www.somatechnology.com\/spanish\/?post_type=product&#038;p=30301"},"modified":"2024-06-21T10:33:58","modified_gmt":"2024-06-21T14:33:58","slug":"midmark-iqecg","status":"publish","type":"product","link":"https:\/\/www.somatechnology.com\/spanish\/equipo-medico-usado-remanufacturado\/electroencefalogramas-eeg\/midmark-iqecg\/","title":{"rendered":"Midmark IQecg"},"content":{"rendered":"<h2>Caracter\u00edsticas de Midmark IQecg<\/h2>\n<p class=\"p1\">El Midmark IQecg est\u00e1 dise\u00f1ado pensando en el m\u00e9dico y el t\u00e9cnico para que sea m\u00e1s f\u00e1cil de usar y mejore el flujo de trabajo cl\u00ednico. IQecg est\u00e1 dise\u00f1ado para funcionar sin problemas con los mejores EMR actuales en diversos entornos de TI de atenci\u00f3n m\u00e9dica para ahorrar tiempo y mejorar los resultados.<\/p>\n<ul>\n<li>\n<p class=\"p1\">El marco Midmark IQconnect permite la creaci\u00f3n de una interfaz de usuario intuitiva que mejora la eficiencia del flujo de trabajo al minimizar la cantidad de clics necesarios.<\/p>\n<\/li>\n<li>\n<p class=\"p1\">El flujo de trabajo mejorado sigue siendo familiar gracias a los nuevos dise\u00f1os de pantalla, paletas de colores, calibradores digitales, comparaci\u00f3n lado a lado en la pantalla y herramientas de edici\u00f3n con campos de texto libre.<\/p>\n<\/li>\n<li>\n<p class=\"p1\">Simplific\u00f3 todos los procesos, incluido el acceso al historial del paciente, conectarlo, realizar pruebas y guardar los datos en el historial sin esfuerzo.<\/p>\n<\/li>\n<\/ul>\n","protected":false},"excerpt":{"rendered":"<p>Caracter\u00edsticas de Midmark IQecg El Midmark IQecg est\u00e1 dise\u00f1ado pensando en el m\u00e9dico y el t\u00e9cnico para que sea m\u00e1s f\u00e1cil de usar y&#8230;<\/p>\n","protected":false},"featured_media":30302,"template":"","meta":{"_acf_changed":false,"_relevanssi_hide_post":"","_relevanssi_hide_content":"","_relevanssi_pin_for_all":"","_relevanssi_pin_keywords":"","_relevanssi_unpin_keywords":"","_relevanssi_related_keywords":"","_relevanssi_related_include_ids":"","_relevanssi_related_exclude_ids":"","_relevanssi_related_no_append":"","_relevanssi_related_not_related":"","_relevanssi_related_posts":"","_relevanssi_noindex_reason":"","inline_featured_image":false},"pwb-brand":[1150],"product_brand":[],"product_cat":[6091],"product_tag":[9958,9247,8246,9974,9975,9972,9950,9964,9967,9969,9977,9961,9970,9976,9952,3964,6044,9968,9971,4710,9973,9816,9879,9817,9965,9962,9966,9963],"class_list":{"0":"post-30301","1":"product","2":"type-product","3":"status-publish","4":"has-post-thumbnail","6":"pwb-brand-equipo-medico-midmark","7":"product_cat-electroencefalogramas-eeg","8":"product_tag-ecg","9":"product_tag-ekg","10":"product_tag-electrocardiografo","11":"product_tag-electrocardiografo-reacondicionado","12":"product_tag-electrocardiografo-usado","13":"product_tag-electrocardiografos-restaurados","14":"product_tag-int","15":"product_tag-international","16":"product_tag-intl","17":"product_tag-iq","18":"product_tag-iq-restaurado","19":"product_tag-iq-usado","20":"product_tag-iqecg","21":"product_tag-iqecg-reformado","22":"product_tag-maquina","23":"product_tag-maquinas","24":"product_tag-mark","25":"product_tag-mid","26":"product_tag-mid-mark","27":"product_tag-midmark","28":"product_tag-midmark-restaurado","29":"product_tag-soma","30":"product_tag-soma-tech","31":"product_tag-soma-technology","32":"product_tag-soma-technology-international","33":"product_tag-somatechnology","34":"product_tag-tech","35":"product_tag-technology","37":"first","38":"instock","39":"shipping-taxable","40":"purchasable","41":"product-type-simple"},"acf":[],"brands":[{"id":1150,"name":"Midmark","slug":"equipo-medico-midmark"}],"_links":{"self":[{"href":"https:\/\/www.somatechnology.com\/spanish\/wp-json\/wp\/v2\/product\/30301","targetHints":{"allow":["GET"]}}],"collection":[{"href":"https:\/\/www.somatechnology.com\/spanish\/wp-json\/wp\/v2\/product"}],"about":[{"href":"https:\/\/www.somatechnology.com\/spanish\/wp-json\/wp\/v2\/types\/product"}],"wp:featuredmedia":[{"embeddable":true,"href":"https:\/\/www.somatechnology.com\/spanish\/wp-json\/wp\/v2\/media\/30302"}],"wp:attachment":[{"href":"https:\/\/www.somatechnology.com\/spanish\/wp-json\/wp\/v2\/media?parent=30301"}],"wp:term":[{"taxonomy":"pwb-brand","embeddable":true,"href":"https:\/\/www.somatechnology.com\/spanish\/wp-json\/wp\/v2\/pwb-brand?post=30301"},{"taxonomy":"product_brand","embeddable":true,"href":"https:\/\/www.somatechnology.com\/spanish\/wp-json\/wp\/v2\/product_brand?post=30301"},{"taxonomy":"product_cat","embeddable":true,"href":"https:\/\/www.somatechnology.com\/spanish\/wp-json\/wp\/v2\/product_cat?post=30301"},{"taxonomy":"product_tag","embeddable":true,"href":"https:\/\/www.somatechnology.com\/spanish\/wp-json\/wp\/v2\/product_tag?post=30301"}],"curies":[{"name":"wp","href":"https:\/\/api.w.org\/{rel}","templated":true}]}}