{"id":30431,"date":"2024-07-19T12:44:30","date_gmt":"2024-07-19T16:44:30","guid":{"rendered":"https:\/\/www.somatechnology.com\/spanish\/?post_type=product&#038;p=30431"},"modified":"2025-10-03T13:59:18","modified_gmt":"2025-10-03T17:59:18","slug":"verathon-glidescope-avl","status":"publish","type":"product","link":"https:\/\/www.somatechnology.com\/spanish\/equipo-medico-usado-remanufacturado\/video-laringoscopios\/verathon-glidescope-avl\/","title":{"rendered":"Verathon GlideScope AVL"},"content":{"rendered":"<h2>Caracter\u00edsticas del Verathon GlideScope AVL<\/h2>\n<p>El sistema de video laringoscopio <strong>Verathon GlideScope AVL<\/strong> ofrece la tecnolog\u00eda y funcionalidad de video digital que los m\u00e9dicos esperan de la laringoscopia avanzada. Este laringoscopio es ideal para v\u00edas a\u00e9reas dif\u00edciles e impredecibles y proporciona una visi\u00f3n consistentemente clara que permite una intubaci\u00f3n r\u00e1pida en condiciones impredecibles.<\/p>\n<ul>\n<li>Monitor Digital a Color<\/li>\n<li>Grabaci\u00f3n en tiempo real integrada<\/li>\n<li>Cuchilla de un solo uso<\/li>\n<li>Dise\u00f1o ergon\u00f3mico<\/li>\n<li>Tecnolog\u00eda anti-empa\u00f1ante<\/li>\n<\/ul>\n","protected":false},"excerpt":{"rendered":"<p>Caracter\u00edsticas del Verathon GlideScope AVL El sistema de video laringoscopio Verathon GlideScope AVL ofrece la tecnolog\u00eda y funcionalidad de video digital que los m\u00e9dicos&#8230;<\/p>\n","protected":false},"featured_media":32697,"template":"","meta":{"_acf_changed":false,"_relevanssi_hide_post":"","_relevanssi_hide_content":"","_relevanssi_pin_for_all":"","_relevanssi_pin_keywords":"","_relevanssi_unpin_keywords":"","_relevanssi_related_keywords":"","_relevanssi_related_include_ids":"","_relevanssi_related_exclude_ids":"","_relevanssi_related_no_append":"","_relevanssi_related_not_related":"","_relevanssi_related_posts":"","_relevanssi_noindex_reason":"","inline_featured_image":false},"pwb-brand":[1362],"product_brand":[],"product_cat":[978],"product_tag":[10036,1003,10037,10034,10035,10038,991,10031,992,10033,1001,3559,10030,10032,10029],"class_list":{"0":"post-30431","1":"product","2":"type-product","3":"status-publish","4":"has-post-thumbnail","6":"pwb-brand-equipo-medico-verathon","7":"product_cat-video-laringoscopios","8":"product_tag-avl","9":"product_tag-glidescope","10":"product_tag-glidescope-avl","11":"product_tag-glidescope-verathon","12":"product_tag-glidescope-verathon-avl","13":"product_tag-glidescopes","14":"product_tag-laringoscopio","15":"product_tag-laringoscopio-verathon","16":"product_tag-laringoscopios","17":"product_tag-laringoscopios-verathon","18":"product_tag-verathon","19":"product_tag-video","20":"product_tag-videolaringoscopio","21":"product_tag-videolaringoscopio-verathon","22":"product_tag-videolaringoscopios","24":"first","25":"instock","26":"shipping-taxable","27":"purchasable","28":"product-type-simple"},"acf":[],"brands":[{"id":1362,"name":"Verathon","slug":"equipo-medico-verathon"}],"_links":{"self":[{"href":"https:\/\/www.somatechnology.com\/spanish\/wp-json\/wp\/v2\/product\/30431","targetHints":{"allow":["GET"]}}],"collection":[{"href":"https:\/\/www.somatechnology.com\/spanish\/wp-json\/wp\/v2\/product"}],"about":[{"href":"https:\/\/www.somatechnology.com\/spanish\/wp-json\/wp\/v2\/types\/product"}],"wp:featuredmedia":[{"embeddable":true,"href":"https:\/\/www.somatechnology.com\/spanish\/wp-json\/wp\/v2\/media\/32697"}],"wp:attachment":[{"href":"https:\/\/www.somatechnology.com\/spanish\/wp-json\/wp\/v2\/media?parent=30431"}],"wp:term":[{"taxonomy":"pwb-brand","embeddable":true,"href":"https:\/\/www.somatechnology.com\/spanish\/wp-json\/wp\/v2\/pwb-brand?post=30431"},{"taxonomy":"product_brand","embeddable":true,"href":"https:\/\/www.somatechnology.com\/spanish\/wp-json\/wp\/v2\/product_brand?post=30431"},{"taxonomy":"product_cat","embeddable":true,"href":"https:\/\/www.somatechnology.com\/spanish\/wp-json\/wp\/v2\/product_cat?post=30431"},{"taxonomy":"product_tag","embeddable":true,"href":"https:\/\/www.somatechnology.com\/spanish\/wp-json\/wp\/v2\/product_tag?post=30431"}],"curies":[{"name":"wp","href":"https:\/\/api.w.org\/{rel}","templated":true}]}}