{"id":30796,"date":"2024-09-03T15:08:21","date_gmt":"2024-09-03T19:08:21","guid":{"rendered":"https:\/\/www.somatechnology.com\/spanish\/?post_type=product&#038;p=30796"},"modified":"2024-11-06T09:21:32","modified_gmt":"2024-11-06T14:21:32","slug":"haemonetics-cell-saver-elite-plus","status":"publish","type":"product","link":"https:\/\/www.somatechnology.com\/spanish\/equipo-medico-usado-remanufacturado\/autotransfusion\/haemonetics-cell-saver-elite-plus\/","title":{"rendered":"Haemonetics Cell Saver Elite+"},"content":{"rendered":"<h2>Caracter\u00edsticas del Haemonetics Cell Saver Elite+<\/h2>\n<p>El Haemonetics Cell Saver Elite+ es un dispositivo de autotransfusi\u00f3n que permite a las instalaciones m\u00e9dicas recolectar y recuperar la sangre del paciente durante y despu\u00e9s de un procedimiento para luego devolverla al paciente despu\u00e9s de haber sido procesada y lavada. Los sistemas de autotransfusi\u00f3n se utilizan t\u00edpicamente en procedimientos donde ocurre una gran p\u00e9rdida de sangre. Soma Tech Intl ofrece dispositivos Haemonetics Cell Saver Elite+ reacondicionados. Soma reacondiciona estos dispositivos en su propia instalaci\u00f3n certificada con ISO:13485 y no est\u00e1 afiliada a Haemonetics.<\/p>\n<ul>\n<li>Reduce la necesidad de transfusiones alog\u00e9nicas con la transfusi\u00f3n aut\u00f3loga.<\/li>\n<li>Empaca y lava gl\u00f3bulos rojos con una tasa de recuperaci\u00f3n superior al 90%.<\/li>\n<li>Monitor en color con pantalla t\u00e1ctil.<\/li>\n<li>Configuraciones personalizables.<\/li>\n<\/ul>\n","protected":false},"excerpt":{"rendered":"<p>Caracter\u00edsticas del Haemonetics Cell Saver Elite+ El Haemonetics Cell Saver Elite+ es un dispositivo de autotransfusi\u00f3n que permite a las instalaciones m\u00e9dicas recolectar y&#8230;<\/p>\n","protected":false},"featured_media":30800,"template":"","meta":{"_acf_changed":false,"_relevanssi_hide_post":"","_relevanssi_hide_content":"","_relevanssi_pin_for_all":"","_relevanssi_pin_keywords":"","_relevanssi_unpin_keywords":"","_relevanssi_related_keywords":"","_relevanssi_related_include_ids":"","_relevanssi_related_exclude_ids":"","_relevanssi_related_no_append":"","_relevanssi_related_not_related":"","_relevanssi_related_posts":"","_relevanssi_noindex_reason":"","inline_featured_image":false},"pwb-brand":[1076],"product_brand":[],"product_cat":[110],"product_tag":[10065,10064,3121,10066,598,10063,1473],"class_list":{"0":"post-30796","1":"product","2":"type-product","3":"status-publish","4":"has-post-thumbnail","6":"pwb-brand-haemonetics","7":"product_cat-autotransfusion","8":"product_tag-cell-saver","9":"product_tag-cell-saver-elite","10":"product_tag-elite","11":"product_tag-elite-plus","12":"product_tag-haemonetics","13":"product_tag-haemonetics-cell-saver-elite","14":"product_tag-plus","16":"first","17":"instock","18":"shipping-taxable","19":"purchasable","20":"product-type-simple"},"acf":[],"brands":[{"id":1076,"name":"Haemonetics","slug":"haemonetics"}],"_links":{"self":[{"href":"https:\/\/www.somatechnology.com\/spanish\/wp-json\/wp\/v2\/product\/30796","targetHints":{"allow":["GET"]}}],"collection":[{"href":"https:\/\/www.somatechnology.com\/spanish\/wp-json\/wp\/v2\/product"}],"about":[{"href":"https:\/\/www.somatechnology.com\/spanish\/wp-json\/wp\/v2\/types\/product"}],"wp:featuredmedia":[{"embeddable":true,"href":"https:\/\/www.somatechnology.com\/spanish\/wp-json\/wp\/v2\/media\/30800"}],"wp:attachment":[{"href":"https:\/\/www.somatechnology.com\/spanish\/wp-json\/wp\/v2\/media?parent=30796"}],"wp:term":[{"taxonomy":"pwb-brand","embeddable":true,"href":"https:\/\/www.somatechnology.com\/spanish\/wp-json\/wp\/v2\/pwb-brand?post=30796"},{"taxonomy":"product_brand","embeddable":true,"href":"https:\/\/www.somatechnology.com\/spanish\/wp-json\/wp\/v2\/product_brand?post=30796"},{"taxonomy":"product_cat","embeddable":true,"href":"https:\/\/www.somatechnology.com\/spanish\/wp-json\/wp\/v2\/product_cat?post=30796"},{"taxonomy":"product_tag","embeddable":true,"href":"https:\/\/www.somatechnology.com\/spanish\/wp-json\/wp\/v2\/product_tag?post=30796"}],"curies":[{"name":"wp","href":"https:\/\/api.w.org\/{rel}","templated":true}]}}