{"id":31559,"date":"2025-01-02T17:10:01","date_gmt":"2025-01-02T22:10:01","guid":{"rendered":"https:\/\/www.somatechnology.com\/spanish\/?post_type=product&#038;p=31559"},"modified":"2025-09-23T09:13:40","modified_gmt":"2025-09-23T13:13:40","slug":"halyard-health-pmg-115","status":"publish","type":"product","link":"https:\/\/www.somatechnology.com\/spanish\/equipo-medico-usado-remanufacturado\/generador-de-radiofrecuencia\/halyard-health-pmg-115\/","title":{"rendered":"Halyard Health PMG-115"},"content":{"rendered":"<h2>Caracter\u00edsticas del PMG-115<\/h2>\n<p>El generador de radiofrecuencia PMG-115 de Halyard Health (Kimberly Clark o BMC) est\u00e1 dise\u00f1ado para ofrecer precisi\u00f3n y confiabilidad en el manejo del dolor y procedimientos de lesiones neurol\u00f3gicas. Administra energ\u00eda de radiofrecuencia controlada al tejido, proporcionando una coagulaci\u00f3n y descompresi\u00f3n eficaz. El PMG-115 ofrece modos de tratamiento vers\u00e1tiles con monitoreo en tiempo real. Su dise\u00f1o intuitivo permite un funcionamiento sin problemas en entornos cl\u00ednicos.<\/p>\n<ul>\n<li>Funcionamiento multi-modos: Incluye modos de estimulaci\u00f3n, lesi\u00f3n y RF refrigerada para diversos procedimientos.<\/li>\n<li>Monitoreo de temperatura: Mide y ajusta continuamente la temperatura de la sonda para un control preciso de la lesi\u00f3n.<\/li>\n<li>Salida de potencia de RF: Admite hasta 50 vatios de energ\u00eda de radiofrecuencia a 460 kHz.<\/li>\n<li>Interfaz de usuario: Panel de control sencillo e intuitivo para una navegaci\u00f3n sencilla.<\/li>\n<li>Apagado de seguridad: L\u00edmites de apagado integrados de hardware y software para evitar altas temperatura y errores del sistema.<\/li>\n<li>Accesorios: Compatible con una amplia gama de sondas y accesorios.<\/li>\n<li>Par\u00e1metros de RF ajustables: configuraciones de potencia personalizables.<\/li>\n<\/ul>\n","protected":false},"excerpt":{"rendered":"<p>El generador de radiofrecuencia PMG-115 de Halyard Health (Kimberly Clark o BMC) est\u00e1 dise\u00f1ado para ofrecer precisi\u00f3n y confiabilidad en el manejo del dolor y procedimientos de lesiones neurol\u00f3gicas. Administra energ\u00eda de radiofrecuencia controlada al tejido, proporcionando una coagulaci\u00f3n y descompresi\u00f3n eficaz.<\/p>\n","protected":false},"featured_media":31580,"template":"","meta":{"_acf_changed":false,"_relevanssi_hide_post":"","_relevanssi_hide_content":"","_relevanssi_pin_for_all":"","_relevanssi_pin_keywords":"","_relevanssi_unpin_keywords":"","_relevanssi_related_keywords":"","_relevanssi_related_include_ids":"","_relevanssi_related_exclude_ids":"","_relevanssi_related_no_append":"","_relevanssi_related_not_related":"","_relevanssi_related_posts":"","_relevanssi_noindex_reason":"","inline_featured_image":false},"pwb-brand":[10505],"product_brand":[],"product_cat":[9529],"product_tag":[10510,10507,10509,10508,10506,10511],"class_list":{"0":"post-31559","1":"product","2":"type-product","3":"status-publish","4":"has-post-thumbnail","6":"pwb-brand-halyard-health","7":"product_cat-generador-de-radiofrecuencia","8":"product_tag-dispositivos-de-energia","9":"product_tag-generador-de-manejo-del-dolor-kimberly-clark","10":"product_tag-generador-de-radiofrecuencia-bmc","11":"product_tag-generadores-de-rf-baylis-medical","12":"product_tag-health-halyard-pmg-115","13":"product_tag-maquinas-de-ablacion","15":"first","16":"instock","17":"shipping-taxable","18":"purchasable","19":"product-type-simple"},"acf":[],"brands":[{"id":10505,"name":"Halyard Health","slug":"halyard-health"}],"_links":{"self":[{"href":"https:\/\/www.somatechnology.com\/spanish\/wp-json\/wp\/v2\/product\/31559","targetHints":{"allow":["GET"]}}],"collection":[{"href":"https:\/\/www.somatechnology.com\/spanish\/wp-json\/wp\/v2\/product"}],"about":[{"href":"https:\/\/www.somatechnology.com\/spanish\/wp-json\/wp\/v2\/types\/product"}],"wp:featuredmedia":[{"embeddable":true,"href":"https:\/\/www.somatechnology.com\/spanish\/wp-json\/wp\/v2\/media\/31580"}],"wp:attachment":[{"href":"https:\/\/www.somatechnology.com\/spanish\/wp-json\/wp\/v2\/media?parent=31559"}],"wp:term":[{"taxonomy":"pwb-brand","embeddable":true,"href":"https:\/\/www.somatechnology.com\/spanish\/wp-json\/wp\/v2\/pwb-brand?post=31559"},{"taxonomy":"product_brand","embeddable":true,"href":"https:\/\/www.somatechnology.com\/spanish\/wp-json\/wp\/v2\/product_brand?post=31559"},{"taxonomy":"product_cat","embeddable":true,"href":"https:\/\/www.somatechnology.com\/spanish\/wp-json\/wp\/v2\/product_cat?post=31559"},{"taxonomy":"product_tag","embeddable":true,"href":"https:\/\/www.somatechnology.com\/spanish\/wp-json\/wp\/v2\/product_tag?post=31559"}],"curies":[{"name":"wp","href":"https:\/\/api.w.org\/{rel}","templated":true}]}}