{"id":31859,"date":"2025-04-11T11:13:22","date_gmt":"2025-04-11T15:13:22","guid":{"rendered":"https:\/\/www.somatechnology.com\/spanish\/?post_type=product&#038;p=31859"},"modified":"2025-12-11T03:36:43","modified_gmt":"2025-12-11T08:36:43","slug":"stryker-1688-4k","status":"publish","type":"product","link":"https:\/\/www.somatechnology.com\/spanish\/equipo-medico-usado-remanufacturado\/sistema-de-video-endoscopia\/stryker-1688-4k\/","title":{"rendered":"Stryker 1688 AIM 4K"},"content":{"rendered":"<div class=\"wpb-content-wrapper\"><p>[vc_row][vc_column][vc_column_text css=\u00bb\u00bb]<\/p>\n<h2>Platforma Stryker 1688 AIM 4K<\/h2>\n<p>La <a href=\"https:\/\/www.somatechnology.com\/spanish\/wp-content\/uploads\/sites\/2\/2025\/04\/Stryker-1688-spa.pdf\">Stryker 1688 AIM 4K<\/a> es una plataforma quir\u00fargica de \u00faltima generaci\u00f3n que combina resoluci\u00f3n 4K, im\u00e1genes por fluorescencia y conectividad total. Administrado por el Connected OR Hub, este sistema proporciona acceso instant\u00e1neo a im\u00e1genes, datos y configuraciones cr\u00edticas, permitiendo a los equipos quir\u00fargicos operar con una claridad y precisi\u00f3n excepcionales.<\/p>\n<ul>\n<li>C\u00e1mara 1688 AIM 4K<\/li>\n<li>Fuente de Luz L11 con Auto-Light Technology<\/li>\n<li>Monitor quir\u00fargico 4K de 32\u201d<\/li>\n<li>Insuflador PneumoClear<\/li>\n<li>Im\u00e1genes de fluorescencia SPY-PHI<\/li>\n<li>Centro de quir\u00f3fano conectado (Connected OR Hub)<\/li>\n<\/ul>\n<p>[\/vc_column_text][\/vc_column][\/vc_row]<\/p>\n<\/div>","protected":false},"excerpt":{"rendered":"<p>[vc_row][vc_column][vc_column_text css=\u00bb\u00bb] Platforma Stryker 1688 AIM 4K La Stryker 1688 AIM 4K es una plataforma quir\u00fargica de \u00faltima generaci\u00f3n que combina resoluci\u00f3n 4K, im\u00e1genes&#8230;<\/p>\n","protected":false},"featured_media":31860,"template":"","meta":{"_acf_changed":false,"_relevanssi_hide_post":"","_relevanssi_hide_content":"","_relevanssi_pin_for_all":"","_relevanssi_pin_keywords":"","_relevanssi_unpin_keywords":"","_relevanssi_related_keywords":"","_relevanssi_related_include_ids":"","_relevanssi_related_exclude_ids":"","_relevanssi_related_no_append":"","_relevanssi_related_not_related":"","_relevanssi_related_posts":"","_relevanssi_noindex_reason":"","inline_featured_image":false},"pwb-brand":[1079],"product_brand":[],"product_cat":[84],"product_tag":[10725,10727,10736,10734,10728,10729,10731,10735,10737,10733,10732,10730,178,10726],"class_list":{"0":"post-31859","1":"product","2":"type-product","3":"status-publish","4":"has-post-thumbnail","6":"pwb-brand-equipo-medico-stryker","7":"product_cat-sistema-de-video-endoscopia","8":"product_tag-10725","9":"product_tag-4k","10":"product_tag-camara-1688-aim-4k","11":"product_tag-fuente-de-luz-l11","12":"product_tag-hub-or-conectado","13":"product_tag-imagen-por-fluorescencia-spy-phi","14":"product_tag-insuflador-pneumoclear","15":"product_tag-l11","16":"product_tag-la-torre-de-endoscopia-stryker-1688-aim-4k","17":"product_tag-monitor-quirurgico-4k","18":"product_tag-pneumoclear","19":"product_tag-spy-phi","20":"product_tag-stryker","21":"product_tag-torre-de-endoscopia","23":"first","24":"instock","25":"shipping-taxable","26":"purchasable","27":"product-type-simple"},"acf":[],"brands":[{"id":1079,"name":"Stryker","slug":"equipo-medico-stryker"}],"_links":{"self":[{"href":"https:\/\/www.somatechnology.com\/spanish\/wp-json\/wp\/v2\/product\/31859","targetHints":{"allow":["GET"]}}],"collection":[{"href":"https:\/\/www.somatechnology.com\/spanish\/wp-json\/wp\/v2\/product"}],"about":[{"href":"https:\/\/www.somatechnology.com\/spanish\/wp-json\/wp\/v2\/types\/product"}],"wp:featuredmedia":[{"embeddable":true,"href":"https:\/\/www.somatechnology.com\/spanish\/wp-json\/wp\/v2\/media\/31860"}],"wp:attachment":[{"href":"https:\/\/www.somatechnology.com\/spanish\/wp-json\/wp\/v2\/media?parent=31859"}],"wp:term":[{"taxonomy":"pwb-brand","embeddable":true,"href":"https:\/\/www.somatechnology.com\/spanish\/wp-json\/wp\/v2\/pwb-brand?post=31859"},{"taxonomy":"product_brand","embeddable":true,"href":"https:\/\/www.somatechnology.com\/spanish\/wp-json\/wp\/v2\/product_brand?post=31859"},{"taxonomy":"product_cat","embeddable":true,"href":"https:\/\/www.somatechnology.com\/spanish\/wp-json\/wp\/v2\/product_cat?post=31859"},{"taxonomy":"product_tag","embeddable":true,"href":"https:\/\/www.somatechnology.com\/spanish\/wp-json\/wp\/v2\/product_tag?post=31859"}],"curies":[{"name":"wp","href":"https:\/\/api.w.org\/{rel}","templated":true}]}}