{"id":32464,"date":"2025-08-22T11:31:41","date_gmt":"2025-08-22T15:31:41","guid":{"rendered":"https:\/\/www.somatechnology.com\/spanish\/?post_type=product&#038;p=32464"},"modified":"2025-08-22T15:56:50","modified_gmt":"2025-08-22T19:56:50","slug":"midmark-ritter-223","status":"publish","type":"product","link":"https:\/\/www.somatechnology.com\/spanish\/equipo-medico-usado-remanufacturado\/mesa-de-examen\/midmark-ritter-223\/","title":{"rendered":"Midmark Ritter 223"},"content":{"rendered":"<h2>Caracter\u00edsticas de la Midmark Ritter 223<\/h2>\n<p>La Midmark Ritter 223 Barrier Free es una mesa de exploraci\u00f3n el\u00e9ctrica. El modelo 223 est\u00e1 dise\u00f1ado para utilizarse como silla o mesa de exploraci\u00f3n, ofreciendo posicionamiento y soporte a los pacientes durante ex\u00e1menes generales y procedimientos realizados por profesionales m\u00e9dicos calificados en un entorno de consultorio. Esta mesa est\u00e1 dise\u00f1ada para descender hasta 45.7 cm (18&#8243;) desde el piso, facilitando que los pacientes puedan subirse con mayor comodidad y reduciendo el esfuerzo tanto en la espalda de los pacientes como en la de los m\u00e9dicos y el personal.<\/p>\n<ul>\n<li>Altura y respaldo ajustables el\u00e9ctricamente.<\/li>\n<li>Capacidad de carga para pacientes de hasta 181 kg (400 lb).<\/li>\n<li>Rango de ajuste de altura del asiento: 45.7 cm a 94 cm (18&#8243; \u2013 37&#8243;).<\/li>\n<li>Control de pie est\u00e1ndar.<\/li>\n<li>Peso: 143 kg (315 lb).<\/li>\n<\/ul>\n","protected":false},"excerpt":{"rendered":"<p>Caracter\u00edsticas de la Midmark Ritter 223 La Midmark Ritter 223 Barrier Free es una mesa de exploraci\u00f3n el\u00e9ctrica. El modelo 223 est\u00e1 dise\u00f1ado para&#8230;<\/p>\n","protected":false},"featured_media":32465,"template":"","meta":{"_acf_changed":false,"_relevanssi_hide_post":"","_relevanssi_hide_content":"","_relevanssi_pin_for_all":"","_relevanssi_pin_keywords":"","_relevanssi_unpin_keywords":"","_relevanssi_related_keywords":"","_relevanssi_related_include_ids":"","_relevanssi_related_exclude_ids":"","_relevanssi_related_no_append":"","_relevanssi_related_not_related":"","_relevanssi_related_posts":"","_relevanssi_noindex_reason":"","inline_featured_image":false},"pwb-brand":[1150],"product_brand":[],"product_cat":[10069],"product_tag":[10070,11000,10996,10071,11001,10997,4710,11002,10991,11004,11006,10077,11003,10992,10998,10994,10993,10999,10995,11005],"class_list":{"0":"post-32464","1":"product","2":"type-product","3":"status-publish","4":"has-post-thumbnail","6":"pwb-brand-equipo-medico-midmark","7":"product_cat-mesa-de-examen","8":"product_tag-mesa-de-examen","9":"product_tag-mesa-de-examen-electrica","10":"product_tag-mesa-de-exploracion","11":"product_tag-mesas-de-examen","12":"product_tag-mesas-de-examen-electricas","13":"product_tag-mesas-de-exploracion","14":"product_tag-midmark","15":"product_tag-midmark-223","16":"product_tag-midmark-ritter","17":"product_tag-midmark-ritter-223","18":"product_tag-midmark-ritter-223-sin-barreras","19":"product_tag-ritter","20":"product_tag-ritter-223","21":"product_tag-silla-de-examen","22":"product_tag-silla-de-examen-electrica","23":"product_tag-silla-de-exploracion","24":"product_tag-sillas-de-examen","25":"product_tag-sillas-de-examen-electricas","26":"product_tag-sillas-de-exploracion","27":"product_tag-sin-barreras","29":"first","30":"instock","31":"shipping-taxable","32":"purchasable","33":"product-type-simple"},"acf":[],"brands":[{"id":1150,"name":"Midmark","slug":"equipo-medico-midmark"}],"_links":{"self":[{"href":"https:\/\/www.somatechnology.com\/spanish\/wp-json\/wp\/v2\/product\/32464","targetHints":{"allow":["GET"]}}],"collection":[{"href":"https:\/\/www.somatechnology.com\/spanish\/wp-json\/wp\/v2\/product"}],"about":[{"href":"https:\/\/www.somatechnology.com\/spanish\/wp-json\/wp\/v2\/types\/product"}],"wp:featuredmedia":[{"embeddable":true,"href":"https:\/\/www.somatechnology.com\/spanish\/wp-json\/wp\/v2\/media\/32465"}],"wp:attachment":[{"href":"https:\/\/www.somatechnology.com\/spanish\/wp-json\/wp\/v2\/media?parent=32464"}],"wp:term":[{"taxonomy":"pwb-brand","embeddable":true,"href":"https:\/\/www.somatechnology.com\/spanish\/wp-json\/wp\/v2\/pwb-brand?post=32464"},{"taxonomy":"product_brand","embeddable":true,"href":"https:\/\/www.somatechnology.com\/spanish\/wp-json\/wp\/v2\/product_brand?post=32464"},{"taxonomy":"product_cat","embeddable":true,"href":"https:\/\/www.somatechnology.com\/spanish\/wp-json\/wp\/v2\/product_cat?post=32464"},{"taxonomy":"product_tag","embeddable":true,"href":"https:\/\/www.somatechnology.com\/spanish\/wp-json\/wp\/v2\/product_tag?post=32464"}],"curies":[{"name":"wp","href":"https:\/\/api.w.org\/{rel}","templated":true}]}}