{"id":33134,"date":"2026-01-06T15:17:37","date_gmt":"2026-01-06T20:17:37","guid":{"rendered":"https:\/\/www.somatechnology.com\/spanish\/?post_type=product&#038;p=33134"},"modified":"2026-01-06T15:58:25","modified_gmt":"2026-01-06T20:58:25","slug":"transmotion-tmm6","status":"publish","type":"product","link":"https:\/\/www.somatechnology.com\/spanish\/equipo-medico-usado-remanufacturado\/camillas\/transmotion-tmm6\/","title":{"rendered":"TransMotion TMM6"},"content":{"rendered":"<h2 data-start=\"116\" data-end=\"157\"><strong data-start=\"119\" data-end=\"157\">Caracter\u00edsticas de la\u00a0<\/strong><strong data-start=\"119\" data-end=\"157\">TransMotion TMM6<\/strong><\/h2>\n<p data-start=\"159\" data-end=\"632\">La <a href=\"https:\/\/www.somatechnology.com\/spanish\/wp-content\/uploads\/sites\/2\/2026\/01\/TransMotion-TMM6-Specifications-spa.pdf\"><strong data-start=\"162\" data-end=\"190\">camilla TransMotion TMM6<\/strong><\/a> es una camilla-silla multifuncional avanzada, dise\u00f1ada para el transporte, tratamiento y recuperaci\u00f3n de pacientes en entornos m\u00e9dicos. Este modelo ofrece caracter\u00edsticas mejoradas respecto de versiones anteriores, garantizando mayor comodidad y eficiencia cl\u00ednica. Su dise\u00f1o ergon\u00f3mico, junto con controles f\u00e1ciles de usar y una gran capacidad de carga, la convierte en una valiosa incorporaci\u00f3n para hospitales y centros quir\u00fargicos.<\/p>\n<ul>\n<li data-start=\"636\" data-end=\"755\"><strong data-start=\"636\" data-end=\"662\">Dise\u00f1o Multiprop\u00f3sito:<\/strong> funciona de manera eficiente como camilla y silla quir\u00fargica para aplicaciones vers\u00e1tiles.<\/li>\n<li data-start=\"758\" data-end=\"899\"><span style=\"box-sizing: border-box; margin: 0px; padding: 0px;\"><strong>Posicionamiento Avanzado:<\/strong> los controles el\u00e9ctricos permiten ajustes precisos de la altura del asiento, del respaldo y del soporte para las piernas.<\/span><\/li>\n<li data-start=\"902\" data-end=\"976\"><strong data-start=\"902\" data-end=\"929\">Alta Capacidad de Peso:<\/strong> soporta pacientes de hasta 600 lb (272 kg).<\/li>\n<li data-start=\"979\" data-end=\"1114\"><span style=\"box-sizing: border-box; margin: 0px; padding: 0px;\"><strong>Sistema de bater\u00eda mejorado:<\/strong> operaci\u00f3n prolongada con bater\u00eda de larga vida para mayor confiabilidad en usos prolongados.<\/span><\/li>\n<li data-start=\"1117\" data-end=\"1239\"><strong data-start=\"1117\" data-end=\"1140\">Movilidad Mejorada:<\/strong> ruedas de desplazamiento suaves con bloqueo central para mayor estabilidad durante el transporte.<\/li>\n<li data-start=\"1242\" data-end=\"1344\"><span style=\"box-sizing: border-box; margin: 0px; padding: 0px;\"><strong>Amplia gama de opciones:<\/strong> disponibles con ancho extendido, altura reducida y reposapi\u00e9s plegables.<\/span><\/li>\n<li data-start=\"1347\" data-end=\"1461\"><span style=\"box-sizing: border-box; margin: 0px; padding: 0px;\"><strong>Duradera y F\u00e1cil de Limpiar:<\/strong> construida con materiales robustos para una larga vida \u00fatil y un mantenimiento sencillo.<\/span><\/li>\n<\/ul>\n","protected":false},"excerpt":{"rendered":"<p>Caracter\u00edsticas de la\u00a0TransMotion TMM6 La camilla TransMotion TMM6 es una camilla-silla multifuncional avanzada, dise\u00f1ada para el transporte, tratamiento y recuperaci\u00f3n de pacientes en entornos&#8230;<\/p>\n","protected":false},"featured_media":33135,"template":"","meta":{"_acf_changed":false,"_relevanssi_hide_post":"","_relevanssi_hide_content":"","_relevanssi_pin_for_all":"","_relevanssi_pin_keywords":"","_relevanssi_unpin_keywords":"","_relevanssi_related_keywords":"","_relevanssi_related_include_ids":"","_relevanssi_related_exclude_ids":"","_relevanssi_related_no_append":"","_relevanssi_related_not_related":"","_relevanssi_related_posts":"","_relevanssi_noindex_reason":"","inline_featured_image":false},"pwb-brand":[10398],"product_brand":[],"product_cat":[58],"product_tag":[11194,11197,11201,11196,11198],"class_list":{"0":"post-33134","1":"product","2":"type-product","3":"status-publish","4":"has-post-thumbnail","6":"pwb-brand-trans-motion","7":"product_cat-camillas","8":"product_tag-camillas-transmotion","9":"product_tag-reclinables","10":"product_tag-silla-quirurgica-tmm6","11":"product_tag-sillas-hospitalarias","12":"product_tag-superficie-para-pacientes","14":"first","15":"instock","16":"shipping-taxable","17":"purchasable","18":"product-type-simple"},"acf":[],"brands":[{"id":10398,"name":"TransMotion","slug":"trans-motion"}],"_links":{"self":[{"href":"https:\/\/www.somatechnology.com\/spanish\/wp-json\/wp\/v2\/product\/33134","targetHints":{"allow":["GET"]}}],"collection":[{"href":"https:\/\/www.somatechnology.com\/spanish\/wp-json\/wp\/v2\/product"}],"about":[{"href":"https:\/\/www.somatechnology.com\/spanish\/wp-json\/wp\/v2\/types\/product"}],"wp:featuredmedia":[{"embeddable":true,"href":"https:\/\/www.somatechnology.com\/spanish\/wp-json\/wp\/v2\/media\/33135"}],"wp:attachment":[{"href":"https:\/\/www.somatechnology.com\/spanish\/wp-json\/wp\/v2\/media?parent=33134"}],"wp:term":[{"taxonomy":"pwb-brand","embeddable":true,"href":"https:\/\/www.somatechnology.com\/spanish\/wp-json\/wp\/v2\/pwb-brand?post=33134"},{"taxonomy":"product_brand","embeddable":true,"href":"https:\/\/www.somatechnology.com\/spanish\/wp-json\/wp\/v2\/product_brand?post=33134"},{"taxonomy":"product_cat","embeddable":true,"href":"https:\/\/www.somatechnology.com\/spanish\/wp-json\/wp\/v2\/product_cat?post=33134"},{"taxonomy":"product_tag","embeddable":true,"href":"https:\/\/www.somatechnology.com\/spanish\/wp-json\/wp\/v2\/product_tag?post=33134"}],"curies":[{"name":"wp","href":"https:\/\/api.w.org\/{rel}","templated":true}]}}