{"id":33596,"date":"2026-04-08T12:47:55","date_gmt":"2026-04-08T16:47:55","guid":{"rendered":"https:\/\/www.somatechnology.com\/spanish\/?post_type=product&#038;p=33596"},"modified":"2026-04-08T13:08:33","modified_gmt":"2026-04-08T17:08:33","slug":"datex-ohmeda-excel-210-mri-2","status":"publish","type":"product","link":"https:\/\/www.somatechnology.com\/spanish\/equipo-medico-usado-remanufacturado\/maquinas-de-anestesia\/datex-ohmeda-excel-210-mri-2\/","title":{"rendered":"Datex-Ohmeda Excel 210 MRI"},"content":{"rendered":"<h2>Caracter\u00edsticas de la\u00a0 Excel 210 MRI<\/h2>\n<p class=\"p1\"><span style=\"box-sizing: border-box; margin: 0px; padding: 0px;\">La <a href=\"https:\/\/www.somatechnology.com\/spanish\/wp-content\/uploads\/sites\/2\/2026\/04\/Datex-Ohmeda-Excel-210-MRI-Anesthesia-Machine-spa.pdf\">m\u00e1quina de anestesia MRI Excel 210 de Datex-Ohmeda<\/a> est\u00e1 dise\u00f1ada para una administraci\u00f3n segura y eficiente de anestesia en entornos de MRI. Construida con materiales no ferrosos, garantiza la compatibilidad con los sistemas de MRI, minimizando las interferencias y maximizando la seguridad. Esta m\u00e1quina de anestesia admite ox\u00edgeno, \u00f3xido nitroso y aire, y puede conectarse tanto a suministros de gas por tuber\u00eda como a cilindros. Su dise\u00f1o compacto, combinado con funciones avanzadas de seguridad como el Sistema de Limitaci\u00f3n de Proporciones Link 25 y las alarmas audibles de bajo suministro de ox\u00edgeno, la convierte en una opci\u00f3n confiable para los profesionales de la salud que trabajan en salas de MRI. Con opciones de accesorios y vaporizadores, el Excel 210 ofrece flexibilidad para una amplia gama de necesidades cl\u00ednicas.<\/span><\/p>\n<article class=\"text-token-text-primary w-full focus:outline-none [--shadow-height:45px] has-data-writing-block:pointer-events-none has-data-writing-block:-mt-(--shadow-height) has-data-writing-block:pt-(--shadow-height) [&amp;:has([data-writing-block])&gt;*]:pointer-events-auto scroll-mt-(--header-height)\" dir=\"auto\" tabindex=\"-1\" data-turn-id=\"9f204f18-d0cf-4df7-816a-7d3867de3064\" data-testid=\"conversation-turn-201\" data-scroll-anchor=\"false\" data-turn=\"user\"><\/article>\n<article class=\"text-token-text-primary w-full focus:outline-none [--shadow-height:45px] has-data-writing-block:pointer-events-none has-data-writing-block:-mt-(--shadow-height) has-data-writing-block:pt-(--shadow-height) [&amp;:has([data-writing-block])&gt;*]:pointer-events-auto scroll-mt-[calc(var(--header-height)+min(200px,max(70px,20svh)))]\" dir=\"auto\" tabindex=\"-1\" data-turn-id=\"request-689a0863-e8c4-8330-8754-ade433e63b55-60\" data-testid=\"conversation-turn-202\" data-scroll-anchor=\"true\" data-turn=\"assistant\">\n<div class=\"text-base my-auto mx-auto pb-10 [--thread-content-margin:--spacing(4)] @w-sm\/main:[--thread-content-margin:--spacing(6)] @w-lg\/main:[--thread-content-margin:--spacing(16)] px-(--thread-content-margin)\">\n<div class=\"[--thread-content-max-width:40rem] @w-lg\/main:[--thread-content-max-width:48rem] mx-auto max-w-(--thread-content-max-width) flex-1 group\/turn-messages focus-visible:outline-hidden relative flex w-full min-w-0 flex-col agent-turn\" tabindex=\"-1\">\n<div class=\"flex max-w-full flex-col grow\">\n<div class=\"min-h-8 text-message relative flex w-full flex-col items-end gap-2 text-start break-words whitespace-normal [.text-message+&amp;]:mt-1\" dir=\"auto\" data-message-author-role=\"assistant\" data-message-id=\"c7a6909c-831d-4869-95a7-f02ec1091d5d\" data-message-model-slug=\"gpt-5-3\">\n<div class=\"flex w-full flex-col gap-1 empty:hidden first:pt-[1px]\">\n<div class=\"markdown prose dark:prose-invert w-full wrap-break-word dark markdown-new-styling\">\n<ul>\n<li data-start=\"0\" data-end=\"214\"><strong data-start=\"0\" data-end=\"27\">Compatibilidad con MRI:<\/strong> dise\u00f1ado con materiales no ferrosos para evitar interferencias con los sistemas de MRI. Probado cerca de unidades de 1.5 Tesla con campos magn\u00e9ticos de dispersi\u00f3n por debajo de 0.23 Tesla.<\/li>\n<li data-start=\"216\" data-end=\"343\"><span style=\"box-sizing: border-box; margin: 0px; padding: 0px;\"><strong>Soporte de triple gas:<\/strong> admite ox\u00edgeno, \u00f3xido nitroso y aire, con conexiones para suministro por red (pipeline) y por cilindro.<\/span><\/li>\n<li data-start=\"345\" data-end=\"595\"><strong data-start=\"345\" data-end=\"378\">Caracter\u00edsticas de seguridad:<\/strong> incluye el sistema de limitaci\u00f3n proporcional Link 25 para mezclas de ox\u00edgeno\/\u00f3xido nitroso, alarmas de bajo suministro de ox\u00edgeno y enclavamientos para evitar que m\u00faltiples vaporizadores funcionen simult\u00e1neamente.<\/li>\n<li data-start=\"597\" data-end=\"710\"><span style=\"box-sizing: border-box; margin: 0px; padding: 0px;\"><strong>Opciones flexibles de vaporizador:<\/strong> compatible con los vaporizadores Tec 4 y Tec 5 (llenado con llave o con embudo).<\/span><\/li>\n<li data-start=\"712\" data-end=\"858\"><strong data-start=\"712\" data-end=\"735\">Dise\u00f1o conveniente:<\/strong> estructura compacta con riel tipo cola de milano de longitud completa para accesorios, ruedas grandes y frenos integrados.<\/li>\n<\/ul>\n<\/div>\n<\/div>\n<\/div>\n<\/div>\n<\/div>\n<\/div>\n<\/article>\n","protected":false},"excerpt":{"rendered":"<p>La m\u00e1quina de anestesia para resonancia magn\u00e9tica Datex-Ohmeda Excel 210 est\u00e1 dise\u00f1ada para administrar anestesia de forma segura y eficiente en entornos de resonancia magn\u00e9tica. Fabricada con materiales no ferrosos, garantiza la compatibilidad con los sistemas de resonancia magn\u00e9tica, minimizando las interferencias y maximizando la seguridad. Esta m\u00e1quina de anestesia admite ox\u00edgeno, \u00f3xido nitroso y aire, y puede conectarse tanto a la red de gas como a cilindros.<\/p>\n","protected":false},"featured_media":33597,"template":"","meta":{"_acf_changed":false,"_relevanssi_hide_post":"","_relevanssi_hide_content":"","_relevanssi_pin_for_all":"","_relevanssi_pin_keywords":"","_relevanssi_unpin_keywords":"","_relevanssi_related_keywords":"","_relevanssi_related_include_ids":"","_relevanssi_related_exclude_ids":"","_relevanssi_related_no_append":"","_relevanssi_related_not_related":"","_relevanssi_related_posts":"","_relevanssi_noindex_reason":"","inline_featured_image":false},"pwb-brand":[1132],"product_brand":[],"product_cat":[48],"product_tag":[11274,11276,11275,260,5864,234,11278,11277,10428,11279,223,6850,453],"class_list":{"0":"post-33596","1":"product","2":"type-product","3":"status-publish","4":"has-post-thumbnail","6":"pwb-brand-equipo-medico-datex-ohmeda","7":"product_cat-maquinas-de-anestesia","8":"product_tag-11274","9":"product_tag-210-mri","10":"product_tag-datex-ohmeda-210","11":"product_tag-datex-ohmeda-excel-210","12":"product_tag-datex-ohmeda-excel-210-mri","13":"product_tag-excel-210","14":"product_tag-excel-210-mri","15":"product_tag-excel-mri","16":"product_tag-maquina-de-anestesia","17":"product_tag-maquina-de-anestesia-datex-ohmeda","18":"product_tag-maquinas-de-anestesia","19":"product_tag-maquinas-de-anestesia-datex-ohmeda","20":"product_tag-mri","22":"first","23":"instock","24":"shipping-taxable","25":"purchasable","26":"product-type-simple"},"acf":[],"brands":[{"id":1132,"name":"Datex Ohmeda","slug":"equipo-medico-datex-ohmeda"}],"_links":{"self":[{"href":"https:\/\/www.somatechnology.com\/spanish\/wp-json\/wp\/v2\/product\/33596","targetHints":{"allow":["GET"]}}],"collection":[{"href":"https:\/\/www.somatechnology.com\/spanish\/wp-json\/wp\/v2\/product"}],"about":[{"href":"https:\/\/www.somatechnology.com\/spanish\/wp-json\/wp\/v2\/types\/product"}],"wp:featuredmedia":[{"embeddable":true,"href":"https:\/\/www.somatechnology.com\/spanish\/wp-json\/wp\/v2\/media\/33597"}],"wp:attachment":[{"href":"https:\/\/www.somatechnology.com\/spanish\/wp-json\/wp\/v2\/media?parent=33596"}],"wp:term":[{"taxonomy":"pwb-brand","embeddable":true,"href":"https:\/\/www.somatechnology.com\/spanish\/wp-json\/wp\/v2\/pwb-brand?post=33596"},{"taxonomy":"product_brand","embeddable":true,"href":"https:\/\/www.somatechnology.com\/spanish\/wp-json\/wp\/v2\/product_brand?post=33596"},{"taxonomy":"product_cat","embeddable":true,"href":"https:\/\/www.somatechnology.com\/spanish\/wp-json\/wp\/v2\/product_cat?post=33596"},{"taxonomy":"product_tag","embeddable":true,"href":"https:\/\/www.somatechnology.com\/spanish\/wp-json\/wp\/v2\/product_tag?post=33596"}],"curies":[{"name":"wp","href":"https:\/\/api.w.org\/{rel}","templated":true}]}}