{"id":33703,"date":"2026-04-28T16:04:54","date_gmt":"2026-04-28T20:04:54","guid":{"rendered":"https:\/\/www.somatechnology.com\/spanish\/?post_type=product&#038;p=33703"},"modified":"2026-04-29T15:19:41","modified_gmt":"2026-04-29T19:19:41","slug":"mindray-cpm-8","status":"publish","type":"product","link":"https:\/\/www.somatechnology.com\/spanish\/equipo-medico-usado-remanufacturado\/monitores-de-signos-vitales\/monitores-multiparametros\/mindray-cpm-8\/","title":{"rendered":"Mindray cPM 8"},"content":{"rendered":"<h2>Caracter\u00edsticas del Mindray cPM 82<\/h2>\n<p>El Mindray cPM 8 es un monitor de pacientes avanzado dise\u00f1ado para ofrecer una monitorizaci\u00f3n fiable y precisa en diversos entornos cl\u00ednicos. Su interfaz intuitiva y dise\u00f1o modular proporcionan visualizaci\u00f3n de datos en tiempo real, garantizando que el personal sanitario disponga de la informaci\u00f3n necesaria para tomar decisiones informadas. El CPM8 admite la monitorizaci\u00f3n integral de las constantes vitales, lo que lo convierte en una soluci\u00f3n ideal para cuidados intensivos y salas de hospitalizaci\u00f3n general.<\/p>\n<ul>\n<li>Pantalla de alta resoluci\u00f3n: Proporciona una visualizaci\u00f3n clara de los par\u00e1metros y las formas de onda del paciente.<\/li>\n<li>Monitorizaci\u00f3n integral: registra con precisi\u00f3n el ECG, la SpO2, la presi\u00f3n arterial no invasiva (NIBP), la temperatura corporal y la frecuencia respiratoria.<\/li>\n<li>Alarmas personalizables: sistema avanzado con umbrales ajustables para eventos cr\u00edticos.<\/li>\n<li>Dise\u00f1o modular: Ampliable con m\u00f3dulos adicionales para aplicaciones especializadas.<\/li>\n<li>Almacenamiento de datos: memoria de gran capacidad para una revisi\u00f3n optimizada de tendencias, eventos y formas de onda.<\/li>\n<li>Opciones de conectividad: compatible con la integraci\u00f3n HL7 y con la conexi\u00f3n a dispositivos externos.<\/li>\n<li>Dise\u00f1o port\u00e1til: compacto y ligero para un uso flexible en diferentes \u00e1reas asistenciales.<\/li>\n<\/ul>\n","protected":false},"excerpt":{"rendered":"<p>El Mindray cPM 8 es un monitor de pacientes avanzado dise\u00f1ado para ofrecer una monitorizaci\u00f3n fiable y precisa en diversos entornos cl\u00ednicos. Su interfaz intuitiva y su dise\u00f1o modular permiten la visualizaci\u00f3n de datos en tiempo real, garantizando que el personal sanitario disponga de la informaci\u00f3n necesaria para tomar decisiones fundamentadas. El cPM 8 admite la monitorizaci\u00f3n integral de constantes vitales, lo que lo convierte en una soluci\u00f3n ideal para cuidados intensivos y salas de hospitalizaci\u00f3n general.<\/p>\n","protected":false},"featured_media":33705,"template":"","meta":{"_acf_changed":false,"_relevanssi_hide_post":"","_relevanssi_hide_content":"","_relevanssi_pin_for_all":"","_relevanssi_pin_keywords":"","_relevanssi_unpin_keywords":"","_relevanssi_related_keywords":"","_relevanssi_related_include_ids":"","_relevanssi_related_exclude_ids":"","_relevanssi_related_no_append":"","_relevanssi_related_not_related":"","_relevanssi_related_posts":"","_relevanssi_noindex_reason":"","inline_featured_image":false},"pwb-brand":[1135],"product_brand":[],"product_cat":[50],"product_tag":[11303,450,11301,11302,11304],"class_list":{"0":"post-33703","1":"product","2":"type-product","3":"status-publish","4":"has-post-thumbnail","6":"pwb-brand-equipo-medico-mindray","7":"product_cat-monitores-multiparametros","8":"product_tag-cpm-8","9":"product_tag-mindray","10":"product_tag-mindray-cpm-8","11":"product_tag-monitor-mindray-cpm-8","12":"product_tag-monitor-multiparametros","14":"first","15":"instock","16":"shipping-taxable","17":"purchasable","18":"product-type-simple"},"acf":[],"brands":[{"id":1135,"name":"Mindray","slug":"equipo-medico-mindray"}],"_links":{"self":[{"href":"https:\/\/www.somatechnology.com\/spanish\/wp-json\/wp\/v2\/product\/33703","targetHints":{"allow":["GET"]}}],"collection":[{"href":"https:\/\/www.somatechnology.com\/spanish\/wp-json\/wp\/v2\/product"}],"about":[{"href":"https:\/\/www.somatechnology.com\/spanish\/wp-json\/wp\/v2\/types\/product"}],"wp:featuredmedia":[{"embeddable":true,"href":"https:\/\/www.somatechnology.com\/spanish\/wp-json\/wp\/v2\/media\/33705"}],"wp:attachment":[{"href":"https:\/\/www.somatechnology.com\/spanish\/wp-json\/wp\/v2\/media?parent=33703"}],"wp:term":[{"taxonomy":"pwb-brand","embeddable":true,"href":"https:\/\/www.somatechnology.com\/spanish\/wp-json\/wp\/v2\/pwb-brand?post=33703"},{"taxonomy":"product_brand","embeddable":true,"href":"https:\/\/www.somatechnology.com\/spanish\/wp-json\/wp\/v2\/product_brand?post=33703"},{"taxonomy":"product_cat","embeddable":true,"href":"https:\/\/www.somatechnology.com\/spanish\/wp-json\/wp\/v2\/product_cat?post=33703"},{"taxonomy":"product_tag","embeddable":true,"href":"https:\/\/www.somatechnology.com\/spanish\/wp-json\/wp\/v2\/product_tag?post=33703"}],"curies":[{"name":"wp","href":"https:\/\/api.w.org\/{rel}","templated":true}]}}