{"id":33709,"date":"2026-04-29T15:31:37","date_gmt":"2026-04-29T19:31:37","guid":{"rendered":"https:\/\/www.somatechnology.com\/spanish\/?post_type=product&#038;p=33709"},"modified":"2026-04-29T15:51:02","modified_gmt":"2026-04-29T19:51:02","slug":"hamilton-t1","status":"publish","type":"product","link":"https:\/\/www.somatechnology.com\/spanish\/equipo-medico-usado-remanufacturado\/ventiladores\/hamilton-t1\/","title":{"rendered":"Hamilton T1"},"content":{"rendered":"<h2 data-pm-slice=\"1 3 []\">Caracter\u00edsticas del Hamilton T1<\/h2>\n<p>El Hamilton T1 es un ventilador avanzado dise\u00f1ado para brindar soporte respiratorio cr\u00edtico tanto en entornos cl\u00ednicos como en entornos de transporte. Su dise\u00f1o compacto, combinado con tecnolog\u00eda de vanguardia, garantiza una ventilaci\u00f3n precisa para diversas necesidades de los pacientes, desde neonatos hasta adultos. Este ventilador es ideal para su uso en urgencias, traslados interhospitalarios y unidades de cuidados intensivos, ofreciendo rendimiento y portabilidad. Su dise\u00f1o robusto y su interfaz intuitiva lo convierten en una opci\u00f3n confiable para los profesionales de la salud.<\/p>\n<ul>\n<li>Ventilaci\u00f3n de Soporte Adaptativo (ASV\u00ae): Ajusta autom\u00e1ticamente la ventilaci\u00f3n para satisfacer las necesidades cambiantes del paciente, optimizando la oxigenaci\u00f3n y la eliminaci\u00f3n de CO2.<\/li>\n<li>Dise\u00f1o port\u00e1til y ligero: Su tama\u00f1o compacto y su peso reducido facilitan el transporte y la movilidad.<\/li>\n<li>Monitorizaci\u00f3n integrada: Visualizaci\u00f3n en tiempo real de formas de onda, tendencias y bucles, y paneles inteligentes para una evaluaci\u00f3n integral del paciente.<\/li>\n<li>Alarmas avanzadas: Incluye alarmas visuales y sonoras para notificar al personal sanitario sobre cambios cr\u00edticos en el estado del paciente.<\/li>\n<li>Bater\u00eda de respaldo: El sistema de doble bater\u00eda proporciona hasta 8 horas de funcionamiento, garantizando una atenci\u00f3n ininterrumpida durante el transporte.<\/li>\n<li>Amplia compatibilidad con modos: Admite modos de oxigenoterapia invasiva, no invasiva y de alto flujo.<\/li>\n<li>Construcci\u00f3n robusta: duradera para su uso en entornos exigentes como ambulancias, helic\u00f3pteros y hospitales de campa\u00f1a.<\/li>\n<\/ul>\n","protected":false},"excerpt":{"rendered":"<p>El Hamilton T1 es un ventilador avanzado dise\u00f1ado para brindar soporte respiratorio cr\u00edtico tanto en entornos cl\u00ednicos como de transporte. Su dise\u00f1o compacto, combinado con tecnolog\u00eda de vanguardia, garantiza una ventilaci\u00f3n precisa para diversas necesidades de los pacientes, desde neonatos hasta adultos. Este ventilador es ideal para su uso en urgencias, traslados interhospitalarios y unidades de cuidados intensivos, ofreciendo rendimiento y portabilidad. Su dise\u00f1o robusto y su interfaz intuitiva lo convierten en una opci\u00f3n confiable para los profesionales de la salud.<\/p>\n","protected":false},"featured_media":33712,"template":"","meta":{"_acf_changed":false,"_relevanssi_hide_post":"","_relevanssi_hide_content":"","_relevanssi_pin_for_all":"","_relevanssi_pin_keywords":"","_relevanssi_unpin_keywords":"","_relevanssi_related_keywords":"","_relevanssi_related_include_ids":"","_relevanssi_related_exclude_ids":"","_relevanssi_related_no_append":"","_relevanssi_related_not_related":"","_relevanssi_related_posts":"","_relevanssi_noindex_reason":"","inline_featured_image":false},"pwb-brand":[11249],"product_brand":[],"product_cat":[51],"product_tag":[11306,11307,11305],"class_list":{"0":"post-33709","1":"product","2":"type-product","3":"status-publish","4":"has-post-thumbnail","6":"pwb-brand-hamilton-medical","7":"product_cat-ventiladores","8":"product_tag-hamilton-medical-t-1","9":"product_tag-ventilador-de-transporte","10":"product_tag-ventilador-t1","12":"first","13":"instock","14":"shipping-taxable","15":"purchasable","16":"product-type-simple"},"acf":[],"brands":[{"id":11249,"name":"Hamilton Medical","slug":"hamilton-medical"}],"_links":{"self":[{"href":"https:\/\/www.somatechnology.com\/spanish\/wp-json\/wp\/v2\/product\/33709","targetHints":{"allow":["GET"]}}],"collection":[{"href":"https:\/\/www.somatechnology.com\/spanish\/wp-json\/wp\/v2\/product"}],"about":[{"href":"https:\/\/www.somatechnology.com\/spanish\/wp-json\/wp\/v2\/types\/product"}],"wp:featuredmedia":[{"embeddable":true,"href":"https:\/\/www.somatechnology.com\/spanish\/wp-json\/wp\/v2\/media\/33712"}],"wp:attachment":[{"href":"https:\/\/www.somatechnology.com\/spanish\/wp-json\/wp\/v2\/media?parent=33709"}],"wp:term":[{"taxonomy":"pwb-brand","embeddable":true,"href":"https:\/\/www.somatechnology.com\/spanish\/wp-json\/wp\/v2\/pwb-brand?post=33709"},{"taxonomy":"product_brand","embeddable":true,"href":"https:\/\/www.somatechnology.com\/spanish\/wp-json\/wp\/v2\/product_brand?post=33709"},{"taxonomy":"product_cat","embeddable":true,"href":"https:\/\/www.somatechnology.com\/spanish\/wp-json\/wp\/v2\/product_cat?post=33709"},{"taxonomy":"product_tag","embeddable":true,"href":"https:\/\/www.somatechnology.com\/spanish\/wp-json\/wp\/v2\/product_tag?post=33709"}],"curies":[{"name":"wp","href":"https:\/\/api.w.org\/{rel}","templated":true}]}}