{"id":3678,"date":"2016-07-19T21:12:07","date_gmt":"2016-07-19T21:12:07","guid":{"rendered":"http:\/\/equipomedicocentral.com\/wordpress\/product\/medfusion-3500\/"},"modified":"2025-09-23T15:45:49","modified_gmt":"2025-09-23T19:45:49","slug":"medfusion-3500","status":"publish","type":"product","link":"https:\/\/www.somatechnology.com\/spanish\/equipo-medico-usado-remanufacturado\/terapia-intravenosa\/bombas-intravenosas\/medfusion-3500\/","title":{"rendered":"Medfusion 3500"},"content":{"rendered":"<h2>Caracter\u00edsticas del Smiths Medical Medfusion 3500<\/h2>\n<p>La <strong><a href=\"https:\/\/www.somatechnology.com\/wp-content\/uploads\/sites\/2\/2016\/07\/medfusion-3500-spa.pdf\">Medfusion 3500 es una bomba de infusi\u00f3n<\/a><\/strong> dise\u00f1ada para administrar dosis precisas de medicamentos utilizando jeringas de entre 1 mL y 60 mL. Con sensores duales, garantiza que las infusiones se administren con la m\u00e1xima precisi\u00f3n y fiabilidad. Ideal para entornos de UCI y quir\u00f3fano, este equipo es adecuado para pacientes de todas las edades, incluidos adultos, pedi\u00e1tricos y neonatos. Adem\u00e1s, detecta autom\u00e1ticamente diferentes tipos y tama\u00f1os de jeringas, siendo compatible con la mayor\u00eda de los modelos de fabricantes reconocidos.<\/p>\n<ul>\n<li>Compatibilidad Amplia con Jeringas<\/li>\n<li>Entrega Precisa de Medicamentos<\/li>\n<li>Funciones Avanzadas de Seguridad<\/li>\n<li>Compatibilidad con MRI<\/li>\n<li>Integraci\u00f3n con Sistemas de Gesti\u00f3n de Datos de Pacientes<\/li>\n<li>Precisi\u00f3n con Sensores Duales<\/li>\n<\/ul>\n","protected":false},"excerpt":{"rendered":"<p>La Medfusion 3500 es una bomba de infusi\u00f3n dise\u00f1ada para administrar dosis precisas de medicamentos utilizando jeringas de entre 1 mL y 60 mL. Con sensores duales, garantiza que las infusiones se administren con la m\u00e1xima precisi\u00f3n y fiabilidad. Ideal para entornos de UCI y quir\u00f3fano, este equipo es adecuado para pacientes de todas las edades, incluidos adultos, pedi\u00e1tricos y neonatos.<\/p>\n","protected":false},"featured_media":20944,"template":"","meta":{"_acf_changed":false,"_relevanssi_hide_post":"","_relevanssi_hide_content":"","_relevanssi_pin_for_all":"","_relevanssi_pin_keywords":"","_relevanssi_unpin_keywords":"","_relevanssi_related_keywords":"","_relevanssi_related_include_ids":"","_relevanssi_related_exclude_ids":"","_relevanssi_related_no_append":"","_relevanssi_related_not_related":"","_relevanssi_related_posts":"","_relevanssi_noindex_reason":"","inline_featured_image":false},"pwb-brand":[10134],"product_brand":[],"product_cat":[52],"product_tag":[2527,3613,3611,10644,10637,10646,10645,10641,3582,3612,10642,10639,10638,10647,10643,10640,10223,1516,10648,2963,2961,10649],"class_list":{"0":"post-3678","1":"product","2":"type-product","3":"status-publish","4":"has-post-thumbnail","6":"pwb-brand-icu-medical","7":"product_cat-bombas-intravenosas","8":"product_tag-2527","9":"product_tag-bomba","10":"product_tag-bomba-de-infusion","11":"product_tag-bomba-de-infusion-digital","12":"product_tag-bomba-de-infusion-medfusion-3500","13":"product_tag-bomba-de-jeringa","14":"product_tag-bomba-de-jeringa-digital","15":"product_tag-bomba-de-jeringa-digital-medfusion-3500","16":"product_tag-bombas","17":"product_tag-bombas-de-infusion","18":"product_tag-bombas-de-infusion-digital","19":"product_tag-bombas-de-infusion-digital-medfusion-3500","20":"product_tag-bombas-de-infusion-medfusion-3500","21":"product_tag-bombas-de-jeringa","22":"product_tag-bombas-de-jeringa-digital","23":"product_tag-bombas-de-jeringa-digital-medfusion-3500","24":"product_tag-infusion","25":"product_tag-iv","26":"product_tag-jeringa","27":"product_tag-medfusion","28":"product_tag-medfusion-3500","29":"product_tag-terapia-iv","31":"first","32":"instock","33":"purchasable","34":"product-type-simple"},"acf":[],"brands":[{"id":10134,"name":"ICU Medical","slug":"icu-medical"}],"_links":{"self":[{"href":"https:\/\/www.somatechnology.com\/spanish\/wp-json\/wp\/v2\/product\/3678","targetHints":{"allow":["GET"]}}],"collection":[{"href":"https:\/\/www.somatechnology.com\/spanish\/wp-json\/wp\/v2\/product"}],"about":[{"href":"https:\/\/www.somatechnology.com\/spanish\/wp-json\/wp\/v2\/types\/product"}],"wp:featuredmedia":[{"embeddable":true,"href":"https:\/\/www.somatechnology.com\/spanish\/wp-json\/wp\/v2\/media\/20944"}],"wp:attachment":[{"href":"https:\/\/www.somatechnology.com\/spanish\/wp-json\/wp\/v2\/media?parent=3678"}],"wp:term":[{"taxonomy":"pwb-brand","embeddable":true,"href":"https:\/\/www.somatechnology.com\/spanish\/wp-json\/wp\/v2\/pwb-brand?post=3678"},{"taxonomy":"product_brand","embeddable":true,"href":"https:\/\/www.somatechnology.com\/spanish\/wp-json\/wp\/v2\/product_brand?post=3678"},{"taxonomy":"product_cat","embeddable":true,"href":"https:\/\/www.somatechnology.com\/spanish\/wp-json\/wp\/v2\/product_cat?post=3678"},{"taxonomy":"product_tag","embeddable":true,"href":"https:\/\/www.somatechnology.com\/spanish\/wp-json\/wp\/v2\/product_tag?post=3678"}],"curies":[{"name":"wp","href":"https:\/\/api.w.org\/{rel}","templated":true}]}}