{"id":3706,"date":"2016-07-19T21:12:47","date_gmt":"2016-07-19T21:12:47","guid":{"rendered":"http:\/\/equipomedicocentral.com\/wordpress\/product\/abbott-plum-3xl\/"},"modified":"2025-09-23T15:39:31","modified_gmt":"2025-09-23T19:39:31","slug":"hospira-abbott-plum-xl3","status":"publish","type":"product","link":"https:\/\/www.somatechnology.com\/spanish\/equipo-medico-usado-remanufacturado\/terapia-intravenosa\/bombas-intravenosas\/hospira-abbott-plum-xl3\/","title":{"rendered":"Hospira Abbott Plum XL3"},"content":{"rendered":"<h2>Caracter\u00edsticas del Hospira Abbott Plum XL3<\/h2>\n<p>El Plum XL3 micro\/macro es un sistema de infusi\u00f3n volum\u00e9trica de varias l\u00edneas dise\u00f1ado para satisfacer la creciente demanda de estandarizaci\u00f3n en todo el hospital. El XL3 del ciruelo contiene tres unidades de bombeo independientes, cada uno que tiene una l\u00ednea primaria, una l\u00ednea secundaria, y la capacidad fl\u00faida de la entrega del l\u00edquido. El Plum XL3 es adecuado para una amplia gama de aplicaciones m\u00e9dicas\/quir\u00fargicas y de cuidados cr\u00edticos. La compatibilidad total con los conjuntos y accesorios de administraci\u00f3n Lifecare PlumSets y los sistemas de protecci\u00f3n sin aguja LifeShield hacen del ciruelo XL3 un sistema de infusi\u00f3n conveniente y rentable.<\/p>\n<ul>\n<li>Tres bombas programables independientemente<\/li>\n<li>Para la entrega de fluidos primarios<\/li>\n<li>Funcional, todo tipo de contenedores<\/li>\n<li>Atrapa y elimina autom\u00e1ticamente el aire<\/li>\n<\/ul>\n<h3>Informaci\u00f3n General del hospira Abbott XL 3<\/h3>\n<ul>\n<li>13.75 \u00abH x 12.2\u00bb W x 7.5 \u00abD<\/li>\n<li>20 lbs con pilas<\/li>\n<li>Carcasa de pl\u00e1stico de alto impacto<\/li>\n<li>100-130 VAC, 47\/63 Hz, menos de 60W<\/li>\n<li>Cord\u00f3n de CA del grado del hospital, 10ft largo<\/li>\n<li>1,0 A, 250V, fusible de soplado lento<\/li>\n<li>Bater\u00edas recargables y selladas, de plomo-\u00e1cido 8V<\/li>\n<li>Un conjunto de bater\u00edas completamente cargado proporcionar\u00e1 un tiempo de funcionamiento de aproximadamente 4 horas cuando todas las unidades de bombeo operen simult\u00e1neamente a una velocidad de 125 ml\/hr o una entrega acumulativa de 1000 ml en cualquier combinaci\u00f3n de tasas y unidades de bombeo.<\/li>\n<li>La recarga de la bater\u00eda tarda aproximadamente 6 horas cuando el dispositivo est\u00e1 apagado<\/li>\n<\/ul>\n","protected":false},"excerpt":{"rendered":"<p>El Plum XL3 micro\/macro es un sistema de infusi\u00f3n volum\u00e9trica de varias l\u00edneas dise\u00f1ado para satisfacer la creciente demanda de estandarizaci\u00f3n en todo el hospital. El XL3 del ciruelo contiene tres unidades de bombeo independientes, cada uno que tiene una l\u00ednea primaria, una l\u00ednea secundaria, y la capacidad fl\u00faida de la entrega del l\u00edquido.<\/p>\n","protected":false},"featured_media":11829,"template":"","meta":{"_acf_changed":false,"_relevanssi_hide_post":"","_relevanssi_hide_content":"","_relevanssi_pin_for_all":"","_relevanssi_pin_keywords":"","_relevanssi_unpin_keywords":"","_relevanssi_related_keywords":"","_relevanssi_related_include_ids":"","_relevanssi_related_exclude_ids":"","_relevanssi_related_no_append":"","_relevanssi_related_not_related":"","_relevanssi_related_posts":"","_relevanssi_noindex_reason":"","inline_featured_image":false},"pwb-brand":[1323],"product_brand":[],"product_cat":[52],"product_tag":[2923,2917,2916,2914,2920,2921,2922,3600,3597],"class_list":{"0":"post-3706","1":"product","2":"type-product","3":"status-publish","4":"has-post-thumbnail","6":"pwb-brand-bombas-intravenosas-hospira","7":"product_cat-bombas-intravenosas","8":"product_tag-abbott-plum-xl3","9":"product_tag-hospira","10":"product_tag-hospira-abbott","11":"product_tag-hospira-abbott-plum","12":"product_tag-hospira-abbott-plum-xl3","13":"product_tag-hospira-abbott-xl3","14":"product_tag-hospira-plum-xl3","15":"product_tag-sistema-de-infusion","16":"product_tag-sistema-de-la-infusion","18":"first","19":"instock","20":"purchasable","21":"product-type-simple"},"acf":[],"brands":[{"id":1323,"name":"Hospira","slug":"bombas-intravenosas-hospira"}],"_links":{"self":[{"href":"https:\/\/www.somatechnology.com\/spanish\/wp-json\/wp\/v2\/product\/3706","targetHints":{"allow":["GET"]}}],"collection":[{"href":"https:\/\/www.somatechnology.com\/spanish\/wp-json\/wp\/v2\/product"}],"about":[{"href":"https:\/\/www.somatechnology.com\/spanish\/wp-json\/wp\/v2\/types\/product"}],"wp:featuredmedia":[{"embeddable":true,"href":"https:\/\/www.somatechnology.com\/spanish\/wp-json\/wp\/v2\/media\/11829"}],"wp:attachment":[{"href":"https:\/\/www.somatechnology.com\/spanish\/wp-json\/wp\/v2\/media?parent=3706"}],"wp:term":[{"taxonomy":"pwb-brand","embeddable":true,"href":"https:\/\/www.somatechnology.com\/spanish\/wp-json\/wp\/v2\/pwb-brand?post=3706"},{"taxonomy":"product_brand","embeddable":true,"href":"https:\/\/www.somatechnology.com\/spanish\/wp-json\/wp\/v2\/product_brand?post=3706"},{"taxonomy":"product_cat","embeddable":true,"href":"https:\/\/www.somatechnology.com\/spanish\/wp-json\/wp\/v2\/product_cat?post=3706"},{"taxonomy":"product_tag","embeddable":true,"href":"https:\/\/www.somatechnology.com\/spanish\/wp-json\/wp\/v2\/product_tag?post=3706"}],"curies":[{"name":"wp","href":"https:\/\/api.w.org\/{rel}","templated":true}]}}