{"id":3771,"date":"2016-07-19T21:13:55","date_gmt":"2016-07-19T21:13:55","guid":{"rendered":"http:\/\/equipomedicocentral.com\/wordpress\/product\/terumo-sarns-8000\/"},"modified":"2025-06-26T09:50:50","modified_gmt":"2025-06-26T13:50:50","slug":"terumo-sarns-8000","status":"publish","type":"product","link":"https:\/\/www.somatechnology.com\/spanish\/equipo-medico-usado-remanufacturado\/cardiovascular\/maquinas-de-corazon-y-pulmon\/terumo-sarns-8000\/","title":{"rendered":"Terumo Sarns 8000"},"content":{"rendered":"<h2>Caracter\u00edsticas del\u00a0Terumo Sarns Modular Perfusion System 8000<\/h2>\n<p>El sistema de perfusi\u00f3n modular <strong>Terumo Sarns 8000<\/strong> es un sistema de bombeo de sangre modular, confiable y econ\u00f3mica. Terumo Sarns 8000 es una m\u00e1quina modular de pulm\u00f3n y coraz\u00f3n que est\u00e1 disponible en una variedad de configuraciones. Ofrecemos 4 y 5 unidades de bombas que est\u00e1n disponibles con y sin la bomba centr\u00edfuga incorporada. Todas las unidades han sido restauradas de f\u00e1brica o han sido bien mantenidas con un registro de servicio completo.<\/p>\n<ul>\n<li>Dise\u00f1o modular<\/li>\n<li>Base de cuatro o cinco bombas<\/li>\n<li>Bombas centr\u00edfugas o de rodillo<\/li>\n<li>Monitores arteriales y de cardiolog\u00eda para temperatura, presiones y temporizadores<\/li>\n<li>M\u00f3dulo de bater\u00eda<\/li>\n<li>oclusor venoso electr\u00f3nico<\/li>\n<li>Modo de pulso<\/li>\n<li>M\u00f3dulo de comunicaciones para la adquisici\u00f3n de datos<\/li>\n<\/ul>\n","protected":false},"excerpt":{"rendered":"<p>El sistema de perfusi\u00f3n modular Terumo Sarns 8000 es un sistema de bombeo de sangre modular, confiable y econ\u00f3mica. Terumo Sarns 8000 es una m\u00e1quina modular de pulm\u00f3n y coraz\u00f3n que est\u00e1 disponible en una variedad de configuraciones. Ofrecemos 4 y 5 unidades de bombas que est\u00e1n disponibles con y sin la bomba centr\u00edfuga incorporada. Todas las unidades han sido restauradas de f\u00e1brica o han sido bien mantenidas con un registro de servicio completo.<\/p>\n","protected":false},"featured_media":10492,"template":"","meta":{"_acf_changed":false,"_relevanssi_hide_post":"","_relevanssi_hide_content":"","_relevanssi_pin_for_all":"","_relevanssi_pin_keywords":"","_relevanssi_unpin_keywords":"","_relevanssi_related_keywords":"","_relevanssi_related_include_ids":"","_relevanssi_related_exclude_ids":"","_relevanssi_related_no_append":"","_relevanssi_related_not_related":"","_relevanssi_related_posts":"","_relevanssi_noindex_reason":"","inline_featured_image":false},"pwb-brand":[1106],"product_brand":[],"product_cat":[78],"product_tag":[3304,1067,5040,481,3303,5041],"class_list":{"0":"post-3771","1":"product","2":"type-product","3":"status-publish","4":"has-post-thumbnail","6":"pwb-brand-equipo-medico-terumo","7":"product_cat-maquinas-de-corazon-y-pulmon","8":"product_tag-3304","9":"product_tag-maquinas-de-corazon-y-pulmon","10":"product_tag-terumo-sans-maquinas-de-corazon-y-pulmon","11":"product_tag-terumo-sarns","12":"product_tag-terumo-sarns-8000","13":"product_tag-terumo-sarns-8000-maquinas-de-corazon-y-pulmon","15":"first","16":"instock","17":"purchasable","18":"product-type-simple"},"acf":[],"brands":[{"id":1106,"name":"Terumo","slug":"equipo-medico-terumo"}],"_links":{"self":[{"href":"https:\/\/www.somatechnology.com\/spanish\/wp-json\/wp\/v2\/product\/3771","targetHints":{"allow":["GET"]}}],"collection":[{"href":"https:\/\/www.somatechnology.com\/spanish\/wp-json\/wp\/v2\/product"}],"about":[{"href":"https:\/\/www.somatechnology.com\/spanish\/wp-json\/wp\/v2\/types\/product"}],"wp:featuredmedia":[{"embeddable":true,"href":"https:\/\/www.somatechnology.com\/spanish\/wp-json\/wp\/v2\/media\/10492"}],"wp:attachment":[{"href":"https:\/\/www.somatechnology.com\/spanish\/wp-json\/wp\/v2\/media?parent=3771"}],"wp:term":[{"taxonomy":"pwb-brand","embeddable":true,"href":"https:\/\/www.somatechnology.com\/spanish\/wp-json\/wp\/v2\/pwb-brand?post=3771"},{"taxonomy":"product_brand","embeddable":true,"href":"https:\/\/www.somatechnology.com\/spanish\/wp-json\/wp\/v2\/product_brand?post=3771"},{"taxonomy":"product_cat","embeddable":true,"href":"https:\/\/www.somatechnology.com\/spanish\/wp-json\/wp\/v2\/product_cat?post=3771"},{"taxonomy":"product_tag","embeddable":true,"href":"https:\/\/www.somatechnology.com\/spanish\/wp-json\/wp\/v2\/product_tag?post=3771"}],"curies":[{"name":"wp","href":"https:\/\/api.w.org\/{rel}","templated":true}]}}