{"id":3844,"date":"2016-07-19T21:15:46","date_gmt":"2016-07-19T21:15:46","guid":{"rendered":"http:\/\/equipomedicocentral.com\/wordpress\/product\/ge-stenoscop\/"},"modified":"2023-08-23T06:01:48","modified_gmt":"2023-08-23T10:01:48","slug":"ge-stenoscop","status":"publish","type":"product","link":"https:\/\/www.somatechnology.com\/spanish\/equipo-medico-usado-remanufacturado\/imagenologia-radiologia\/arcos-en-c\/ge-stenoscop\/","title":{"rendered":"GE Stenoscop"},"content":{"rendered":"<h2>Caracter\u00edsticas de GE Stenoscop<\/h2>\n<ul>\n<li>Intensificador de la imagen del solo modo 6 \u00ab\/9\u00bb<\/li>\n<li>X-Ray tub<\/li>\n<li>Almacenaje de la imagen 50<\/li>\n<li>Monitores de doble resoluci\u00f3n est\u00e1ndar<\/li>\n<li>C\u00e1mara de matriz de copia impresa<\/li>\n<\/ul>\n<h3>Im\u00e1genes de cirug\u00eda m\u00ednimamente invasiva<\/h3>\n<p>Capacidades y una amplia gama de opciones (impresoras, VCR, sistema del laser, medida de la dosis), Stenoscop est\u00e1 limitado para satisfacer sus necesidades actuales y futuras. El sistema es muy flexible y ofrece excelentes niveles de rendimiento para una amplia gama de aplicaciones:<\/p>\n<ul>\n<li>Cirugia de rutina: trauma, ortopedia, cirugia abdominal, Urolog\u00eda, neurocirug\u00eda, etc.<\/li>\n<li>Procedimientos cardiovasculares intervencionistas: dilataci\u00f3n, embolizaci\u00f3n, colocaci\u00f3n de stents, quimioterapia, etc.<\/li>\n<li>Procedimientos intervencionistas generales: implante de marcapasos, Biopsia, broncoscopia, gastroscopia, colonoscopia, cateterismo urinario, etc..<\/li>\n<\/ul>\n<h3>F\u00e1cil de usar<\/h3>\n<p>Simplemente presionando el pedal, Stenoscop muestra una imagen perfecta mientras ajusta autom\u00e1ticamente los par\u00e1metros al examen actual. Cuenta con:<\/p>\n<ul>\n<li>Intuitivo generador de rayos x y interfaz de usuario de procesamiento digital<\/li>\n<li>Excelente acceso a todos los movimientos mec\u00e1nicos.<\/li>\n<li>Un acceso clave a todas las principales funciones de procesamiento<\/li>\n<li>Control remoto para accionar operaciones de memoria digital<\/li>\n<\/ul>\n<h3>Reducci\u00f3n de dosis<\/h3>\n<ul>\n<li>El dise\u00f1o del tubo reduce la radiaci\u00f3n apagado-focal<\/li>\n<li>Dos niveles de fluoro operan a 5 r\/mm y 10 r\/mm<\/li>\n<li>El modo de fluoro pulsado reduce a\u00fan m\u00e1s la dosis<\/li>\n<li>El modo manual para fluoro permite al usuario ajustar los par\u00e1metros kV y mA de forma independiente a un nivel m\u00ednimo para casos especiales (embarazo, pediatr\u00eda&#8230;)<\/li>\n<li>La colimaci\u00f3n reducir\u00e1 la radiaci\u00f3n innecesaria<\/li>\n<li>La opci\u00f3n de medici\u00f3n de dosis ayudar\u00e1 a mantener un seguimiento de la dosis de piel recibida.<\/li>\n<\/ul>\n<p>&nbsp;<\/p>\n","protected":false},"excerpt":{"rendered":"<p>Arco en C M\u00f3vil<\/p>\n","protected":false},"featured_media":13466,"template":"","meta":{"_acf_changed":false,"_relevanssi_hide_post":"","_relevanssi_hide_content":"","_relevanssi_pin_for_all":"","_relevanssi_pin_keywords":"","_relevanssi_unpin_keywords":"","_relevanssi_related_keywords":"","_relevanssi_related_include_ids":"","_relevanssi_related_exclude_ids":"","_relevanssi_related_no_append":"","_relevanssi_related_not_related":"","_relevanssi_related_posts":"","_relevanssi_noindex_reason":"","inline_featured_image":false},"pwb-brand":[1100],"product_brand":[],"product_cat":[66],"product_tag":[4523,224],"class_list":{"0":"post-3844","1":"product","2":"type-product","3":"status-publish","4":"has-post-thumbnail","6":"pwb-brand-equipo-medico-ge","7":"product_cat-arcos-en-c","8":"product_tag-arcos-en-c-ge","9":"product_tag-ge","11":"first","12":"instock","13":"purchasable","14":"product-type-simple"},"acf":[],"brands":[{"id":1100,"name":"GE","slug":"equipo-medico-ge"}],"_links":{"self":[{"href":"https:\/\/www.somatechnology.com\/spanish\/wp-json\/wp\/v2\/product\/3844","targetHints":{"allow":["GET"]}}],"collection":[{"href":"https:\/\/www.somatechnology.com\/spanish\/wp-json\/wp\/v2\/product"}],"about":[{"href":"https:\/\/www.somatechnology.com\/spanish\/wp-json\/wp\/v2\/types\/product"}],"wp:featuredmedia":[{"embeddable":true,"href":"https:\/\/www.somatechnology.com\/spanish\/wp-json\/wp\/v2\/media\/13466"}],"wp:attachment":[{"href":"https:\/\/www.somatechnology.com\/spanish\/wp-json\/wp\/v2\/media?parent=3844"}],"wp:term":[{"taxonomy":"pwb-brand","embeddable":true,"href":"https:\/\/www.somatechnology.com\/spanish\/wp-json\/wp\/v2\/pwb-brand?post=3844"},{"taxonomy":"product_brand","embeddable":true,"href":"https:\/\/www.somatechnology.com\/spanish\/wp-json\/wp\/v2\/product_brand?post=3844"},{"taxonomy":"product_cat","embeddable":true,"href":"https:\/\/www.somatechnology.com\/spanish\/wp-json\/wp\/v2\/product_cat?post=3844"},{"taxonomy":"product_tag","embeddable":true,"href":"https:\/\/www.somatechnology.com\/spanish\/wp-json\/wp\/v2\/product_tag?post=3844"}],"curies":[{"name":"wp","href":"https:\/\/api.w.org\/{rel}","templated":true}]}}