{"id":3939,"date":"2016-07-19T21:17:07","date_gmt":"2016-07-19T21:17:07","guid":{"rendered":"http:\/\/equipomedicocentral.com\/wordpress\/product\/circon-mv-9086\/"},"modified":"2023-08-23T06:03:55","modified_gmt":"2023-08-23T10:03:55","slug":"circon-mv-9086","status":"publish","type":"product","link":"https:\/\/www.somatechnology.com\/spanish\/equipo-medico-usado-remanufacturado\/sistema-de-video-endoscopia\/fuentes-de-luz\/circon-mv-9086\/","title":{"rendered":"Circon MV-9086"},"content":{"rendered":"<h2>Fuente de luz digital del Xen\u00f3n Circon MV-9086<\/h2>\n<p>La fuente de luz de Xen\u00f3n de 300 vatios con\u00a0 cuatro canales que acomoda los conectores de cable Olympus, Storz, Acmi\/CIRCON y Wolf. Las caracter\u00edsticas adicionales incluyen control de intensidad y l\u00e1mpara modular extra\u00edble. el bulbo del xen\u00f3n de 300-Watt tiene 188 horas en \u00e9l. se utiliza 120 VAC. Item. Completamente probado y funcional<\/p>\n<h2>Especificaciones del\u00a0Fuente de luz digital del Xen\u00f3n Circon MV-9086<\/h2>\n<ul>\n<li>Ajuste del nivel de iluminaci\u00f3n: continuo<\/li>\n<li>Modo: manual<\/li>\n<li>Energ\u00eda necesaria, VAC: 115\/230<\/li>\n<li>Hz: 50\/60<\/li>\n<li>Dimensiones: 14.5 x 25,4 x 30,5 (5.7 x 10 x 12)<\/li>\n<li>Tipo: multiusos<\/li>\n<li>Cables ligeros equivalentes: Acmi, Olympus, Storz, lobo<\/li>\n<li>Luz de alta intensidad: s\u00ed<\/li>\n<li>L\u00e1mpara usada: XENON \u2013 para m\u00e1s detalles por favor vea los comentarios.<\/li>\n<li>Vatios: 300<\/li>\n<li># de l\u00e1mparas: 1<\/li>\n<li>Temp del color, \u00c2 \u00b0 K: 6000<\/li>\n<li>Duraci\u00f3n de la l\u00e1mpara, HR: 500<\/li>\n<li>Otros atributos: puede ser utilizado con cualquier c\u00e1mara de v\u00eddeo; lectura de la intensidad de Digitaces; Torreta universal. Cumple con los requisitos de CSA, IEC y UL<\/li>\n<\/ul>\n","protected":false},"excerpt":{"rendered":"<p>fuente de luz ridgid<\/p>\n","protected":false},"featured_media":10327,"template":"","meta":{"_acf_changed":false,"_relevanssi_hide_post":"","_relevanssi_hide_content":"","_relevanssi_pin_for_all":"","_relevanssi_pin_keywords":"","_relevanssi_unpin_keywords":"","_relevanssi_related_keywords":"","_relevanssi_related_include_ids":"","_relevanssi_related_exclude_ids":"","_relevanssi_related_no_append":"","_relevanssi_related_not_related":"","_relevanssi_related_posts":"","_relevanssi_noindex_reason":"","inline_featured_image":false},"pwb-brand":[1121],"product_brand":[],"product_cat":[74,84],"product_tag":[2110,2108,2107,2106,2104,2103,2105,2109],"class_list":{"0":"post-3939","1":"product","2":"type-product","3":"status-publish","4":"has-post-thumbnail","6":"pwb-brand-fuentes-de-luz-circon","7":"product_cat-fuentes-de-luz","8":"product_cat-sistema-de-video-endoscopia","9":"product_tag-circon","10":"product_tag-circon-mv","11":"product_tag-circon-mv-9086","12":"product_tag-circon-mv-9086-300-watt","13":"product_tag-circon-mv-9086-300-watt-xenon-digital-light","14":"product_tag-circon-mv-9086-300-watt-xenon-digital-light-source","15":"product_tag-circon-mv-9086-300-watt-xenon-light","16":"product_tag-mv-9086-300-watt-xenon-digital-light-source","18":"first","19":"instock","20":"purchasable","21":"product-type-simple"},"acf":[],"brands":[{"id":1121,"name":"Circon","slug":"fuentes-de-luz-circon"}],"_links":{"self":[{"href":"https:\/\/www.somatechnology.com\/spanish\/wp-json\/wp\/v2\/product\/3939","targetHints":{"allow":["GET"]}}],"collection":[{"href":"https:\/\/www.somatechnology.com\/spanish\/wp-json\/wp\/v2\/product"}],"about":[{"href":"https:\/\/www.somatechnology.com\/spanish\/wp-json\/wp\/v2\/types\/product"}],"wp:featuredmedia":[{"embeddable":true,"href":"https:\/\/www.somatechnology.com\/spanish\/wp-json\/wp\/v2\/media\/10327"}],"wp:attachment":[{"href":"https:\/\/www.somatechnology.com\/spanish\/wp-json\/wp\/v2\/media?parent=3939"}],"wp:term":[{"taxonomy":"pwb-brand","embeddable":true,"href":"https:\/\/www.somatechnology.com\/spanish\/wp-json\/wp\/v2\/pwb-brand?post=3939"},{"taxonomy":"product_brand","embeddable":true,"href":"https:\/\/www.somatechnology.com\/spanish\/wp-json\/wp\/v2\/product_brand?post=3939"},{"taxonomy":"product_cat","embeddable":true,"href":"https:\/\/www.somatechnology.com\/spanish\/wp-json\/wp\/v2\/product_cat?post=3939"},{"taxonomy":"product_tag","embeddable":true,"href":"https:\/\/www.somatechnology.com\/spanish\/wp-json\/wp\/v2\/product_tag?post=3939"}],"curies":[{"name":"wp","href":"https:\/\/api.w.org\/{rel}","templated":true}]}}