{"id":4049,"date":"2016-07-19T21:19:39","date_gmt":"2016-07-19T21:19:39","guid":{"rendered":"http:\/\/equipomedicocentral.com\/wordpress\/product\/conmed-1000-ses\/"},"modified":"2023-08-23T06:06:40","modified_gmt":"2023-08-23T10:06:40","slug":"conmed-1000-ses","status":"publish","type":"product","link":"https:\/\/www.somatechnology.com\/spanish\/equipo-medico-usado-remanufacturado\/unidades-electroquirurgicas-electrobisturis\/conmed-1000-ses\/","title":{"rendered":"Conmed 1000 SES"},"content":{"rendered":"<h2>Caracter\u00edsticas del Conmed 1000 SES<\/h2>\n<p>El evacuador del humo de la defensa de AER es el nuevo sistema quir\u00fargico de la evacuaci\u00f3n del humo de Conmed previsto para quitar el humo, los aerosoles y los olores nocivos producidos durante procedimientos electroquir\u00fargicos. La defensa de AER ofrece cuatro modos de operaci\u00f3n diferentes que lo convierten en el evacuador de humos m\u00e1s vers\u00e1til del mercado y es 11% (7dBA) m\u00e1s silencioso que nuestro modelo anterior. El filtro del ULPA-grado es eficacia 99,9995% en el tama\u00f1o de part\u00edcula 0.1-micron con una vida de filtro de hasta 35 horas. La defensa de la AER junto con el l\u00e1piz de evacuaci\u00f3n del humo de Conmed GoldVac proporciona una combinaci\u00f3n excepcional para proteger a su personal y a pacientes contra los peligros del humo quir\u00fargico en cuarto de cirugia.<\/p>\n","protected":false},"excerpt":{"rendered":"<p>Electrobisturis<\/p>\n","protected":false},"featured_media":12032,"template":"","meta":{"_acf_changed":false,"_relevanssi_hide_post":"","_relevanssi_hide_content":"","_relevanssi_pin_for_all":"","_relevanssi_pin_keywords":"","_relevanssi_unpin_keywords":"","_relevanssi_related_keywords":"","_relevanssi_related_include_ids":"","_relevanssi_related_exclude_ids":"","_relevanssi_related_no_append":"","_relevanssi_related_not_related":"","_relevanssi_related_posts":"","_relevanssi_noindex_reason":"","inline_featured_image":false},"pwb-brand":[1168],"product_brand":[],"product_cat":[76],"product_tag":[1528,4905,4904,1553,1552,1550,1551,4906,1554,1896],"class_list":{"0":"post-4049","1":"product","2":"type-product","3":"status-publish","4":"has-post-thumbnail","6":"pwb-brand-electrobisturis-conmed","7":"product_cat-unidades-electroquirurgicas-electrobisturis","8":"product_tag-conmed","9":"product_tag-conmed-1000ses-electrobisturis","10":"product_tag-conmed-electrobisturis","11":"product_tag-conmed-system","12":"product_tag-conmed-system-1000","13":"product_tag-conmed-system-1000-ses","14":"product_tag-conmed-system-1000-ses-e-su","15":"product_tag-conmed-system-1000-ses-electrobisturis","16":"product_tag-conmed-system-esu","17":"product_tag-electrobisturis","19":"first","20":"instock","21":"purchasable","22":"product-type-simple"},"acf":[],"brands":[{"id":1168,"name":"Conmed","slug":"electrobisturis-conmed"}],"_links":{"self":[{"href":"https:\/\/www.somatechnology.com\/spanish\/wp-json\/wp\/v2\/product\/4049","targetHints":{"allow":["GET"]}}],"collection":[{"href":"https:\/\/www.somatechnology.com\/spanish\/wp-json\/wp\/v2\/product"}],"about":[{"href":"https:\/\/www.somatechnology.com\/spanish\/wp-json\/wp\/v2\/types\/product"}],"wp:featuredmedia":[{"embeddable":true,"href":"https:\/\/www.somatechnology.com\/spanish\/wp-json\/wp\/v2\/media\/12032"}],"wp:attachment":[{"href":"https:\/\/www.somatechnology.com\/spanish\/wp-json\/wp\/v2\/media?parent=4049"}],"wp:term":[{"taxonomy":"pwb-brand","embeddable":true,"href":"https:\/\/www.somatechnology.com\/spanish\/wp-json\/wp\/v2\/pwb-brand?post=4049"},{"taxonomy":"product_brand","embeddable":true,"href":"https:\/\/www.somatechnology.com\/spanish\/wp-json\/wp\/v2\/product_brand?post=4049"},{"taxonomy":"product_cat","embeddable":true,"href":"https:\/\/www.somatechnology.com\/spanish\/wp-json\/wp\/v2\/product_cat?post=4049"},{"taxonomy":"product_tag","embeddable":true,"href":"https:\/\/www.somatechnology.com\/spanish\/wp-json\/wp\/v2\/product_tag?post=4049"}],"curies":[{"name":"wp","href":"https:\/\/api.w.org\/{rel}","templated":true}]}}