{"id":4099,"date":"2016-07-19T21:20:45","date_gmt":"2016-07-19T21:20:45","guid":{"rendered":"http:\/\/equipomedicocentral.com\/wordpress\/product\/ge-corometrics-259\/"},"modified":"2023-08-23T06:07:03","modified_gmt":"2023-08-23T10:07:03","slug":"ge-corometrics-259","status":"publish","type":"product","link":"https:\/\/www.somatechnology.com\/spanish\/equipo-medico-usado-remanufacturado\/ucii-nicu-unidades-neonatales-cuidado-intensivo\/monitores-fetales\/ge-corometrics-259\/","title":{"rendered":"GE Corometrics 259"},"content":{"rendered":"<h2>GE Corometrics 259<\/h2>\n<p>El sistema de supervisi\u00f3n maternal\/fetal de la serie de <strong>GE Corometrics 250<\/strong> es un monitor fetal antepartum\/intraparto completo que incluye las caracter\u00edsticas innovadoras que le ayudan a entregar una experiencia de nacimiento de alta calidad y un cuidado paciente mejorado. Supervisa la actividad uterina y fetal incluyendo ritmo card\u00edaco fetal y ha realzado caracter\u00edsticas maternas de la supervisi\u00f3n incluyendo temperatura, la saturaci\u00f3n del ox\u00edgeno, el ECG y la presi\u00f3n arterial no invasor. GE Healthcare ofrece dos modelos dentro de la serie Corometrics 250: el 259, que es el sistema de monitoreo maternal\/fetal completamente equipado, y el 256, que es un sistema de monitor fetal.<\/p>\n<ul>\n<li>GE-Exclusive Smart BP * \u2013 retrasa la medici\u00f3n de la presi\u00f3n arterial durante las contracciones para reducir la distracci\u00f3n del paciente y proporcionar datos de diagn\u00f3stico m\u00e1s significativos<\/li>\n<li>Proporciona la luz que usted necesita ver claramente-ChartLight con las llaves puestas a contraluz y una exhibici\u00f3n Dimmable le ayuda a trabajar comfortablemente mientras que sus pacientes permanecen relajados en un ambiente de la bajo-luz<\/li>\n<li>Permite una recogida excepcional y un reposicionamiento m\u00ednimo \u2013 nuestros transductores estancos tienen una tecnolog\u00eda de ultrasonido de 9 cristales que permite una recogida m\u00e1s f\u00e1cil y menos reposicionamiento, incluso para los pacientes de dif\u00edcil monitorizaci\u00f3n. El dise\u00f1o de 9 cristales alcanza una regi\u00f3n focal m\u00e1s amplia para una cobertura m\u00e1s uniforme a mayores profundidades que los 7 cristales tradicionales<\/li>\n<li>Minimiza las interacciones del monitor \u2013 ya que una mayor\u00eda de las interacciones del monitor se pueden hacer usando nuestras teclas de un solo toque, usted pasar\u00e1 menos tiempo con el monitor y m\u00e1s tiempo con los pacientes<\/li>\n<\/ul>\n<h2>Especificaciones GE Corometrics 259<\/h2>\n<h3>Presi\u00f3n arterial materna<\/h3>\n<ul>\n<li>La tecnolog\u00eda de presi\u00f3n arterial no invasiva de DINAMAP superstat acelera las determinaciones hasta un 66% despu\u00e9s de la primera lectura para mejorar la comodidad del paciente y permitirle un acceso m\u00e1s r\u00e1pido a los datos del paciente..<\/li>\n<\/ul>\n<h3>Temperatura materna<\/h3>\n<ul>\n<li>El term\u00f3metro arterial temporal Exergen integrado le permite obtener temperatura materna utilizando tecnolog\u00eda infrarroja no invasiva. Las lecturas se imprimen autom\u00e1ticamente en la franja fetal.<\/li>\n<\/ul>\n<h3>Niveles de ox\u00edgeno maternal<\/h3>\n<ul>\n<li>El monitor ofrece la posibilidad de elegir el conjunto Masimo integrado o la oximetr\u00eda de pulso maternal Nellcor \u00ae, lo que facilita la monitorizaci\u00f3n, el documento e incluso la visualizaci\u00f3n de la forma de onda.<\/li>\n<\/ul>\n<h3>MECG<\/h3>\n<ul>\n<li>El ECG maternal de 3 plomos seleccionable permite que los cl\u00ednicos proporcionen la amplitud de onda de QRS de los cl\u00ednicos y los datos de diagn\u00f3stico significativos.<\/li>\n<\/ul>\n<h3>La tecnolog\u00eda adicional incluye<\/h3>\n<ul>\n<li>Compatibilidad de Centricity * perinatal (PCN), que agiliza la captura y archiving de datos de los pacientes y ayuda a acelerar el flujo de trabajo y asegurar la disponibilidad de los datos<\/li>\n<li>La interfaz de telemetr\u00eda permite la supervisi\u00f3n continua sin el cambio de transductores durante la deambulaci\u00f3n o el trabajo en agua<\/li>\n<\/ul>\n","protected":false},"excerpt":{"rendered":"<p>Monitor Fetal<\/p>\n","protected":false},"featured_media":28033,"template":"","meta":{"_acf_changed":false,"_relevanssi_hide_post":"","_relevanssi_hide_content":"","_relevanssi_pin_for_all":"","_relevanssi_pin_keywords":"","_relevanssi_unpin_keywords":"","_relevanssi_related_keywords":"","_relevanssi_related_include_ids":"","_relevanssi_related_exclude_ids":"","_relevanssi_related_no_append":"","_relevanssi_related_not_related":"","_relevanssi_related_posts":"","_relevanssi_noindex_reason":"","inline_featured_image":false},"pwb-brand":[1100],"product_brand":[],"product_cat":[3649,105],"product_tag":[3545,2824,3542,224,2815,2814,3531,3532,3533,3546],"class_list":{"0":"post-4099","1":"product","2":"type-product","3":"status-publish","4":"has-post-thumbnail","6":"pwb-brand-equipo-medico-ge","7":"product_cat-monitores-fetales","8":"product_cat-monitores-fetales-intrapartum","9":"product_tag-3545","10":"product_tag-corometrics-259","11":"product_tag-fetales","12":"product_tag-ge","13":"product_tag-ge-corometrics","14":"product_tag-ge-corometrics-259","15":"product_tag-monitores","16":"product_tag-monitores-fetales","17":"product_tag-monitores-fetales-intrapartum","18":"product_tag-monitores-intrapartum","20":"first","21":"instock","22":"purchasable","23":"product-type-simple"},"acf":[],"brands":[{"id":1100,"name":"GE","slug":"equipo-medico-ge"}],"_links":{"self":[{"href":"https:\/\/www.somatechnology.com\/spanish\/wp-json\/wp\/v2\/product\/4099","targetHints":{"allow":["GET"]}}],"collection":[{"href":"https:\/\/www.somatechnology.com\/spanish\/wp-json\/wp\/v2\/product"}],"about":[{"href":"https:\/\/www.somatechnology.com\/spanish\/wp-json\/wp\/v2\/types\/product"}],"wp:featuredmedia":[{"embeddable":true,"href":"https:\/\/www.somatechnology.com\/spanish\/wp-json\/wp\/v2\/media\/28033"}],"wp:attachment":[{"href":"https:\/\/www.somatechnology.com\/spanish\/wp-json\/wp\/v2\/media?parent=4099"}],"wp:term":[{"taxonomy":"pwb-brand","embeddable":true,"href":"https:\/\/www.somatechnology.com\/spanish\/wp-json\/wp\/v2\/pwb-brand?post=4099"},{"taxonomy":"product_brand","embeddable":true,"href":"https:\/\/www.somatechnology.com\/spanish\/wp-json\/wp\/v2\/product_brand?post=4099"},{"taxonomy":"product_cat","embeddable":true,"href":"https:\/\/www.somatechnology.com\/spanish\/wp-json\/wp\/v2\/product_cat?post=4099"},{"taxonomy":"product_tag","embeddable":true,"href":"https:\/\/www.somatechnology.com\/spanish\/wp-json\/wp\/v2\/product_tag?post=4099"}],"curies":[{"name":"wp","href":"https:\/\/api.w.org\/{rel}","templated":true}]}}