{"id":4174,"date":"2016-07-19T21:22:00","date_gmt":"2016-07-19T21:22:00","guid":{"rendered":"http:\/\/equipomedicocentral.com\/wordpress\/product\/stryker-flowcontrol-arthroscopy-pump\/"},"modified":"2023-08-23T06:07:40","modified_gmt":"2023-08-23T10:07:40","slug":"stryker-flowcontrol-arthroscopy-pump","status":"publish","type":"product","link":"https:\/\/www.somatechnology.com\/spanish\/equipo-medico-usado-remanufacturado\/razuradores-artroscopicos\/stryker-flowcontrol-arthroscopy-pump\/","title":{"rendered":"Stryker Flowcontrol Arthroscopy Pump"},"content":{"rendered":"<h2>Bomba de Artroscopia Stryker FlowControl<\/h2>\n<p>La bomba FloControl regula la aspiraci\u00f3n de entrada, salida y rasuradora a un caudal regulable. No requiere c\u00e1nulas especiales. Sin embargo, se sugieren las c\u00e1nulas artrosc\u00f3picas de entrada\/salida y \u00abalto flujo\u00bb de Stryker. Los conjuntos de tubos son f\u00e1ciles de configurar y manejar. Tambi\u00e9n se puede utilizar como bomba de entrada solamente. Esto es apropiado para los procedimientos que se pueden completar en menor tiempo, as\u00ed como cuando hay reducci\u00f3n de costos dentro de la sala de operaciones.<\/p>\n<p>La bomba FloControl cuenta con varios m\u00e9todos para maximizar la gesti\u00f3n del l\u00edquido en el or. Los \u00edconos de las juntas pueden ser programados para que la presi\u00f3n y el caudal puedan ser cambiados. Esto es importante para alcanzar el funcionamiento m\u00e1ximo durante peque\u00f1os empalmes, rodilla, y hombro, procedimientos. Adem\u00e1s, tiene un bot\u00f3n de lavado que limpia r\u00e1pidamente los desechos en la articulaci\u00f3n. El cirujano puede tambi\u00e9n aumentar la longitud del lavado as\u00ed como la presi\u00f3n dependiendo de la situaci\u00f3n. Su funci\u00f3n de conservaci\u00f3n de fluidos maximiza la eficiencia en la sala de operaciones.<\/p>\n<p>Tambi\u00e9n reduce los costos.<\/p>\n<p>&nbsp;<\/p>\n","protected":false},"excerpt":{"rendered":"<p>Bomba de irrigaci\u00f3n para artroscopia<\/p>\n","protected":false},"featured_media":9526,"template":"","meta":{"_acf_changed":false,"_relevanssi_hide_post":"","_relevanssi_hide_content":"","_relevanssi_pin_for_all":"","_relevanssi_pin_keywords":"","_relevanssi_unpin_keywords":"","_relevanssi_related_keywords":"","_relevanssi_related_include_ids":"","_relevanssi_related_exclude_ids":"","_relevanssi_related_no_append":"","_relevanssi_related_not_related":"","_relevanssi_related_posts":"","_relevanssi_noindex_reason":"","inline_featured_image":false},"pwb-brand":[1079],"product_brand":[],"product_cat":[100,84],"product_tag":[2479,2481,178,2483,2482,2484],"class_list":{"0":"post-4174","1":"product","2":"type-product","3":"status-publish","4":"has-post-thumbnail","6":"pwb-brand-equipo-medico-stryker","7":"product_cat-razuradores-artroscopicos","8":"product_cat-sistema-de-video-endoscopia","9":"product_tag-arthroscopy-pump","10":"product_tag-razuradores-artroscopicos","11":"product_tag-stryker","12":"product_tag-stryker-flowcontrol-arthroscopy","13":"product_tag-stryker-flowcontrol-arthroscopy-pump","14":"product_tag-stryker-flowcontrol-stryker-flowcontrol-arthroscopy-pump","16":"first","17":"instock","18":"purchasable","19":"product-type-simple"},"acf":[],"brands":[{"id":1079,"name":"Stryker","slug":"equipo-medico-stryker"}],"_links":{"self":[{"href":"https:\/\/www.somatechnology.com\/spanish\/wp-json\/wp\/v2\/product\/4174","targetHints":{"allow":["GET"]}}],"collection":[{"href":"https:\/\/www.somatechnology.com\/spanish\/wp-json\/wp\/v2\/product"}],"about":[{"href":"https:\/\/www.somatechnology.com\/spanish\/wp-json\/wp\/v2\/types\/product"}],"wp:featuredmedia":[{"embeddable":true,"href":"https:\/\/www.somatechnology.com\/spanish\/wp-json\/wp\/v2\/media\/9526"}],"wp:attachment":[{"href":"https:\/\/www.somatechnology.com\/spanish\/wp-json\/wp\/v2\/media?parent=4174"}],"wp:term":[{"taxonomy":"pwb-brand","embeddable":true,"href":"https:\/\/www.somatechnology.com\/spanish\/wp-json\/wp\/v2\/pwb-brand?post=4174"},{"taxonomy":"product_brand","embeddable":true,"href":"https:\/\/www.somatechnology.com\/spanish\/wp-json\/wp\/v2\/product_brand?post=4174"},{"taxonomy":"product_cat","embeddable":true,"href":"https:\/\/www.somatechnology.com\/spanish\/wp-json\/wp\/v2\/product_cat?post=4174"},{"taxonomy":"product_tag","embeddable":true,"href":"https:\/\/www.somatechnology.com\/spanish\/wp-json\/wp\/v2\/product_tag?post=4174"}],"curies":[{"name":"wp","href":"https:\/\/api.w.org\/{rel}","templated":true}]}}