{"id":4285,"date":"2016-07-19T21:23:44","date_gmt":"2016-07-19T21:23:44","guid":{"rendered":"http:\/\/equipomedicocentral.com\/wordpress\/product\/ge-oec-9000\/"},"modified":"2023-08-23T06:08:27","modified_gmt":"2023-08-23T10:08:27","slug":"ge-oec-9000","status":"publish","type":"product","link":"https:\/\/www.somatechnology.com\/spanish\/equipo-medico-usado-remanufacturado\/imagenologia-radiologia\/arcos-en-c\/ge-oec-9000\/","title":{"rendered":"GE OEC 9000"},"content":{"rendered":"<h2>Caracter\u00edsticas GE OEC 9000<\/h2>\n<p>El Arco en C original que lanz\u00f3 la leyenda de OEC, el <strong>GE OEC 9000<\/strong> sigue siendo un sistema m\u00f3vil de la proyecci\u00f3n de imagen de la radiograf\u00eda del uso m\u00faltiple que es bastante flexible para el uso en cirug\u00eda general, cirug\u00eda ortop\u00e9dica, trauma, y la gerencia del dolor.<\/p>\n<p>Ofreciendo procesamiento digital de im\u00e1genes, este dispositivo tiene una resoluci\u00f3n de v\u00eddeo de 512 x 512 x 8 p\u00edxeles. Es capaz de la reducci\u00f3n del ruido, de la correcci\u00f3n gamma, del promedio en tiempo real din\u00e1mico, y de la reducci\u00f3n del artefacto del movimiento. Puede realizar fluorography y fluoroscopia, con este \u00faltimo disponible en diferentes modos (continuo, un disparo, o 20 mA Boost). Muestra su salida v\u00eda 2 15 \u2033 monitores de alta resoluci\u00f3n, y las im\u00e1genes se pueden enviar a una impresora t\u00e9rmica o un dispositivo de captura de imagen.<\/p>\n<p>Las opciones son numerosos para esta unidad ya que m\u00faltiples paquetes especiales est\u00e1n disponibles para mejorarlo. El paquete quir\u00fargico ampliado mejora significativamente el procesamiento de im\u00e1genes y agrega la capacidad de almacenar tanto como 60 im\u00e1genes. Otras actualizaciones permiten al OEC 9000 realizar angiograf\u00edas de sustracci\u00f3n digital y mapeo de carreteras para cirug\u00eda vascular, radiolog\u00eda intervencionista, Neurolog\u00eda y Neurocirug\u00eda.<\/p>\n<p>El m\u00f3dulo colangiograf\u00eda permite la visualizaci\u00f3n del \u00e1rbol biliar, y el m\u00f3dulo neurovascular aumenta las capacidades de almacenamiento para permitir el ahorro de hasta 20 segundos de im\u00e1genes en tiempo real para su futura revisi\u00f3n.<\/p>\n<ul>\n<li>2,5 kHz de alta frecuencia, 6,0 kW de onda completa del generador<\/li>\n<li>Capacidad de fluoro pulsada<\/li>\n<li>Tubo de radiograf\u00eda del \u00e1nodo giratorio<\/li>\n<li>Angiograf\u00eda por sustracci\u00f3n digital<\/li>\n<li>Correcci\u00f3n gamma<\/li>\n<li>Promediaci\u00f3n din\u00e1mica en tiempo real<\/li>\n<li>Reducci\u00f3n de artefactos de movimiento<\/li>\n<li>Paquetes de expansi\u00f3n<\/li>\n<\/ul>\n<h2>Especificaciones GE OEC 9000<\/h2>\n<p>Dimensiones de la estaci\u00f3n<\/p>\n<ul>\n<li>Altura: 60 pulg (1524 mm)<\/li>\n<li>Anchura: 32 pulg (813 mm)<\/li>\n<li>Profundidad: 26 pulg (660 mm)<\/li>\n<li>Peso: 370 lbs<\/li>\n<\/ul>\n<h3>Dimensiones del Arco en C<\/h3>\n<ul>\n<li>Altura: 66 in.\/83 in. (1681\/2120 mm)<\/li>\n<li>Anchura: 34 pulg (864 mm)<\/li>\n<li>Longitud: 74,5 pulg (1892 mm)<\/li>\n<li>Peso: 740 lbs<\/li>\n<\/ul>\n<h3>C\u00e1mara de v\u00eddeo<\/h3>\n<ul>\n<li>Tubo de imagen vidic\u00f3n<\/li>\n<li>525 l\u00edneas\/marco<\/li>\n<li>360 \u02da rotaci\u00f3n motorizada<\/li>\n<li>Inversi\u00f3n de imagen izquierda-derecha<\/li>\n<li>Rev\u00e9s de la imagen de la tapa-parte inferior<\/li>\n<li>Modo negativo<\/li>\n<li>256 sombras de gris<\/li>\n<\/ul>\n<h3>Informacion del Generador<\/h3>\n<ul>\n<li>2,5 kHz de alta frecuencia<\/li>\n<li>6,0 kilovatios lleno-agitan<\/li>\n<li>Hasta 120 kVp<\/li>\n<li>Hasta 100 mA para exposiciones de pel\u00edculas radiogr\u00e1ficas<\/li>\n<li>Fluoro Boost MODE hasta 20 mA (opcional)<\/li>\n<li>Modo de fluoro pulsado<\/li>\n<li>Energ\u00eda completa del enchufe: \u2013 50 Hz o 60 Hz \u2013 100V-15A a 240V-8A<\/li>\n<\/ul>\n<h3>Tubo de Radiograf\u00eda<\/h3>\n<ul>\n<li>Tubo de radiograf\u00eda del \u00e1nodo giratorio<\/li>\n<li>Puntos focales: 0,3 mm y 0,1 mm<\/li>\n<li>Capacidad del calor del \u00e1nodo: 300.000 Hu<\/li>\n<li>Tarifa de enfriamiento del \u00e1nodo: 70.000 HU\/min<\/li>\n<li>Capacidad del calor de la cubierta: 1,2 millones HU<\/li>\n<\/ul>\n<h3>Colimador<\/h3>\n<ul>\n<li>1 hoja de control manual<\/li>\n<li>1 hoja del control autom\u00e1tico<\/li>\n<li>Tama\u00f1o de haz m\u00ednimo &lt; 5 X 5 cm2<\/li>\n<li>Las hojas son continuamente variables<\/li>\n<li>Controlado remotamente del panel de control del Arco en C<\/li>\n<\/ul>\n<p>&nbsp;<\/p>\n<h3>Modo de Fluoroscopia<\/h3>\n<ul>\n<li>Punto focal: 0,3 mil\u00edmetro<\/li>\n<li>gama de kVp: 40-120 kVp<\/li>\n<li>Rango MA: 0,2 \u2013 10 mA modo normal<\/li>\n<li>Rango MA: 0,2 \u2013 20 mA continuo fluoro Boost Mode<\/li>\n<li>Modos autom\u00e1ticos y manuales \u2022 operaci\u00f3n continua, de un solo disparo o pulsada<\/li>\n<li>ABS var\u00eda MA, kVp y ganancia de la c\u00e1mara<\/li>\n<li>Tablas de ABS espec\u00edficas para el usuario<\/li>\n<\/ul>\n<p>Intensificador de imagen del sistema de im\u00e1genes de v\u00eddeo<\/p>\n<h3>Intensificador de imagen 6 pulgadas<\/h3>\n<ul>\n<li>Monomodo 6 en intensificador de imagen<\/li>\n<li>6 pulg.: 1,6 LP\/mm<\/li>\n<li>DQE: 65% (t\u00edpico)<\/li>\n<\/ul>\n<h3>Intensificador de la imagen 9 pulgadas (opcional)<\/h3>\n<ul>\n<li>Modo dual 9 in\/6 en intensificador de imagen<\/li>\n<li>9 pulg.: 1,4 LP\/mm<\/li>\n<li>6 pulg.: 1,6 LP\/mm<\/li>\n<li>DQE: 65% (t\u00edpico)<\/li>\n<\/ul>\n<p>&nbsp;<\/p>\n","protected":false},"excerpt":{"rendered":"<p>Arcos en C<\/p>\n","protected":false},"featured_media":11503,"template":"","meta":{"_acf_changed":false,"_relevanssi_hide_post":"","_relevanssi_hide_content":"","_relevanssi_pin_for_all":"","_relevanssi_pin_keywords":"","_relevanssi_unpin_keywords":"","_relevanssi_related_keywords":"","_relevanssi_related_include_ids":"","_relevanssi_related_exclude_ids":"","_relevanssi_related_no_append":"","_relevanssi_related_not_related":"","_relevanssi_related_posts":"","_relevanssi_noindex_reason":"","inline_featured_image":false},"pwb-brand":[1100],"product_brand":[],"product_cat":[66],"product_tag":[4526,4008,4523,4524,650,4522,4525],"class_list":{"0":"post-4285","1":"product","2":"type-product","3":"status-publish","4":"has-post-thumbnail","6":"pwb-brand-equipo-medico-ge","7":"product_cat-arcos-en-c","8":"product_tag-9000-arcos-en-c","9":"product_tag-arcos-en-c","10":"product_tag-arcos-en-c-ge","11":"product_tag-ge-arcos-en-c","12":"product_tag-ge-oec","13":"product_tag-ge-oec-9000","14":"product_tag-ge-oec-arcos-en-c","16":"first","17":"instock","18":"purchasable","19":"product-type-simple"},"acf":[],"brands":[{"id":1100,"name":"GE","slug":"equipo-medico-ge"}],"_links":{"self":[{"href":"https:\/\/www.somatechnology.com\/spanish\/wp-json\/wp\/v2\/product\/4285","targetHints":{"allow":["GET"]}}],"collection":[{"href":"https:\/\/www.somatechnology.com\/spanish\/wp-json\/wp\/v2\/product"}],"about":[{"href":"https:\/\/www.somatechnology.com\/spanish\/wp-json\/wp\/v2\/types\/product"}],"wp:featuredmedia":[{"embeddable":true,"href":"https:\/\/www.somatechnology.com\/spanish\/wp-json\/wp\/v2\/media\/11503"}],"wp:attachment":[{"href":"https:\/\/www.somatechnology.com\/spanish\/wp-json\/wp\/v2\/media?parent=4285"}],"wp:term":[{"taxonomy":"pwb-brand","embeddable":true,"href":"https:\/\/www.somatechnology.com\/spanish\/wp-json\/wp\/v2\/pwb-brand?post=4285"},{"taxonomy":"product_brand","embeddable":true,"href":"https:\/\/www.somatechnology.com\/spanish\/wp-json\/wp\/v2\/product_brand?post=4285"},{"taxonomy":"product_cat","embeddable":true,"href":"https:\/\/www.somatechnology.com\/spanish\/wp-json\/wp\/v2\/product_cat?post=4285"},{"taxonomy":"product_tag","embeddable":true,"href":"https:\/\/www.somatechnology.com\/spanish\/wp-json\/wp\/v2\/product_tag?post=4285"}],"curies":[{"name":"wp","href":"https:\/\/api.w.org\/{rel}","templated":true}]}}