{"id":4298,"date":"2016-07-19T21:23:44","date_gmt":"2016-07-19T21:23:44","guid":{"rendered":"http:\/\/equipomedicocentral.com\/wordpress\/product\/steris-hausted-horizon\/"},"modified":"2025-09-23T13:18:47","modified_gmt":"2025-09-23T17:18:47","slug":"steris-hausted-horizon","status":"publish","type":"product","link":"https:\/\/www.somatechnology.com\/spanish\/equipo-medico-usado-remanufacturado\/camillas\/steris-hausted-horizon\/","title":{"rendered":"Steris Hausted Horizon"},"content":{"rendered":"<h2>Caracter\u00edsticas de la Camilla STERIS HAUSTED Horizon<\/h2>\n<p>El STERIS HAUSTED Horizon es una camilla multiuso dise\u00f1ada para una amplia gama de usos en cualquier departamento. La camilla es estable y durable bastante para el transporte paciente, mientras que el colch\u00f3n grueso permite la comodidad paciente superior. Ajuste la altura de la unidad y el posicionamiento en Trendelenburg con los controles de pie integrados e hidr\u00e1ulicos. El Fowler asistida neum\u00e1ticamente ajusta el respaldo de cero a 90 grados. Los pozos de accesorios duales en cada una de las cuatro esquinas permiten una configuraci\u00f3n de accesorios personalizable. La camilla STERIS HAUSTED Horizon est\u00e1 disponible con rieles de Aero deslizamiento o retractor. Los controles motorizados son una opci\u00f3n adicional.<\/p>\n<ul>\n<li>La cubierta de base thermoformed es incons\u00fatil y f\u00e1cil de limpiar.<\/li>\n<li>El dise\u00f1o bajo incluye el sostenedor incorporado del tanque de ox\u00edgeno y el \u00e1rea de almacenaje para las pertenencias del paciente.<\/li>\n<li>La construcci\u00f3n dual de la base del pedestal asegura estabilidad paciente.<\/li>\n<li>La superficie paciente ajustable ofrece el final polvo-revestido.<\/li>\n<li>Fowler asistido neum\u00e1ticamente ajusta el posicionamiento del respaldo de cero a 90 grados.<\/li>\n<li>Los controles hidr\u00e1ulicos del pie manejan el ajuste de altura, posici\u00f3n Trendelenburg.<\/li>\n<li>El sistema del tope de la esquina de la no-marca protege las paredes.<\/li>\n<li>Cuatro palancas de freno\/Direcci\u00f3n en cada esquina para maniobrar f\u00e1cilmente.<\/li>\n<li>Poste I.V. montado en la cabeza.<\/li>\n<li>Dos pozos de accesorios en cada esquina para m\u00faltiples configuraciones de accesorios.<\/li>\n<li>Escoja entre rieles de deslizamiento o rieles de retractor.<\/li>\n<li>Opcional: movimientos motorizados.<\/li>\n<\/ul>\n","protected":false},"excerpt":{"rendered":"<p>El STERIS HAUSTED Horizon es una camilla multiuso dise\u00f1ada para una amplia gama de usos en cualquier departamento. La camilla es estable y durable bastante para el transporte paciente, mientras que el colch\u00f3n grueso permite la comodidad paciente superior. Ajuste la altura de la unidad y el posicionamiento en Trendelenburg con los controles de pie integrados e hidr\u00e1ulicos.<\/p>\n","protected":false},"featured_media":12477,"template":"","meta":{"_acf_changed":false,"_relevanssi_hide_post":"","_relevanssi_hide_content":"","_relevanssi_pin_for_all":"","_relevanssi_pin_keywords":"","_relevanssi_unpin_keywords":"","_relevanssi_related_keywords":"","_relevanssi_related_include_ids":"","_relevanssi_related_exclude_ids":"","_relevanssi_related_no_append":"","_relevanssi_related_not_related":"","_relevanssi_related_posts":"","_relevanssi_noindex_reason":"","inline_featured_image":false},"pwb-brand":[1148],"product_brand":[],"product_cat":[58,4778],"product_tag":[5285,5301,543,5300,5302,5303,5304,5305],"class_list":{"0":"post-4298","1":"product","2":"type-product","3":"status-publish","4":"has-post-thumbnail","6":"pwb-brand-camillas-hausted","7":"product_cat-camillas","8":"product_cat-camillas-de-transporte","9":"product_tag-camillas-de-transporte","10":"product_tag-camillas-de-transporte-steris","11":"product_tag-steris","12":"product_tag-steris-camillas-de-transporte","13":"product_tag-steris-hausted","14":"product_tag-steris-hausted-camillas-de-transporte","15":"product_tag-steris-hausted-horizon","16":"product_tag-steris-hausted-horizon-camillas-de-transporte","18":"first","19":"instock","20":"purchasable","21":"product-type-simple"},"acf":[],"brands":[{"id":1148,"name":"Hausted","slug":"camillas-hausted"}],"_links":{"self":[{"href":"https:\/\/www.somatechnology.com\/spanish\/wp-json\/wp\/v2\/product\/4298","targetHints":{"allow":["GET"]}}],"collection":[{"href":"https:\/\/www.somatechnology.com\/spanish\/wp-json\/wp\/v2\/product"}],"about":[{"href":"https:\/\/www.somatechnology.com\/spanish\/wp-json\/wp\/v2\/types\/product"}],"wp:featuredmedia":[{"embeddable":true,"href":"https:\/\/www.somatechnology.com\/spanish\/wp-json\/wp\/v2\/media\/12477"}],"wp:attachment":[{"href":"https:\/\/www.somatechnology.com\/spanish\/wp-json\/wp\/v2\/media?parent=4298"}],"wp:term":[{"taxonomy":"pwb-brand","embeddable":true,"href":"https:\/\/www.somatechnology.com\/spanish\/wp-json\/wp\/v2\/pwb-brand?post=4298"},{"taxonomy":"product_brand","embeddable":true,"href":"https:\/\/www.somatechnology.com\/spanish\/wp-json\/wp\/v2\/product_brand?post=4298"},{"taxonomy":"product_cat","embeddable":true,"href":"https:\/\/www.somatechnology.com\/spanish\/wp-json\/wp\/v2\/product_cat?post=4298"},{"taxonomy":"product_tag","embeddable":true,"href":"https:\/\/www.somatechnology.com\/spanish\/wp-json\/wp\/v2\/product_tag?post=4298"}],"curies":[{"name":"wp","href":"https:\/\/api.w.org\/{rel}","templated":true}]}}